000
CDUS43 KMKX 020728
CLIMKE


CLIMATE REPORT
NATIONAL WEATHER SERVICE IN MILWAUKEE
127 AM CST MON MAR 2 2015


...................................

...THE MILWAUKEE WI CLIMATE SUMMARY FOR MARCH 1 2015...

CLIMATE NORMAL PERIOD 1981 TO 2010
CLIMATE RECORD PERIOD 1871 TO 2015


WEATHER ITEM   OBSERVED TIME   RECORD YEAR NORMAL DEPARTURE LAST
                VALUE   (LST)  VALUE       VALUE  FROM      YEAR
                                                  NORMAL
..................................................................
TEMPERATURE (F)
 YESTERDAY
  MAXIMUM         28    246 PM  64    1992  37     -9       23
  MINIMUM         12    257 AM -10    1962  23    -11        8
  AVERAGE         20                        30    -10       16

PRECIPITATION (IN)
  YESTERDAY        T             0.98 1976   0.06  -0.06     0.18
  MONTH TO DATE    T                         0.06  -0.06     0.18
  SINCE MAR 1      T                         0.06  -0.06     0.18
  SINCE JAN 1      1.72                      3.47  -1.75     2.92

SNOWFALL (IN)
  YESTERDAY        T             3.0  1889   0.3   -0.3      2.7
  MONTH TO DATE    T                         0.3   -0.3      2.7
  SINCE MAR 1      T                         0.3   -0.3      2.7
  SINCE JUL 1     38.1                      38.1    0.0     59.5
  SNOW DEPTH       8

DEGREE DAYS
 HEATING
  YESTERDAY       45                        35     10       49
  MONTH TO DATE   45                        35     10       49
  SINCE MAR 1     45                        35     10       49
  SINCE JUL 1   5377                      5015    362     5705

 COOLING
  YESTERDAY        0                         0      0        0
  MONTH TO DATE    0                         0      0        0
  SINCE MAR 1      0                         0      0        0
  SINCE JAN 1      0                         0      0        0
..................................................................


WIND (MPH)
  HIGHEST WIND SPEED    20   HIGHEST WIND DIRECTION     W (290)
  HIGHEST GUST SPEED    26   HIGHEST GUST DIRECTION     W (280)
  AVERAGE WIND SPEED     8.6


SKY COVER
  POSSIBLE SUNSHINE  MM
  AVERAGE SKY COVER 0.5


WEATHER CONDITIONS
 THE FOLLOWING WEATHER WAS RECORDED YESTERDAY.
  LIGHT SNOW
  FOG
  HAZE


RELATIVE HUMIDITY (PERCENT)
 HIGHEST    88           600 AM
 LOWEST     52          1100 PM
 AVERAGE    70

..........................................................


THE MILWAUKEE WI CLIMATE NORMALS FOR TODAY
                         NORMAL    RECORD    YEAR
 MAXIMUM TEMPERATURE (F)   37        62      1964
 MINIMUM TEMPERATURE (F)   24        -6      1913


SUNRISE AND SUNSET
MARCH  2 2015.........SUNRISE   626 AM CST   SUNSET   542 PM CST
MARCH  3 2015.........SUNRISE   625 AM CST   SUNSET   543 PM CST


-  INDICATES NEGATIVE NUMBERS.
R  INDICATES RECORD WAS SET OR TIED.
MM INDICATES DATA IS MISSING.
T  INDICATES TRACE AMOUNT.




$$
