000
CDUS43 KGRR 310602
CLIMKG


CLIMATE REPORT
NATIONAL WEATHER SERVICE GRAND RAPIDS, MI
202 AM EDT SUN JUL 31 2016


...................................

...THE MUSKEGON MI CLIMATE SUMMARY FOR JULY 30 2016...

CLIMATE NORMAL PERIOD 1981 TO 2010
CLIMATE RECORD PERIOD 1896 TO 2016


WEATHER ITEM   OBSERVED TIME   RECORD YEAR NORMAL DEPARTURE LAST
                VALUE   (LST)  VALUE       VALUE  FROM      YEAR
                                                  NORMAL
..................................................................
TEMPERATURE (F)
 YESTERDAY
  MAXIMUM         78    205 PM  99    1913  80     -2       84
  MINIMUM         63    650 AM  46    1956  62      1       70
  AVERAGE         71                        71      0       77

PRECIPITATION (IN)
  YESTERDAY        0.17          0.92 2000   0.09   0.08     0.00
  MONTH TO DATE    5.88                      2.28   3.60     5.05
  SINCE JUN 1      8.22                      4.83   3.39     8.35
  SINCE JAN 1     22.15                     17.10   5.05    20.78

SNOWFALL (IN)
  YESTERDAY        0.0          MM      MM   0.0    0.0      0.0
  MONTH TO DATE    0.0                       0.0    0.0      0.0
  SINCE JUN 1      0.0                       0.0    0.0      0.0
  SINCE JUL 1      0.0                       0.0    0.0      0.0
  SNOW DEPTH       0

DEGREE DAYS
 HEATING
  YESTERDAY        0                         0      0        0
  MONTH TO DATE    9                         4      5       15
  SINCE JUN 1     47                        70    -23       48
  SINCE JUL 1      9                         4      5       15

 COOLING
  YESTERDAY        6                         7     -1       12
  MONTH TO DATE  233                       201     32      168
  SINCE JUN 1    350                       306     44      231
  SINCE JAN 1    394                       335     59      270
..................................................................


WIND (MPH)
  RESULTANT WIND SPEED   7   RESULTANT WIND DIRECTION  NE (60)
  HIGHEST WIND SPEED    15   HIGHEST WIND DIRECTION     E (70)
  HIGHEST GUST SPEED    18   HIGHEST GUST DIRECTION     E (70)
  AVERAGE WIND SPEED     7.7


SKY COVER
  AVERAGE SKY COVER 0.9


WEATHER CONDITIONS
 THE FOLLOWING WEATHER WAS RECORDED YESTERDAY.
  THUNDERSTORM
  RAIN
  LIGHT RAIN


RELATIVE HUMIDITY (PERCENT)
 HIGHEST   100           400 AM
 LOWEST     63          1200 AM
 AVERAGE    82

..........................................................


THE MUSKEGON MI CLIMATE NORMALS FOR TODAY
                         NORMAL    RECORD    YEAR
 MAXIMUM TEMPERATURE (F)   80        93      1975
 MINIMUM TEMPERATURE (F)   62        42      1934


SUNRISE AND SUNSET
JULY 31 2016..........SUNRISE   635 AM EDT   SUNSET   907 PM EDT
AUGUST  1 2016........SUNRISE   636 AM EDT   SUNSET   906 PM EDT


-  INDICATES NEGATIVE NUMBERS.
R  INDICATES RECORD WAS SET OR TIED.
MM INDICATES DATA IS MISSING.
T  INDICATES TRACE AMOUNT.




$$
