000
CDUS43 KGRR 290516
CLIMKG


CLIMATE REPORT
NATIONAL WEATHER SERVICE GRAND RAPIDS, MI
116 AM EDT SAT APR 29 2017


...................................

...THE MUSKEGON MI CLIMATE SUMMARY FOR APRIL 28 2017...

CLIMATE NORMAL PERIOD 1981 TO 2010
CLIMATE RECORD PERIOD 1896 TO 2017


WEATHER ITEM   OBSERVED TIME   RECORD YEAR NORMAL DEPARTURE LAST
                VALUE   (LST)  VALUE       VALUE  FROM      YEAR
                                                  NORMAL
..................................................................
TEMPERATURE (F)
 YESTERDAY
  MAXIMUM         56    538 PM  80    1990  61     -5       51
  MINIMUM         40    615 AM  25    1947  42     -2       37
  AVERAGE         48                        51     -3       44

PRECIPITATION (IN)
  YESTERDAY        T             1.05 1959   0.10  -0.10     0.49
  MONTH TO DATE    3.33                      2.71   0.62     2.06
  SINCE MAR 1      5.94                      4.96   0.98     7.00
  SINCE JAN 1     11.64                      8.82   2.82    11.21

SNOWFALL (IN)
  YESTERDAY        0.0           2.5  1912   0.0    0.0      0.0
  MONTH TO DATE    0.0                       2.3   -2.3      2.4
  SINCE MAR 1      4.5                      11.3   -6.8      7.3
  SINCE JUL 1     49.0                      93.7  -44.7     61.8
  SNOW DEPTH       0

DEGREE DAYS
 HEATING
  YESTERDAY       17                        14      3       21
  MONTH TO DATE  387                       529   -142      532
  SINCE MAR 1   1291                      1459   -168     1307
  SINCE JUL 1   5156                      6191  -1035     5327

 COOLING
  YESTERDAY        0                         0      0        0
  MONTH TO DATE    5                         0      5        0
  SINCE MAR 1      5                         0      5        0
  SINCE JAN 1      5                         0      5        0
..................................................................


WIND (MPH)
  RESULTANT WIND SPEED   6   RESULTANT WIND DIRECTION   W (260)
  HIGHEST WIND SPEED    20   HIGHEST WIND DIRECTION     W (250)
  HIGHEST GUST SPEED    28   HIGHEST GUST DIRECTION     W (290)
  AVERAGE WIND SPEED     9.0


SKY COVER
  AVERAGE SKY COVER 0.8


WEATHER CONDITIONS
 THE FOLLOWING WEATHER WAS RECORDED YESTERDAY.
  NO SIGNIFICANT WEATHER WAS OBSERVED.


RELATIVE HUMIDITY (PERCENT)
 HIGHEST    82           200 AM
 LOWEST     54          1000 PM
 AVERAGE    68

..........................................................


THE MUSKEGON MI CLIMATE NORMALS FOR TODAY
                         NORMAL    RECORD    YEAR
 MAXIMUM TEMPERATURE (F)   61        86      1970
 MINIMUM TEMPERATURE (F)   42        26      1979


SUNRISE AND SUNSET
APRIL 29 2017.........SUNRISE   641 AM EDT   SUNSET   844 PM EDT
APRIL 30 2017.........SUNRISE   639 AM EDT   SUNSET   845 PM EDT


-  INDICATES NEGATIVE NUMBERS.
R  INDICATES RECORD WAS SET OR TIED.
MM INDICATES DATA IS MISSING.
T  INDICATES TRACE AMOUNT.




$$
