000
CDUS43 KGRR 271357
CLIMKG


CLIMATE REPORT
NATIONAL WEATHER SERVICE GRAND RAPIDS, MI
956 AM EDT TUE JUN 27 2017


...................................

...THE MUSKEGON MI CLIMATE SUMMARY FOR JUNE 27 2017...
VALID AS OF 0900 AM LOCAL TIME.

CLIMATE NORMAL PERIOD 1981 TO 2010
CLIMATE RECORD PERIOD 1896 TO 2017


WEATHER ITEM   OBSERVED TIME   RECORD YEAR NORMAL DEPARTURE LAST
                VALUE   (LST)  VALUE       VALUE  FROM      YEAR
                                                  NORMAL
..................................................................
TEMPERATURE (F)
 TODAY
  MAXIMUM         64    759 AM  92    1941  79    -15       80
  MINIMUM         46    337 AM  44    1992  60    -14       67
                                      1981
  AVERAGE         55                        69    -14       74

PRECIPITATION (IN)
  TODAY            0.00          5.08 1921   0.07  -0.07     0.00
  MONTH TO DATE    2.00                      2.31  -0.31     2.31
  SINCE JUN 1      2.00                      2.31  -0.31     2.31
  SINCE JAN 1     16.48                     14.58   1.90    16.24

SNOWFALL (IN)
  TODAY            0.0          MM      MM   0.0    0.0      0.0
  MONTH TO DATE    0.0                       0.0    0.0      0.0
  SINCE JUN 1      0.0                       0.0    0.0      0.0
  SINCE JUL 1     49.0                      93.7  -44.7     61.8
  SNOW DEPTH       0

DEGREE DAYS
 HEATING
  TODAY           10                         1      9        0
  MONTH TO DATE   36                        63    -27       33
  SINCE JUN 1     36                        63    -27       33
  SINCE JUL 1   5507                      6557  -1050     5652

 COOLING
  TODAY            0                         5     -5        9
  MONTH TO DATE  118                        89     29      116
  SINCE JUN 1    118                        89     29      116
  SINCE JAN 1    140                       118     22      160
..................................................................


WIND (MPH)
  RESULTANT WIND SPEED   3   RESULTANT WIND DIRECTION   W (270)
  HIGHEST WIND SPEED    14   HIGHEST WIND DIRECTION     W (270)
  HIGHEST GUST SPEED    18   HIGHEST GUST DIRECTION     W (250)
  AVERAGE WIND SPEED     3.5


SKY COVER
  AVERAGE SKY COVER 0.1


WEATHER CONDITIONS
 THE FOLLOWING WEATHER WAS RECORDED TODAY.
  NO SIGNIFICANT WEATHER WAS OBSERVED.


RELATIVE HUMIDITY (PERCENT)
 HIGHEST    93           200 AM
 LOWEST     67           800 AM
 AVERAGE    80

..........................................................


THE MUSKEGON MI CLIMATE NORMALS FOR TOMORROW
                         NORMAL    RECORD    YEAR
 MAXIMUM TEMPERATURE (F)   79        92      1933
 MINIMUM TEMPERATURE (F)   60        40      1992


SUNRISE AND SUNSET
JUNE 27 2017..........SUNRISE   607 AM EDT   SUNSET   929 PM EDT
JUNE 28 2017..........SUNRISE   608 AM EDT   SUNSET   929 PM EDT


-  INDICATES NEGATIVE NUMBERS.
R  INDICATES RECORD WAS SET OR TIED.
MM INDICATES DATA IS MISSING.
T  INDICATES TRACE AMOUNT.




$$

jam
