330
CDUS43 KGRR 210516
CLIMKG


CLIMATE REPORT
NATIONAL WEATHER SERVICE GRAND RAPIDS, MI
1216 AM EST TUE FEB 21 2017


...................................

...THE MUSKEGON MI CLIMATE SUMMARY FOR FEBRUARY 20 2017...

CLIMATE NORMAL PERIOD 1981 TO 2010
CLIMATE RECORD PERIOD 1896 TO 2017


WEATHER ITEM   OBSERVED TIME   RECORD YEAR NORMAL DEPARTURE LAST
                VALUE   (LST)  VALUE       VALUE  FROM      YEAR
                                                  NORMAL
..................................................................
TEMPERATURE (F)
 YESTERDAY
  MAXIMUM         62R   406 PM  56    1983  34     28       50
  MINIMUM         34    102 AM -13    1904  22     12       36
  AVERAGE         48                        28     20       43

PRECIPITATION (IN)
  YESTERDAY        0.00          1.13 2002   0.07  -0.07     0.00
  MONTH TO DATE    0.16                      1.25  -1.09     1.51
  SINCE DEC 1      5.41                      5.83  -0.42     8.87
  SINCE JAN 1      3.19                      3.28  -0.09     3.97

SNOWFALL (IN)
  YESTERDAY        0.0           8.6  2011   0.7   -0.7      0.0
  MONTH TO DATE    0.3                      14.8  -14.5      5.0
  SINCE DEC 1     38.1                      71.7  -33.6     47.1
  SINCE JUL 1     39.1                      77.9  -38.8     51.0
  SNOW DEPTH       0

DEGREE DAYS
 HEATING
  YESTERDAY       17                        37    -20       22
  MONTH TO DATE  641                       773   -132      745
  SINCE DEC 1   2779                      3078   -299     2685
  SINCE JUL 1   3684                      4445   -761     3752

 COOLING
  YESTERDAY        0                         0      0        0
  MONTH TO DATE    0                         0      0        0
  SINCE DEC 1      0                         0      0        0
  SINCE JAN 1      0                         0      0        0
..................................................................


WIND (MPH)
  RESULTANT WIND SPEED  10   RESULTANT WIND DIRECTION  SE (120)
  HIGHEST WIND SPEED    25   HIGHEST WIND DIRECTION    SE (130)
  HIGHEST GUST SPEED    31   HIGHEST GUST DIRECTION    SE (130)
  AVERAGE WIND SPEED    10.6


SKY COVER
  AVERAGE SKY COVER 0.7


WEATHER CONDITIONS
 THE FOLLOWING WEATHER WAS RECORDED YESTERDAY.
  NO SIGNIFICANT WEATHER WAS OBSERVED.


RELATIVE HUMIDITY (PERCENT)
 HIGHEST    82           100 AM
 LOWEST     39           400 PM
 AVERAGE    61

..........................................................


THE MUSKEGON MI CLIMATE NORMALS FOR TODAY
                         NORMAL    RECORD    YEAR
 MAXIMUM TEMPERATURE (F)   35        58      1930
 MINIMUM TEMPERATURE (F)   22       -10      1936


SUNRISE AND SUNSET
FEBRUARY 21 2017......SUNRISE   733 AM EST   SUNSET   624 PM EST
FEBRUARY 22 2017......SUNRISE   732 AM EST   SUNSET   625 PM EST


-  INDICATES NEGATIVE NUMBERS.
R  INDICATES RECORD WAS SET OR TIED.
MM INDICATES DATA IS MISSING.
T  INDICATES TRACE AMOUNT.




$$
