000
CDUS44 KMEG 230634
CLIMKL


CLIMATE REPORT
NATIONAL WEATHER SERVICE MEMPHIS TN
134 AM CDT SAT MAY 23 2015


...................................

...THE JACKSON CLIMATE SUMMARY FOR MAY 22 2015...

CLIMATE NORMAL PERIOD 1981 TO 2010
CLIMATE RECORD PERIOD 1948 TO 2015


WEATHER ITEM   OBSERVED TIME   RECORD YEAR NORMAL DEPARTURE LAST
                VALUE   (LST)  VALUE       VALUE  FROM      YEAR
                                                  NORMAL
..................................................................
TEMPERATURE (F)
 YESTERDAY
  MAXIMUM         75    245 PM  92    1987  81     -6       87
                                      1975
                                      1972
  MINIMUM         42R   332 AM  42    2002  59    -17       61
  AVERAGE         59                        70    -11       74

PRECIPITATION (IN)
  YESTERDAY        0.00          2.21 1957   0.17  -0.17     0.00
  MONTH TO DATE    2.86                      4.06  -1.20     3.17
  SINCE MAR 1     12.86                     13.67  -0.81    13.20
  SINCE JAN 1     18.75                     21.91  -3.16    21.36

SNOWFALL (IN)
  YESTERDAY        0.0          MM      MM   0.0    0.0      0.0
  MONTH TO DATE    0.0                       0.0    0.0      0.0
  SINCE MAR 1      4.4                       0.4    4.0      0.8
  SINCE JUL 1      5.9                       4.6    1.3      1.3
  SNOW DEPTH       0

DEGREE DAYS
 HEATING
  YESTERDAY        6                         1      5        0
  MONTH TO DATE   39                        41     -2       59
  SINCE MAR 1    664                       683    -19      851
  SINCE JUL 1   3837                      3567    270     4147

 COOLING
  YESTERDAY        0                         6     -6        9
  MONTH TO DATE  102                        94      8      118
  SINCE MAR 1    163                       152     11      155
  SINCE JAN 1    163                       153     10      155
..................................................................


WIND (MPH)
  HIGHEST WIND SPEED    10   HIGHEST WIND DIRECTION     E (80)
  HIGHEST GUST SPEED    14   HIGHEST GUST DIRECTION    SE (130)
  AVERAGE WIND SPEED     1.7


SKY COVER
  POSSIBLE SUNSHINE  MM
  AVERAGE SKY COVER 0.0


WEATHER CONDITIONS
 THE FOLLOWING WEATHER WAS RECORDED YESTERDAY.
  FOG


RELATIVE HUMIDITY (PERCENT)
 HIGHEST    93           600 AM
 LOWEST     35           200 PM
 AVERAGE    64

..........................................................


THE JACKSON CLIMATE NORMALS FOR TODAY
                         NORMAL    RECORD    YEAR
 MAXIMUM TEMPERATURE (F)   82        93      1996
 MINIMUM TEMPERATURE (F)   59        40      1963


SUNRISE AND SUNSET
MAY 23 2015...........SUNRISE   546 AM CDT   SUNSET   800 PM CDT
MAY 24 2015...........SUNRISE   545 AM CDT   SUNSET   800 PM CDT


-  INDICATES NEGATIVE NUMBERS.
R  INDICATES RECORD WAS SET OR TIED.
MM INDICATES DATA IS MISSING.
T  INDICATES TRACE AMOUNT.




$$
