000
CDUS44 KMEG 270638
CLIMKL


CLIMATE REPORT
NATIONAL WEATHER SERVICE MEMPHIS TN
138 AM CDT TUE SEP 27 2016


...................................

...THE JACKSON CLIMATE SUMMARY FOR SEPTEMBER 26 2016...

CLIMATE NORMAL PERIOD 1981 TO 2010
CLIMATE RECORD PERIOD 1948 TO 2016


WEATHER ITEM   OBSERVED TIME   RECORD YEAR NORMAL DEPARTURE LAST
                VALUE   (LST)  VALUE       VALUE  FROM      YEAR
                                                  NORMAL
..................................................................
TEMPERATURE (F)
 YESTERDAY
  MAXIMUM         73        MM  93    1958  80     -7       75
  MINIMUM         55        MM  36    2001  55      0       64
  AVERAGE         64                        67     -3       70

PRECIPITATION (IN)
  YESTERDAY        0.16          7.89 2002   0.13   0.03     0.02
  MONTH TO DATE    1.69                      2.84  -1.15     1.40
  SINCE SEP 1      1.69                      2.84  -1.15     1.40
  SINCE JAN 1     35.56                     38.71  -3.15    32.86

SNOWFALL (IN)
  YESTERDAY        0.0           0.0  2002   0.0    0.0      0.0
                                      2001
  MONTH TO DATE    0.0                       0.0    0.0      0.0
  SINCE SEP 1      0.0                       0.0    0.0      0.0
  SINCE JUL 1      0.0                       0.0    0.0      0.0
  SNOW DEPTH       0

DEGREE DAYS
 HEATING
  YESTERDAY        1                         2     -1        0
  MONTH TO DATE    1                        15    -14        9
  SINCE SEP 1      1                        15    -14        9
  SINCE JUL 1      1                        15    -14        9

 COOLING
  YESTERDAY        0                         5     -5        5
  MONTH TO DATE  318                       205    113      205
  SINCE SEP 1    318                       205    113      205
  SINCE JAN 1   1947                      1628    319     1767
..................................................................


WIND (MPH)
  HIGHEST WIND SPEED    17   HIGHEST WIND DIRECTION    NE (30)
  HIGHEST GUST SPEED    MM   HIGHEST GUST DIRECTION    MM
  AVERAGE WIND SPEED    10.7


SKY COVER
  POSSIBLE SUNSHINE  MM
  AVERAGE SKY COVER 0.5


WEATHER CONDITIONS
 THE FOLLOWING WEATHER WAS RECORDED YESTERDAY.
  LIGHT RAIN


RELATIVE HUMIDITY (PERCENT)
 HIGHEST    MM
 LOWEST     MM
 AVERAGE    MM

..........................................................


THE JACKSON CLIMATE NORMALS FOR TODAY
                         NORMAL    RECORD    YEAR
 MAXIMUM TEMPERATURE (F)   80        95      1954
 MINIMUM TEMPERATURE (F)   54        39      2000


SUNRISE AND SUNSET
SEPTEMBER 27 2016.....SUNRISE   648 AM CDT   SUNSET   644 PM CDT
SEPTEMBER 28 2016.....SUNRISE   649 AM CDT   SUNSET   643 PM CDT


-  INDICATES NEGATIVE NUMBERS.
R  INDICATES RECORD WAS SET OR TIED.
MM INDICATES DATA IS MISSING.
T  INDICATES TRACE AMOUNT.




$$
