000
CDUS44 KMEG 210632
CLIMKL


CLIMATE REPORT
NATIONAL WEATHER SERVICE MEMPHIS TN
132 AM CDT FRI JUL 21 2017


...................................

...THE JACKSON CLIMATE SUMMARY FOR JULY 20 2017...

CLIMATE NORMAL PERIOD 1981 TO 2010
CLIMATE RECORD PERIOD 1948 TO 2017


WEATHER ITEM   OBSERVED TIME   RECORD YEAR NORMAL DEPARTURE LAST
                VALUE   (LST)  VALUE       VALUE  FROM      YEAR
                                                  NORMAL
..................................................................
TEMPERATURE (F)
 YESTERDAY
  MAXIMUM         96    403 PM 102    1986  91      5       96
  MINIMUM         71    453 AM  56    2009  69      2       72
  AVERAGE         84                        80      4       84

PRECIPITATION (IN)
  YESTERDAY        0.00          4.10 1975   0.13  -0.13     0.00
  MONTH TO DATE    2.66                      2.94  -0.28     0.79
  SINCE JUN 1      4.70                      7.78  -3.08     3.09
  SINCE JAN 1     27.35                     31.32  -3.97    28.33

DEGREE DAYS
 HEATING
  YESTERDAY        0                         0      0        0
  MONTH TO DATE    0                         0      0        0
  SINCE JUN 1      0                         2     -2        0
  SINCE JUL 1      0                         0      0        0

 COOLING
  YESTERDAY       19                        15      4       19
  MONTH TO DATE  316                       293     23      333
  SINCE JUN 1    661                       632     29      756
  SINCE JAN 1    929                       847     82      940
..................................................................


WIND (MPH)
  HIGHEST WIND SPEED    12   HIGHEST WIND DIRECTION     W (280)
  HIGHEST GUST SPEED    15   HIGHEST GUST DIRECTION     W (290)
  AVERAGE WIND SPEED     3.1


SKY COVER
  POSSIBLE SUNSHINE  MM
  AVERAGE SKY COVER 0.1


WEATHER CONDITIONS
 THE FOLLOWING WEATHER WAS RECORDED YESTERDAY.
  FOG


RELATIVE HUMIDITY (PERCENT)
 HIGHEST   100          1200 AM
 LOWEST     46           100 PM
 AVERAGE    73

..........................................................


THE JACKSON CLIMATE NORMALS FOR TODAY
                         NORMAL    RECORD    YEAR
 MAXIMUM TEMPERATURE (F)   91       100      2006
                                             1983
 MINIMUM TEMPERATURE (F)   69        58      1971


SUNRISE AND SUNSET
JULY 21 2017..........SUNRISE   556 AM CDT   SUNSET   808 PM CDT
JULY 22 2017..........SUNRISE   557 AM CDT   SUNSET   807 PM CDT


-  INDICATES NEGATIVE NUMBERS.
R  INDICATES RECORD WAS SET OR TIED.
MM INDICATES DATA IS MISSING.
T  INDICATES TRACE AMOUNT.




$$
