000
CDUS44 KMEG 282157
CLIMKL


CLIMATE REPORT
NATIONAL WEATHER SERVICE MEMPHIS TN
455 PM CDT SAT MAY 28 2016


...................................

...THE JACKSON CLIMATE SUMMARY FOR MAY 28 2016...
VALID TODAY AS OF 0400 PM LOCAL TIME.

CLIMATE NORMAL PERIOD 1981 TO 2010
CLIMATE RECORD PERIOD 1948 TO 2016


WEATHER ITEM   OBSERVED TIME   RECORD YEAR NORMAL DEPARTURE LAST
                VALUE   (LST)  VALUE       VALUE  FROM      YEAR
                                                  NORMAL
..................................................................
TEMPERATURE (F)
 TODAY
  MAXIMUM         86   1255 PM  94    2012  83      3       80
                                      1962
  MINIMUM         66    441 AM  41    1961  61      5       59
  AVERAGE         76                        72      4       70

PRECIPITATION (IN)
  TODAY            T             1.87 1957   0.19  -0.19     0.00
  MONTH TO DATE    3.77                      5.14  -1.37     3.92
  SINCE MAR 1     19.62                     14.75   4.87    13.92
  SINCE JAN 1     25.24                     22.99   2.25    19.81

SNOWFALL (IN)
  TODAY            0.0

DEGREE DAYS
 HEATING
  TODAY            0                         0      0        0
  MONTH TO DATE   64                        46     18       39
  SINCE MAR 1    511                       688   -177      664
  SINCE JUL 1   2879                      3572   -693     3837

 COOLING
  TODAY           11                         7      4        5
  MONTH TO DATE  105                       134    -29      144
  SINCE MAR 1    149                       192    -43      205
  SINCE JAN 1    149                       193    -44      205
..................................................................


WIND (MPH)
  HIGHEST WIND SPEED    13   HIGHEST WIND DIRECTION     S (190)
  HIGHEST GUST SPEED    18   HIGHEST GUST DIRECTION     S (190)
  AVERAGE WIND SPEED     6.0


SKY COVER
  POSSIBLE SUNSHINE  MM
  AVERAGE SKY COVER 0.3


WEATHER CONDITIONS
 THE FOLLOWING WEATHER WAS RECORDED TODAY.
  NO SIGNIFICANT WEATHER WAS OBSERVED.


RELATIVE HUMIDITY (PERCENT)
 HIGHEST    87           400 AM
 LOWEST     55           200 PM
 AVERAGE    71

..........................................................


THE JACKSON CLIMATE NORMALS FOR TOMORROW
                         NORMAL    RECORD    YEAR
 MAXIMUM TEMPERATURE (F)   83        96      1953
 MINIMUM TEMPERATURE (F)   61        46      1984


SUNRISE AND SUNSET
MAY 28 2016...........SUNRISE   543 AM CDT   SUNSET   804 PM CDT
MAY 29 2016...........SUNRISE   542 AM CDT   SUNSET   804 PM CDT


-  INDICATES NEGATIVE NUMBERS.
R  INDICATES RECORD WAS SET OR TIED.
MM INDICATES DATA IS MISSING.
T  INDICATES TRACE AMOUNT.




$$
