000
CDUS44 KMEG 260632
CLIMKL


CLIMATE REPORT
NATIONAL WEATHER SERVICE MEMPHIS TN
132 AM CDT FRI MAY 26 2017


...................................

...THE JACKSON CLIMATE SUMMARY FOR MAY 25 2017...

CLIMATE NORMAL PERIOD 1981 TO 2010
CLIMATE RECORD PERIOD 1948 TO 2017


WEATHER ITEM   OBSERVED TIME   RECORD YEAR NORMAL DEPARTURE LAST
                VALUE   (LST)  VALUE       VALUE  FROM      YEAR
                                                  NORMAL
..................................................................
TEMPERATURE (F)
 YESTERDAY
  MAXIMUM         77    337 PM  93    1996  82     -5       85
                                      1978
                                      1964
  MINIMUM         51    426 AM  47    2013  60     -9       64
  AVERAGE         64                        71     -7       75

PRECIPITATION (IN)
  YESTERDAY        0.00          2.13 1963   0.17  -0.17     0.67
  MONTH TO DATE    1.92                      4.59  -2.67     3.31
  SINCE MAR 1     15.37                     14.20   1.17    19.16
  SINCE JAN 1     20.20                     22.44  -2.24    24.78

DEGREE DAYS
 HEATING
  YESTERDAY        1                         1      0        0
  MONTH TO DATE   42                        44     -2       64
  SINCE MAR 1    480                       686   -206      511
  SINCE JUL 1   2520                      3570  -1050     2879

 COOLING
  YESTERDAY        0                         7     -7       10
  MONTH TO DATE  108                       113     -5       71
  SINCE MAR 1    210                       171     39      115
  SINCE JAN 1    212                       172     40      115
..................................................................


WIND (MPH)
  HIGHEST WIND SPEED    18   HIGHEST WIND DIRECTION     W (260)
  HIGHEST GUST SPEED    26   HIGHEST GUST DIRECTION     W (260)
  AVERAGE WIND SPEED     8.2


SKY COVER
  POSSIBLE SUNSHINE  MM
  AVERAGE SKY COVER 0.1


WEATHER CONDITIONS
 THE FOLLOWING WEATHER WAS RECORDED YESTERDAY.
  NO SIGNIFICANT WEATHER WAS OBSERVED.


RELATIVE HUMIDITY (PERCENT)
 HIGHEST   100           400 AM
 LOWEST     41           300 PM
 AVERAGE    71

..........................................................


THE JACKSON CLIMATE NORMALS FOR TODAY
                         NORMAL    RECORD    YEAR
 MAXIMUM TEMPERATURE (F)   82        94      1978
 MINIMUM TEMPERATURE (F)   60        46      1988
                                             1979
                                             1961


SUNRISE AND SUNSET
MAY 26 2017...........SUNRISE   544 AM CDT   SUNSET   802 PM CDT
MAY 27 2017...........SUNRISE   543 AM CDT   SUNSET   803 PM CDT


-  INDICATES NEGATIVE NUMBERS.
R  INDICATES RECORD WAS SET OR TIED.
MM INDICATES DATA IS MISSING.
T  INDICATES TRACE AMOUNT.




$$
