000
CDUS44 KMEG 222148
CLIMKL


CLIMATE REPORT
NATIONAL WEATHER SERVICE MEMPHIS TN
447 PM CDT WED OCT 22 2014


...................................

...THE JACKSON CLIMATE SUMMARY FOR OCTOBER 22 2014...
VALID TODAY AS OF 0400 PM LOCAL TIME.

CLIMATE NORMAL PERIOD 1981 TO 2010
CLIMATE RECORD PERIOD 1948 TO 2014


WEATHER ITEM   OBSERVED TIME   RECORD YEAR NORMAL DEPARTURE LAST
                VALUE   (LST)  VALUE       VALUE  FROM      YEAR
                                                  NORMAL
..................................................................
TEMPERATURE (F)
 TODAY
  MAXIMUM         67    322 PM  90    1953  71     -4       65
  MINIMUM         41    624 AM  25    1952  46     -5       46
  AVERAGE         54                        59     -5       56

PRECIPITATION (IN)
  TODAY            0.00          2.42 2007   0.12  -0.12     0.01
  MONTH TO DATE    3.45                      2.65   0.80     2.06
  SINCE SEP 1      8.28                      6.03   2.25     4.92
  SINCE JAN 1     51.94                     41.90  10.04    50.01

SNOWFALL (IN)
  TODAY            0.0

DEGREE DAYS
 HEATING
  TODAY           11                         7      4        9
  MONTH TO DATE   90                       109    -19       98
  SINCE SEP 1    100                       135    -35      106
  SINCE JUL 1    100                       135    -35      106

 COOLING
  TODAY            0                         1     -1        0
  MONTH TO DATE   63                        40     23       68
  SINCE SEP 1    278                       260     18      305
  SINCE JAN 1   1595                      1683    -88     1589
..................................................................


WIND (MPH)
  HIGHEST WIND SPEED    15   HIGHEST WIND DIRECTION    NE (40)
  HIGHEST GUST SPEED    18   HIGHEST GUST DIRECTION     N (20)
  AVERAGE WIND SPEED     5.2


SKY COVER
  POSSIBLE SUNSHINE  MM
  AVERAGE SKY COVER 0.0


WEATHER CONDITIONS
 THE FOLLOWING WEATHER WAS RECORDED TODAY.
  FOG


RELATIVE HUMIDITY (PERCENT)
 HIGHEST    96           500 AM
 LOWEST     40           200 PM
 AVERAGE    68

..........................................................


THE JACKSON CLIMATE NORMALS FOR TOMORROW
                         NORMAL    RECORD    YEAR
 MAXIMUM TEMPERATURE (F)   71        85      2000
                                             1963
                                             1953
 MINIMUM TEMPERATURE (F)   46        28      1952


SUNRISE AND SUNSET
OCTOBER 22 2014.......SUNRISE   708 AM CDT   SUNSET   611 PM CDT
OCTOBER 23 2014.......SUNRISE   709 AM CDT   SUNSET   610 PM CDT


-  INDICATES NEGATIVE NUMBERS.
R  INDICATES RECORD WAS SET OR TIED.
MM INDICATES DATA IS MISSING.
T  INDICATES TRACE AMOUNT.




$$
