000
CDUS44 KMEG 200638
CLIMKL


CLIMATE REPORT
NATIONAL WEATHER SERVICE MEMPHIS TN
1238 AM CST MON NOV 20 2017


...................................

...THE JACKSON CLIMATE SUMMARY FOR NOVEMBER 19 2017...

CLIMATE NORMAL PERIOD 1981 TO 2010
CLIMATE RECORD PERIOD 1948 TO 2017


WEATHER ITEM   OBSERVED TIME   RECORD YEAR NORMAL DEPARTURE LAST
                VALUE   (LST)  VALUE       VALUE  FROM      YEAR
                                                  NORMAL
..................................................................
TEMPERATURE (F)
 YESTERDAY
  MAXIMUM         48    248 PM  78    1985  60    -12       54
  MINIMUM         27   1159 PM  19    1951  38    -11       30
  AVERAGE         38                        49    -11       42

PRECIPITATION (IN)
  YESTERDAY        0.00          3.96 1988   0.18  -0.18     0.00
  MONTH TO DATE    2.59                      2.90  -0.31     0.87
  SINCE SEP 1      7.72                     10.05  -2.33     3.73
  SINCE JAN 1     42.75                     45.92  -3.17    37.60

DEGREE DAYS
 HEATING
  YESTERDAY       27                        16     11       23
  MONTH TO DATE  206                       248    -42      150
  SINCE SEP 1    397                       462    -65      199
  SINCE JUL 1    397                       462    -65      199

 COOLING
  YESTERDAY        0                         0      0        0
  MONTH TO DATE   21                         2     19       18
  SINCE SEP 1    332                       270     62      463
  SINCE JAN 1   1812                      1693    119     2092
..................................................................


WIND (MPH)
  HIGHEST WIND SPEED    16   HIGHEST WIND DIRECTION     N (360)
  HIGHEST GUST SPEED    21   HIGHEST GUST DIRECTION     N (350)
  AVERAGE WIND SPEED     6.6


SKY COVER
  POSSIBLE SUNSHINE  MM
  AVERAGE SKY COVER 0.0


WEATHER CONDITIONS
 THE FOLLOWING WEATHER WAS RECORDED YESTERDAY.
  NO SIGNIFICANT WEATHER WAS OBSERVED.


RELATIVE HUMIDITY (PERCENT)
 HIGHEST    92           900 PM
 LOWEST     45           100 PM
 AVERAGE    69

..........................................................


THE JACKSON CLIMATE NORMALS FOR TODAY
                         NORMAL    RECORD    YEAR
 MAXIMUM TEMPERATURE (F)   59        77      1979
 MINIMUM TEMPERATURE (F)   37        20      1968


SUNRISE AND SUNSET
NOVEMBER 20 2017......SUNRISE   637 AM CST   SUNSET   446 PM CST
NOVEMBER 21 2017......SUNRISE   637 AM CST   SUNSET   445 PM CST


-  INDICATES NEGATIVE NUMBERS.
R  INDICATES RECORD WAS SET OR TIED.
MM INDICATES DATA IS MISSING.
T  INDICATES TRACE AMOUNT.




$$
