000
CDUS42 KMLB 170635
CLIMLB


CLIMATE REPORT
NATIONAL WEATHER SERVICE MELBOURNE FL
235 AM EDT TUE OCT 17 2017


...................................

...THE MELBOURNE CLIMATE SUMMARY FOR OCTOBER 16 2017...

CLIMATE NORMAL PERIOD 1981 TO 2010
CLIMATE RECORD PERIOD 1939 TO 2017


WEATHER ITEM   OBSERVED TIME   RECORD YEAR NORMAL DEPARTURE LAST
                VALUE   (LST)  VALUE       VALUE  FROM      YEAR
                                                  NORMAL
..................................................................
TEMPERATURE (F)
 YESTERDAY
  MAXIMUM         88   1215 PM  90    1959  84      4       84
  MINIMUM         75    455 AM  50    1964  68      7       71
  AVERAGE         82                        76      6       78

PRECIPITATION (IN)
  YESTERDAY        T             3.75 1956   0.16  -0.16     0.77
  MONTH TO DATE    8.56                      3.01   5.55     6.26
  SINCE SEP 1     29.50                     10.65  18.85    20.43
  SINCE JAN 1     57.19                     44.50  12.69    58.99

SNOWFALL (IN)
  YESTERDAY        0.0
  MONTH TO DATE    0.0
  SINCE JUL 1      0.0

DEGREE DAYS
 HEATING
  YESTERDAY        0                         0      0        0
  MONTH TO DATE    0                         0      0        0
  SINCE SEP 1      0                         0      0        0
  SINCE JUL 1      0                         0      0        0

 COOLING
  YESTERDAY       17                        11      6       13
  MONTH TO DATE  277                       203     74      234
  SINCE SEP 1    806                       669    137      745
  SINCE JAN 1   3694                      2895    799     3393
..................................................................


WIND (MPH)
  HIGHEST WIND SPEED    13   HIGHEST WIND DIRECTION     E (70)
  HIGHEST GUST SPEED    15   HIGHEST GUST DIRECTION     E (70)
  AVERAGE WIND SPEED     4.6


SKY COVER
  AVERAGE SKY COVER 0.3


WEATHER CONDITIONS
 THE FOLLOWING WEATHER WAS RECORDED YESTERDAY.
  LIGHT RAIN


RELATIVE HUMIDITY (PERCENT)
 HIGHEST    94           500 AM
 LOWEST     63           100 PM
 AVERAGE    79

..........................................................


THE MELBOURNE CLIMATE NORMALS FOR TODAY
                         NORMAL    RECORD    YEAR
 MAXIMUM TEMPERATURE (F)   84        90      1975
                                             1972
 MINIMUM TEMPERATURE (F)   68        41      1977


SUNRISE AND SUNSET
OCTOBER 17 2017.......SUNRISE   724 AM EDT   SUNSET   651 PM EDT
OCTOBER 18 2017.......SUNRISE   725 AM EDT   SUNSET   650 PM EDT


-  INDICATES NEGATIVE NUMBERS.
R  INDICATES RECORD WAS SET OR TIED.
MM INDICATES DATA IS MISSING.
T  INDICATES TRACE AMOUNT.




$$
