000
CDUS42 KMLB 280644
CLIMLB


CLIMATE REPORT
NATIONAL WEATHER SERVICE MELBOURNE FL
233 AM EDT THU JUL 28 2016


...................................

...THE MELBOURNE CLIMATE SUMMARY FOR JULY 27 2016...

CLIMATE NORMAL PERIOD 1981 TO 2010
CLIMATE RECORD PERIOD 1939 TO 2016


WEATHER ITEM   OBSERVED TIME   RECORD YEAR NORMAL DEPARTURE LAST
                VALUE   (LST)  VALUE       VALUE  FROM      YEAR
                                                  NORMAL
..................................................................
TEMPERATURE (F)
 YESTERDAY
  MAXIMUM         92    158 PM  99    1982  91      1       91
  MINIMUM         75    621 AM  67    1983  73      2       75
  AVERAGE         84                        82      2       83

PRECIPITATION (IN)
  YESTERDAY        0.00          1.35 1991   0.20  -0.20     0.08
  MONTH TO DATE    1.09                      5.12  -4.03     9.95
  SINCE JUN 1     10.00                     11.83  -1.83    16.20
  SINCE JAN 1     31.97                     25.33   6.64    29.05

SNOWFALL (IN)
  YESTERDAY        0.0
  MONTH TO DATE    0.0
  SINCE JUL 1      0.0

DEGREE DAYS
 HEATING
  YESTERDAY        0                         0      0        0
  MONTH TO DATE    0                         0      0        0
  SINCE JUN 1      0                         0      0        0
  SINCE JUL 1      0                         0      0        0

 COOLING
  YESTERDAY       19                        17      2       18
  MONTH TO DATE  531                       448     83      447
  SINCE JUN 1   1041                       910    131      937
  SINCE JAN 1   1974                      1636    338     2049
..................................................................


WIND (MPH)
  HIGHEST WIND SPEED    17   HIGHEST WIND DIRECTION     E (110)
  HIGHEST GUST SPEED    22   HIGHEST GUST DIRECTION     E (110)
  AVERAGE WIND SPEED     8.0


SKY COVER
  AVERAGE SKY COVER 0.1


WEATHER CONDITIONS
 THE FOLLOWING WEATHER WAS RECORDED YESTERDAY.
  FOG


RELATIVE HUMIDITY (PERCENT)
 HIGHEST    97           700 AM
 LOWEST     52          1000 AM
 AVERAGE    75

..........................................................


THE MELBOURNE CLIMATE NORMALS FOR TODAY
                         NORMAL    RECORD    YEAR
 MAXIMUM TEMPERATURE (F)   91        98      1999
 MINIMUM TEMPERATURE (F)   73        67      1938


SUNRISE AND SUNSET
JULY 28 2016..........SUNRISE   643 AM EDT   SUNSET   815 PM EDT
JULY 29 2016..........SUNRISE   644 AM EDT   SUNSET   814 PM EDT


-  INDICATES NEGATIVE NUMBERS.
R  INDICATES RECORD WAS SET OR TIED.
MM INDICATES DATA IS MISSING.
T  INDICATES TRACE AMOUNT.




$$
