000
CDUS42 KMLB 222017
CLIMLB


CLIMATE REPORT
NATIONAL WEATHER SERVICE MELBOURNE FL
416 PM EDT TUE AUG 22 2017


...................................

...THE MELBOURNE CLIMATE SUMMARY FOR AUGUST 22 2017...
VALID TODAY AS OF 0400 PM LOCAL TIME.

CLIMATE NORMAL PERIOD 1981 TO 2010
CLIMATE RECORD PERIOD 1939 TO 2017


WEATHER ITEM   OBSERVED TIME   RECORD YEAR NORMAL DEPARTURE LAST
                VALUE   (LST)  VALUE       VALUE  FROM      YEAR
                                                  NORMAL
..................................................................
TEMPERATURE (F)
 TODAY
  MAXIMUM         92    156 PM  96    1993  90      2       93
                                      1982
  MINIMUM         82    620 AM  67    1973  73      9       75
  AVERAGE         87                        82      5       84

PRECIPITATION (IN)
  TODAY            0.00          1.74 1972   0.25  -0.25     0.00
  MONTH TO DATE    3.52                      5.44  -1.92     2.89
  SINCE JUN 1     17.56                     18.11  -0.55    12.89
  SINCE JAN 1     25.90                     31.61  -5.71    34.86

SNOWFALL (IN)
  TODAY            0.0
  MONTH TO DATE    0.0
  SINCE JUL 1      0.0

DEGREE DAYS
 HEATING
  TODAY            0                         0      0        0
  MONTH TO DATE    0                         0      0        0
  SINCE JUN 1      0                         0      0        0
  SINCE JUL 1      0                         0      0        0

 COOLING
  TODAY           22                        17      5       19
  MONTH TO DATE  440                       374     66      423
  SINCE JUN 1   1566                      1352    214     1544
  SINCE JAN 1   2713                      2078    635     2477
..................................................................


WIND (MPH)
  HIGHEST WIND SPEED    17   HIGHEST WIND DIRECTION    NE (40)
  HIGHEST GUST SPEED    21   HIGHEST GUST DIRECTION    NE (50)
  AVERAGE WIND SPEED    10.6


SKY COVER
  AVERAGE SKY COVER 0.2


WEATHER CONDITIONS
 THE FOLLOWING WEATHER WAS RECORDED TODAY.
  NO SIGNIFICANT WEATHER WAS OBSERVED.


RELATIVE HUMIDITY (PERCENT)
 HIGHEST    79           100 AM
 LOWEST     64          1100 AM
 AVERAGE    72

..........................................................


THE MELBOURNE CLIMATE NORMALS FOR TOMORROW
                         NORMAL    RECORD    YEAR
 MAXIMUM TEMPERATURE (F)   90        95      1960
                                             1952
 MINIMUM TEMPERATURE (F)   73        67      1973


SUNRISE AND SUNSET
AUGUST 22 2017........SUNRISE   656 AM EDT   SUNSET   754 PM EDT
AUGUST 23 2017........SUNRISE   657 AM EDT   SUNSET   753 PM EDT


-  INDICATES NEGATIVE NUMBERS.
R  INDICATES RECORD WAS SET OR TIED.
MM INDICATES DATA IS MISSING.
T  INDICATES TRACE AMOUNT.




$$
