000
CDUS42 KMLB 120631
CLIMLB


CLIMATE REPORT
NATIONAL WEATHER SERVICE MELBOURNE FL
131 AM EST TUE DEC 12 2017


...................................

...THE MELBOURNE CLIMATE SUMMARY FOR DECEMBER 11 2017...

CLIMATE NORMAL PERIOD 1981 TO 2010
CLIMATE RECORD PERIOD 1939 TO 2017


WEATHER ITEM   OBSERVED TIME   RECORD YEAR NORMAL DEPARTURE LAST
                VALUE   (LST)  VALUE       VALUE  FROM      YEAR
                                                  NORMAL
..................................................................
TEMPERATURE (F)
 YESTERDAY
  MAXIMUM         65    400 PM  86    1967  74     -9       76
  MINIMUM         39    717 AM  31    1962  54    -15       68
  AVERAGE         52                        64    -12       72

PRECIPITATION (IN)
  YESTERDAY        0.00          1.16 1998   0.08  -0.08     0.05
                                      1967
  MONTH TO DATE    1.07                      0.93   0.14     0.21
  SINCE DEC 1      1.07                      0.93   0.14     0.21
  SINCE JAN 1     65.73                     50.36  15.37    59.53

SNOWFALL (IN)
  YESTERDAY        0.0
  MONTH TO DATE    0.0
  SINCE JUL 1      0.0

DEGREE DAYS
 HEATING
  YESTERDAY       13                         4      9        0
  MONTH TO DATE   31                        36     -5        7
  SINCE DEC 1     31                        36     -5        7
  SINCE JUL 1     44                        78    -34       26

 COOLING
  YESTERDAY        0                         3     -3        7
  MONTH TO DATE   63                        33     30       58
  SINCE DEC 1     63                        33     30       58
  SINCE JAN 1   4149                      3228    921     3786
..................................................................


WIND (MPH)
  HIGHEST WIND SPEED    13   HIGHEST WIND DIRECTION    NW (320)
  HIGHEST GUST SPEED    15   HIGHEST GUST DIRECTION    NW (320)
  AVERAGE WIND SPEED     4.0


SKY COVER
  AVERAGE SKY COVER 0.0


WEATHER CONDITIONS
 THE FOLLOWING WEATHER WAS RECORDED YESTERDAY.
  NO SIGNIFICANT WEATHER WAS OBSERVED.


RELATIVE HUMIDITY (PERCENT)
 HIGHEST    92           400 AM
 LOWEST     25           200 PM
 AVERAGE    59

..........................................................


THE MELBOURNE CLIMATE NORMALS FOR TODAY
                         NORMAL    RECORD    YEAR
 MAXIMUM TEMPERATURE (F)   74        86      1961
 MINIMUM TEMPERATURE (F)   54        26      1957


SUNRISE AND SUNSET
DECEMBER 12 2017......SUNRISE   705 AM EST   SUNSET   528 PM EST
DECEMBER 13 2017......SUNRISE   705 AM EST   SUNSET   528 PM EST


-  INDICATES NEGATIVE NUMBERS.
R  INDICATES RECORD WAS SET OR TIED.
MM INDICATES DATA IS MISSING.
T  INDICATES TRACE AMOUNT.




$$
