000
CDUS42 KMLB 292031
CLIMLB


CLIMATE REPORT
NATIONAL WEATHER SERVICE MELBOURNE FL
430 PM EDT TUE JUL 29 2014


...................................

...THE MELBOURNE CLIMATE SUMMARY FOR JULY 29 2014...
VALID TODAY AS OF 400 PM LOCAL TIME.

CLIMATE NORMAL PERIOD 1981 TO 2010
CLIMATE RECORD PERIOD 1939 TO 2014


WEATHER ITEM   OBSERVED TIME   RECORD YEAR NORMAL DEPARTURE LAST
                VALUE   (LST)  VALUE       VALUE  FROM      YEAR
                                                  NORMAL
..................................................................
TEMPERATURE (F)
 TODAY
  MAXIMUM         92   1138 AM  98    1999  91      1       87
  MINIMUM         77    259 PM  68    1975  73      4       75
                                      1969
                                      1965
  AVERAGE         85                        82      3       81

PRECIPITATION (IN)
  TODAY            0.08          1.50 1943   0.21  -0.13      T
  MONTH TO DATE   11.18                      5.54   5.64     6.91
  SINCE JUN 1     17.24                     12.25   4.99    13.65
  SINCE JAN 1     33.46                     25.75   7.71    28.98

SNOWFALL (IN)
  TODAY            0.0
  MONTH TO DATE    0.0
  SINCE JUL 1      0.0

DEGREE DAYS
 HEATING
  TODAY            0                         0      0        0
  MONTH TO DATE    0                         0      0        0
  SINCE JUN 1      0                         0      0        0
  SINCE JUL 1      0                         0      0        0

 COOLING
  TODAY           20                        17      3       16
  MONTH TO DATE  511                       482     29      496
  SINCE JUN 1    972                       944     28      994
  SINCE JAN 1   1865                      1670    195     1855
..................................................................


WIND (MPH)
  HIGHEST WIND SPEED    16   HIGHEST WIND DIRECTION    SW (230)
  HIGHEST GUST SPEED    22   HIGHEST GUST DIRECTION     W (250)
  AVERAGE WIND SPEED    10.3


SKY COVER
  AVERAGE SKY COVER 0.3


WEATHER CONDITIONS
 THE FOLLOWING WEATHER WAS RECORDED TODAY.
  THUNDERSTORM
  LIGHT RAIN
  FOG


RELATIVE HUMIDITY (PERCENT)
 HIGHEST    91           400 AM
 LOWEST     59          1200 PM
 AVERAGE    75

..........................................................


THE MELBOURNE CLIMATE NORMALS FOR TOMORROW
                         NORMAL    RECORD    YEAR
 MAXIMUM TEMPERATURE (F)   91       100      2010
 MINIMUM TEMPERATURE (F)   73        68      1974


SUNRISE AND SUNSET
JULY 29 2014..........SUNRISE   643 AM EDT   SUNSET   814 PM EDT
JULY 30 2014..........SUNRISE   644 AM EDT   SUNSET   814 PM EDT


-  INDICATES NEGATIVE NUMBERS.
R  INDICATES RECORD WAS SET OR TIED.
MM INDICATES DATA IS MISSING.
T  INDICATES TRACE AMOUNT.




$$
