000
CDUS42 KMLB 292016
CLIMLB


CLIMATE REPORT
NATIONAL WEATHER SERVICE MELBOURNE FL
415 PM EDT SUN MAR 29 2015


...................................

...THE MELBOURNE CLIMATE SUMMARY FOR MARCH 29 2015...
VALID TODAY AS OF 0400 PM LOCAL TIME.

CLIMATE NORMAL PERIOD 1981 TO 2010
CLIMATE RECORD PERIOD 1939 TO 2015


WEATHER ITEM   OBSERVED TIME   RECORD YEAR NORMAL DEPARTURE LAST
                VALUE   (LST)  VALUE       VALUE  FROM      YEAR
                                                  NORMAL
..................................................................
TEMPERATURE (F)
 TODAY
  MAXIMUM         70    100 PM  90    1974  78     -8       83
                                      1961
  MINIMUM         47    645 AM  43    1983  57    -10       66
                                      1955
  AVERAGE         59                        68     -9       75

PRECIPITATION (IN)
  TODAY            0.00          1.89 2010   0.09  -0.09     0.80
  MONTH TO DATE    0.43                      3.07  -2.64     2.02
  SINCE MAR 1      0.43                      3.07  -2.64     2.02
  SINCE JAN 1      6.54                      7.87  -1.33     9.08

SNOWFALL (IN)
  TODAY            0.0
  MONTH TO DATE    0.0
  SINCE JUL 1      0.0

DEGREE DAYS
 HEATING
  TODAY            6                         1      5        0
  MONTH TO DATE   11                        68    -57       46
  SINCE MAR 1     11                        68    -57       46
  SINCE JUL 1    421                       557   -136      352

 COOLING
  TODAY            0                         4     -4       10
  MONTH TO DATE  236                        91    145      111
  SINCE MAR 1    236                        91    145      111
  SINCE JAN 1    334                       189    145      279
..................................................................


WIND (MPH)
  HIGHEST WIND SPEED    18   HIGHEST WIND DIRECTION     N (20)
  HIGHEST GUST SPEED    27   HIGHEST GUST DIRECTION    NE (30)
  AVERAGE WIND SPEED    10.2


SKY COVER
  AVERAGE SKY COVER 0.0


WEATHER CONDITIONS
 THE FOLLOWING WEATHER WAS RECORDED TODAY.
  NO SIGNIFICANT WEATHER WAS OBSERVED.


RELATIVE HUMIDITY (PERCENT)
 HIGHEST    80           400 AM
 LOWEST     37          1200 PM
 AVERAGE    59

..........................................................


THE MELBOURNE CLIMATE NORMALS FOR TOMORROW
                         NORMAL    RECORD    YEAR
 MAXIMUM TEMPERATURE (F)   79        92      1975
                                             1961
 MINIMUM TEMPERATURE (F)   57        44      1941


SUNRISE AND SUNSET
MARCH 29 2015.........SUNRISE   717 AM EDT   SUNSET   739 PM EDT
MARCH 30 2015.........SUNRISE   715 AM EDT   SUNSET   739 PM EDT


-  INDICATES NEGATIVE NUMBERS.
R  INDICATES RECORD WAS SET OR TIED.
MM INDICATES DATA IS MISSING.
T  INDICATES TRACE AMOUNT.




$$
