502
CDUS43 KDVN 071014
CLIMLI


CLIMATE REPORT
NATIONAL WEATHER SERVICE QUAD CITIES IA IL
412 AM CST SUN FEB 7 2016


...................................

...THE MOLINE IL CLIMATE SUMMARY FOR FEBRUARY 6 2016...

CLIMATE NORMAL PERIOD 1981 TO 2010
CLIMATE RECORD PERIOD 1872 TO 2016


WEATHER ITEM   OBSERVED TIME   RECORD YEAR NORMAL DEPARTURE LAST
                VALUE   (LST)  VALUE       VALUE  FROM      YEAR
                                                  NORMAL
..................................................................
TEMPERATURE (F)
 YESTERDAY
  MAXIMUM         45    309 PM  62    1882  33     12       34
  MINIMUM         27    748 AM -16    1982  16     11       11
  AVERAGE         36                        24     12       23

PRECIPITATION (IN)
  YESTERDAY        0.00          0.65 1928   0.04  -0.04     0.00
  MONTH TO DATE    0.60                      0.26   0.34     1.09
  SINCE DEC 1      5.24                      3.93   1.31     3.36
  SINCE JAN 1      1.04                      1.75  -0.71     2.64

SNOWFALL (IN)
  YESTERDAY        0.0          MM      MM   0.3   -0.3      0.0
  MONTH TO DATE    0.6                       1.7   -1.1     14.5
  SINCE DEC 1      5.6                      20.4  -14.8     29.6
  SINCE JUL 1     15.5                      21.6   -6.1     34.2
  SNOW DEPTH       0

DEGREE DAYS
 HEATING
  YESTERDAY       29                        41    -12       42
  MONTH TO DATE  205                       248    -43      308
  SINCE DEC 1   2273                      2751   -478     2654
  SINCE JUL 1   3236                      3982   -746     4159

 COOLING
  YESTERDAY        0                         0      0        0
  MONTH TO DATE    0                         0      0        0
  SINCE DEC 1      0                         0      0        0
  SINCE JAN 1      0                         0      0        0
..................................................................


WIND (MPH)
  HIGHEST WIND SPEED    16   HIGHEST WIND DIRECTION    SW (230)
  HIGHEST GUST SPEED    19   HIGHEST GUST DIRECTION    SW (230)
  AVERAGE WIND SPEED     5.4


SKY COVER
  POSSIBLE SUNSHINE  MM
  AVERAGE SKY COVER 0.2


WEATHER CONDITIONS
 THE FOLLOWING WEATHER WAS RECORDED YESTERDAY.
  HAZE


RELATIVE HUMIDITY (PERCENT)
 HIGHEST    85           700 PM
 LOWEST     49           100 PM
 AVERAGE    67

..........................................................


THE MOLINE IL CLIMATE NORMALS FOR TODAY
                         NORMAL    RECORD    YEAR
 MAXIMUM TEMPERATURE (F)   33        59      2009
 MINIMUM TEMPERATURE (F)   16       -17      1977


SUNRISE AND SUNSET
FEBRUARY  7 2016......SUNRISE   708 AM CST   SUNSET   525 PM CST
FEBRUARY  8 2016......SUNRISE   706 AM CST   SUNSET   526 PM CST


-  INDICATES NEGATIVE NUMBERS.
R  INDICATES RECORD WAS SET OR TIED.
MM INDICATES DATA IS MISSING.
T  INDICATES TRACE AMOUNT.




$$
