000
CDUS43 KDVN 032126
CLIMLI


CLIMATE REPORT
NATIONAL WEATHER SERVICE QUAD CITIES IA IL
425 PM CDT WED JUN 3 2015


...................................

...THE MOLINE IL CLIMATE SUMMARY FOR JUNE 3 2015...
VALID TODAY AS OF 0400 PM LOCAL TIME.

CLIMATE NORMAL PERIOD 1981 TO 2010
CLIMATE RECORD PERIOD 1872 TO 2015


WEATHER ITEM   OBSERVED TIME   RECORD YEAR NORMAL DEPARTURE LAST
                VALUE   (LST)  VALUE       VALUE  FROM      YEAR
                                                  NORMAL
..................................................................
TEMPERATURE (F)
 TODAY
  MAXIMUM         78    259 PM  98    1972  79     -1       82
  MINIMUM         53    259 AM  42    1956  57     -4       64
                                      1929
  AVERAGE         66                        68     -2       73

PRECIPITATION (IN)
  TODAY            0.00          1.81 1925   0.15  -0.15     0.39
  MONTH TO DATE    0.00                      0.45  -0.45     0.81
  SINCE JUN 1      0.00                      0.45  -0.45     0.81
  SINCE JAN 1      8.94                     14.31  -5.37    12.37

SNOWFALL (IN)
  TODAY            0.0          MM      MM   0.0    0.0      0.0
  MONTH TO DATE    0.0                       0.0    0.0      0.0
  SINCE JUN 1      0.0                       0.0    0.0      0.0
  SINCE JUL 1     39.1                      31.6    7.5     65.1
  SNOW DEPTH       0

DEGREE DAYS
 HEATING
  TODAY            0                         2     -2        0
  MONTH TO DATE    7                         6      1        0
  SINCE JUN 1      7                         6      1        0
  SINCE JUL 1   6596                      6190    406     7313

 COOLING
  TODAY            1                         4     -3        8
  MONTH TO DATE    1                        12    -11       32
  SINCE JUN 1      1                        12    -11       32
  SINCE JAN 1     82                        88     -6      137
..................................................................


WIND (MPH)
  HIGHEST WIND SPEED    17   HIGHEST WIND DIRECTION     S (170)
  HIGHEST GUST SPEED    23   HIGHEST GUST DIRECTION     S (160)
  AVERAGE WIND SPEED     8.0


SKY COVER
  POSSIBLE SUNSHINE  MM
  AVERAGE SKY COVER 0.0


WEATHER CONDITIONS
 THE FOLLOWING WEATHER WAS RECORDED TODAY.
  NO SIGNIFICANT WEATHER WAS OBSERVED.


RELATIVE HUMIDITY (PERCENT)
 HIGHEST    86           500 AM
 LOWEST     52           300 PM
 AVERAGE    69

..........................................................


THE MOLINE IL CLIMATE NORMALS FOR TOMORROW
                         NORMAL    RECORD    YEAR
 MAXIMUM TEMPERATURE (F)   79        97      1934
 MINIMUM TEMPERATURE (F)   57        39      1945
                                             1889


SUNRISE AND SUNSET
JUNE  3 2015..........SUNRISE   530 AM CDT   SUNSET   831 PM CDT
JUNE  4 2015..........SUNRISE   530 AM CDT   SUNSET   831 PM CDT


-  INDICATES NEGATIVE NUMBERS.
R  INDICATES RECORD WAS SET OR TIED.
MM INDICATES DATA IS MISSING.
T  INDICATES TRACE AMOUNT.




$$
