000
CDUS43 KDVN 020921
CLIMLI


CLIMATE REPORT
NATIONAL WEATHER SERVICE QUAD CITIES IA IL
418 AM CDT SUN AUG 2 2015


...................................

...THE MOLINE IL CLIMATE SUMMARY FOR AUGUST 1 2015...

CLIMATE NORMAL PERIOD 1981 TO 2010
CLIMATE RECORD PERIOD 1872 TO 2015


WEATHER ITEM   OBSERVED TIME   RECORD YEAR NORMAL DEPARTURE LAST
                VALUE   (LST)  VALUE       VALUE  FROM      YEAR
                                                  NORMAL
..................................................................
TEMPERATURE (F)
 YESTERDAY
  MAXIMUM         87    329 PM 103    1987  85      2       84
  MINIMUM         58    447 AM  55    1998  65     -7       62
                                      1992
                                      1973
  AVERAGE         73                        75     -2       73

PRECIPITATION (IN)
  YESTERDAY        0.00          3.48 1921   0.14  -0.14     0.31
  MONTH TO DATE    0.00                      0.14  -0.14     0.31
  SINCE JUN 1     15.69                      8.92   6.77    13.00
  SINCE JAN 1     24.63                     22.78   1.85    24.56

SNOWFALL (IN)
  YESTERDAY        0.0          MM      MM   0.0    0.0      0.0
  MONTH TO DATE    0.0                       0.0    0.0      0.0
  SINCE JUN 1      0.0                       0.0    0.0      0.0
  SINCE JUL 1      0.0                       0.0    0.0      0.0
  SNOW DEPTH       0

DEGREE DAYS
 HEATING
  YESTERDAY        0                         0      0        0
  MONTH TO DATE    0                         0      0        0
  SINCE JUN 1     11                        21    -10        8
  SINCE JUL 1      4                         2      2        4

 COOLING
  YESTERDAY        8                        10     -2        8
  MONTH TO DATE    8                        10     -2        8
  SINCE JUN 1    501                       548    -47      407
  SINCE JAN 1    582                       624    -42      512
..................................................................


WIND (MPH)
  HIGHEST WIND SPEED    15   HIGHEST WIND DIRECTION     W (250)
  HIGHEST GUST SPEED    20   HIGHEST GUST DIRECTION    SW (220)
  AVERAGE WIND SPEED     5.8


SKY COVER
  POSSIBLE SUNSHINE  MM
  AVERAGE SKY COVER 0.0


WEATHER CONDITIONS
 THE FOLLOWING WEATHER WAS RECORDED YESTERDAY.
  NO SIGNIFICANT WEATHER WAS OBSERVED.


RELATIVE HUMIDITY (PERCENT)
 HIGHEST    90           200 AM
 LOWEST     42          1200 PM
 AVERAGE    66

..........................................................


THE MOLINE IL CLIMATE NORMALS FOR TODAY
                         NORMAL    RECORD    YEAR
 MAXIMUM TEMPERATURE (F)   85       101      1987
 MINIMUM TEMPERATURE (F)   65        51      1985


SUNRISE AND SUNSET
AUGUST  2 2015........SUNRISE   558 AM CDT   SUNSET   818 PM CDT
AUGUST  3 2015........SUNRISE   559 AM CDT   SUNSET   817 PM CDT


-  INDICATES NEGATIVE NUMBERS.
R  INDICATES RECORD WAS SET OR TIED.
MM INDICATES DATA IS MISSING.
T  INDICATES TRACE AMOUNT.




$$
