000
CDUS43 KDVN 231003
CLIMLI


CLIMATE REPORT
NATIONAL WEATHER SERVICE QUAD CITIES IA IL
402 AM CST TUE JAN 23 2018


...................................

...THE MOLINE IL CLIMATE SUMMARY FOR JANUARY 22 2018...

CLIMATE NORMAL PERIOD 1981 TO 2010
CLIMATE RECORD PERIOD 1872 TO 2018


WEATHER ITEM   OBSERVED TIME   RECORD YEAR NORMAL DEPARTURE LAST
                VALUE   (LST)  VALUE       VALUE  FROM      YEAR
                                                  NORMAL
..................................................................
TEMPERATURE (F)
 YESTERDAY
  MAXIMUM         59R  1157 AM  58    2002  31     28       43
                                      1964
  MINIMUM         29    857 PM -23    1883  14     15       29
  AVERAGE         44                        22     22       36

PRECIPITATION (IN)
  YESTERDAY        0.12          1.39 1965   0.05   0.07     0.00
  MONTH TO DATE    0.40                      1.08  -0.68     1.40
  SINCE DEC 1      0.92                      3.26  -2.34     3.02
  SINCE JAN 1      0.40                      1.08  -0.68     1.40

SNOWFALL (IN)
  YESTERDAY        0.0          MM      MM   0.3   -0.3      0.0
  MONTH TO DATE    2.2                       6.7   -4.5       T
  SINCE DEC 1     11.8                      16.0   -4.2     13.8
  SINCE JUL 1     11.8                      17.2   -5.4     13.8
  SNOW DEPTH       0

DEGREE DAYS
 HEATING
  YESTERDAY       21                        43    -22       29
  MONTH TO DATE 1018                       935     83      826
  SINCE DEC 1   2184                      2125     59     2002
  SINCE JUL 1   3257                      3356    -99     2783

 COOLING
  YESTERDAY        0                         0      0        0
  MONTH TO DATE    0                         0      0        0
  SINCE DEC 1      0                         0      0        0
  SINCE JAN 1      0                         0      0        0
..................................................................


WIND (MPH)
  HIGHEST WIND SPEED    25   HIGHEST WIND DIRECTION     E (80)
  HIGHEST GUST SPEED    30   HIGHEST GUST DIRECTION    SW (240)
  AVERAGE WIND SPEED     9.8


SKY COVER
  POSSIBLE SUNSHINE  MM
  AVERAGE SKY COVER 0.8


WEATHER CONDITIONS
 THE FOLLOWING WEATHER WAS RECORDED YESTERDAY.
  LIGHT RAIN
  FOG
  FOG W/VISIBILITY <= 1/4 MILE


RELATIVE HUMIDITY (PERCENT)
 HIGHEST   100          1200 AM
 LOWEST     50           300 PM
 AVERAGE    75

..........................................................


THE MOLINE IL CLIMATE NORMALS FOR TODAY
                         NORMAL    RECORD    YEAR
 MAXIMUM TEMPERATURE (F)   31        66      1909
 MINIMUM TEMPERATURE (F)   14       -21      1936


SUNRISE AND SUNSET
JANUARY 23 2018.......SUNRISE   721 AM CST   SUNSET   507 PM CST
JANUARY 24 2018.......SUNRISE   721 AM CST   SUNSET   508 PM CST


-  INDICATES NEGATIVE NUMBERS.
R  INDICATES RECORD WAS SET OR TIED.
MM INDICATES DATA IS MISSING.
T  INDICATES TRACE AMOUNT.




$$
