261
CDUS43 KDVN 232120
CLIMLI


CLIMATE REPORT
NATIONAL WEATHER SERVICE QUAD CITIES IA IL
419 PM CDT TUE MAY 23 2017


...................................

...THE MOLINE IL CLIMATE SUMMARY FOR MAY 23 2017...
VALID TODAY AS OF 0400 PM LOCAL TIME.

CLIMATE NORMAL PERIOD 1981 TO 2010
CLIMATE RECORD PERIOD 1872 TO 2017


WEATHER ITEM   OBSERVED TIME   RECORD YEAR NORMAL DEPARTURE LAST
                VALUE   (LST)  VALUE       VALUE  FROM      YEAR
                                                  NORMAL
..................................................................
TEMPERATURE (F)
 TODAY
  MAXIMUM         66    259 PM  93    1975  75     -9       87
  MINIMUM         54    520 AM  33    1963  53      1       56
  AVERAGE         60                        64     -4       72

PRECIPITATION (IN)
  TODAY            0.01          2.92 1995   0.14  -0.13     0.00
  MONTH TO DATE    2.40                      3.16  -0.76     2.49
  SINCE MAR 1     11.52                      9.61   1.91     7.84
  SINCE JAN 1     13.93                     12.70   1.23     9.17

SNOWFALL (IN)
  TODAY            0.0          MM      MM   0.0    0.0      0.0
  MONTH TO DATE    0.0                       0.0    0.0      0.0
  SINCE MAR 1      5.9                       4.9    1.0      2.9
  SINCE JUL 1     22.4                      31.6   -9.2     24.1
  SNOW DEPTH       0

DEGREE DAYS
 HEATING
  TODAY            5                         4      1        0
  MONTH TO DATE  148                       139      9      158
  SINCE MAR 1   1210                      1364   -154     1174
  SINCE JUL 1   5013                      6162  -1149     5163

 COOLING
  TODAY            0                         3     -3        7
  MONTH TO DATE   38                        37      1       12
  SINCE MAR 1     52                        51      1       23
  SINCE JAN 1     52                        51      1       23
..................................................................


WIND (MPH)
  HIGHEST WIND SPEED    14   HIGHEST WIND DIRECTION    NW (300)
  HIGHEST GUST SPEED    19   HIGHEST GUST DIRECTION    NW (300)
  AVERAGE WIND SPEED     6.7


SKY COVER
  POSSIBLE SUNSHINE  MM
  AVERAGE SKY COVER 0.5


WEATHER CONDITIONS
 THE FOLLOWING WEATHER WAS RECORDED TODAY.
  NO SIGNIFICANT WEATHER WAS OBSERVED.


RELATIVE HUMIDITY (PERCENT)
 HIGHEST    93           600 AM
 LOWEST     63           300 PM
 AVERAGE    78

..........................................................


THE MOLINE IL CLIMATE NORMALS FOR TOMORROW
                         NORMAL    RECORD    YEAR
 MAXIMUM TEMPERATURE (F)   76        95      2010
 MINIMUM TEMPERATURE (F)   53        36      1925


SUNRISE AND SUNSET
MAY 23 2017...........SUNRISE   536 AM CDT   SUNSET   822 PM CDT
MAY 24 2017...........SUNRISE   535 AM CDT   SUNSET   823 PM CDT


-  INDICATES NEGATIVE NUMBERS.
R  INDICATES RECORD WAS SET OR TIED.
MM INDICATES DATA IS MISSING.
T  INDICATES TRACE AMOUNT.




$$
