000
CDUS43 KDVN 190818
CLIMLI


CLIMATE REPORT
NATIONAL WEATHER SERVICE QUAD CITIES IA IL
217 AM CST SUN NOV 19 2017


...................................

...THE MOLINE IL CLIMATE SUMMARY FOR NOVEMBER 18 2017...

CLIMATE NORMAL PERIOD 1981 TO 2010
CLIMATE RECORD PERIOD 1872 TO 2017


WEATHER ITEM   OBSERVED TIME   RECORD YEAR NORMAL DEPARTURE LAST
                VALUE   (LST)  VALUE       VALUE  FROM      YEAR
                                                  NORMAL
..................................................................
TEMPERATURE (F)
 YESTERDAY
  MAXIMUM         50   1218 AM  74    1999  48      2       69
  MINIMUM         30   1159 PM   7    1891  30      0       39
  AVERAGE         40                        39      1       54

PRECIPITATION (IN)
  YESTERDAY        0.27          1.19 1957   0.08   0.19     0.00
  MONTH TO DATE    0.95                      1.56  -0.61     0.79
  SINCE SEP 1      9.45                      7.62   1.83     4.68
  SINCE JAN 1     35.57                     34.78   0.79    34.10

SNOWFALL (IN)
  YESTERDAY        0.0          MM      MM   0.1   -0.1      0.0
  MONTH TO DATE    T                         0.3   -0.3      0.0
  SINCE SEP 1      T                         0.3   -0.3      0.0
  SINCE JUL 1      T                         0.3   -0.3      0.0
  SNOW DEPTH       0

DEGREE DAYS
 HEATING
  YESTERDAY       25                        26     -1       11
  MONTH TO DATE  469                       391     78      215
  SINCE SEP 1    781                       865    -84      464
  SINCE JUL 1    782                       873    -91      465

 COOLING
  YESTERDAY        0                         0      0        0
  MONTH TO DATE    0                         0      0        3
  SINCE SEP 1    182                       120     62      241
  SINCE JAN 1    993                      1003    -10     1314
..................................................................


WIND (MPH)
  HIGHEST WIND SPEED    29   HIGHEST WIND DIRECTION    NW (300)
  HIGHEST GUST SPEED    37   HIGHEST GUST DIRECTION    NW (310)
  AVERAGE WIND SPEED    14.4


SKY COVER
  POSSIBLE SUNSHINE  MM
  AVERAGE SKY COVER 0.8


WEATHER CONDITIONS
 THE FOLLOWING WEATHER WAS RECORDED YESTERDAY.
  THUNDERSTORM
  RAIN
  LIGHT RAIN
  FOG
  HAZE


RELATIVE HUMIDITY (PERCENT)
 HIGHEST    86           100 AM
 LOWEST     64           900 PM
 AVERAGE    75

..........................................................


THE MOLINE IL CLIMATE NORMALS FOR TODAY
                         NORMAL    RECORD    YEAR
 MAXIMUM TEMPERATURE (F)   47        77      1942
                                             1930
 MINIMUM TEMPERATURE (F)   29         5      1914


SUNRISE AND SUNSET
NOVEMBER 19 2017......SUNRISE   656 AM CST   SUNSET   439 PM CST
NOVEMBER 20 2017......SUNRISE   657 AM CST   SUNSET   438 PM CST


-  INDICATES NEGATIVE NUMBERS.
R  INDICATES RECORD WAS SET OR TIED.
MM INDICATES DATA IS MISSING.
T  INDICATES TRACE AMOUNT.




$$
