000
CDUS43 KDVN 220920
CLIMLI


CLIMATE REPORT
NATIONAL WEATHER SERVICE QUAD CITIES IA IL
420 AM CDT FRI AUG 22 2014


...................................

...THE MOLINE IL CLIMATE SUMMARY FOR AUGUST 21 2014...

CLIMATE NORMAL PERIOD 1981 TO 2010
CLIMATE RECORD PERIOD 1872 TO 2014


WEATHER ITEM   OBSERVED TIME   RECORD YEAR NORMAL DEPARTURE LAST
                VALUE   (LST)  VALUE       VALUE  FROM      YEAR
                                                  NORMAL
..................................................................
TEMPERATURE (F)
 YESTERDAY
  MAXIMUM         87   1239 PM  99    1936  84      3       89
  MINIMUM         69    118 AM  44    1950  63      6       70
  AVERAGE         78                        73      5       80

PRECIPITATION (IN)
  YESTERDAY        T             3.55 1987   0.16  -0.16     0.00
  MONTH TO DATE    1.05                      3.11  -2.06     0.76
  SINCE JUN 1     13.74                     11.89   1.85     9.46
  SINCE JAN 1     25.30                     25.75  -0.45    32.61

SNOWFALL (IN)
  YESTERDAY        0.0          MM      MM   0.0    0.0      0.0
  MONTH TO DATE    0.0                       0.0    0.0      0.0
  SINCE JUN 1      0.0                       0.0    0.0      0.0
  SINCE JUL 1      0.0                       0.0    0.0      0.0
  SNOW DEPTH       0

DEGREE DAYS
 HEATING
  YESTERDAY        0                         0      0        0
  MONTH TO DATE    1                         0      1        4
  SINCE JUN 1      9                        21    -12       38
  SINCE JUL 1      5                         2      3       11

 COOLING
  YESTERDAY       13                         8      5       15
  MONTH TO DATE  146                       195    -49      121
  SINCE JUN 1    545                       733   -188      582
  SINCE JAN 1    650                       809   -159      672
..................................................................


WIND (MPH)
  HIGHEST WIND SPEED    15   HIGHEST WIND DIRECTION     W (270)
  HIGHEST GUST SPEED    19   HIGHEST GUST DIRECTION     W (260)
  AVERAGE WIND SPEED     3.4


SKY COVER
  POSSIBLE SUNSHINE  MM
  AVERAGE SKY COVER 0.3


WEATHER CONDITIONS
 THE FOLLOWING WEATHER WAS RECORDED YESTERDAY.
  THUNDERSTORM
  LIGHT RAIN
  FOG


RELATIVE HUMIDITY (PERCENT)
 HIGHEST    97          1200 AM
 LOWEST     57           100 PM
 AVERAGE    77

..........................................................


THE MOLINE IL CLIMATE NORMALS FOR TODAY
                         NORMAL    RECORD    YEAR
 MAXIMUM TEMPERATURE (F)   83       101      1936
 MINIMUM TEMPERATURE (F)   63        47      1923


SUNRISE AND SUNSET
AUGUST 22 2014........SUNRISE   618 AM CDT   SUNSET   751 PM CDT
AUGUST 23 2014........SUNRISE   619 AM CDT   SUNSET   749 PM CDT


-  INDICATES NEGATIVE NUMBERS.
R  INDICATES RECORD WAS SET OR TIED.
MM INDICATES DATA IS MISSING.
T  INDICATES TRACE AMOUNT.




$$
