000
CDUS43 KDVN 191016
CLIMLI


CLIMATE REPORT
NATIONAL WEATHER SERVICE QUAD CITIES IA IL
416 AM CST SUN FEB 19 2017


...................................

...THE MOLINE IL CLIMATE SUMMARY FOR FEBRUARY 18 2017...

CLIMATE NORMAL PERIOD 1981 TO 2010
CLIMATE RECORD PERIOD 1872 TO 2017


WEATHER ITEM   OBSERVED TIME   RECORD YEAR NORMAL DEPARTURE LAST
                VALUE   (LST)  VALUE       VALUE  FROM      YEAR
                                                  NORMAL
..................................................................
TEMPERATURE (F)
 YESTERDAY
  MAXIMUM         70R   228 PM  63    1913  37     33       46
  MINIMUM         34   1159 PM -14    1936  19     15       25
  AVERAGE         52                        28     24       36

PRECIPITATION (IN)
  YESTERDAY        0.00          0.97 2000   0.06  -0.06     0.00
  MONTH TO DATE    0.26                      0.90  -0.64     0.88
  SINCE DEC 1      3.38                      4.57  -1.19     5.52
  SINCE JAN 1      1.76                      2.39  -0.63     1.32

SNOWFALL (IN)
  YESTERDAY        0.0          MM      MM   0.3   -0.3      0.0
  MONTH TO DATE    1.3                       4.8   -3.5      6.3
  SINCE DEC 1     15.5                      23.5   -8.0     11.3
  SINCE JUL 1     15.5                      24.7   -9.2     21.2
  SNOW DEPTH       0

DEGREE DAYS
 HEATING
  YESTERDAY       13                        37    -24       29
  MONTH TO DATE  559                       715   -156      709
  SINCE DEC 1   2850                      3218   -368     2777
  SINCE JUL 1   3631                      4449   -818     3740

 COOLING
  YESTERDAY        0                         0      0        0
  MONTH TO DATE    0                         0      0        0
  SINCE DEC 1      0                         0      0        0
  SINCE JAN 1      0                         0      0        0
..................................................................


WIND (MPH)
  HIGHEST WIND SPEED    13   HIGHEST WIND DIRECTION    SW (240)
  HIGHEST GUST SPEED    18   HIGHEST GUST DIRECTION    SW (240)
  AVERAGE WIND SPEED     4.2


SKY COVER
  POSSIBLE SUNSHINE  MM
  AVERAGE SKY COVER 0.0


WEATHER CONDITIONS
 THE FOLLOWING WEATHER WAS RECORDED YESTERDAY.
  NO SIGNIFICANT WEATHER WAS OBSERVED.


RELATIVE HUMIDITY (PERCENT)
 HIGHEST    76           600 AM
 LOWEST     23           400 PM
 AVERAGE    50

..........................................................


THE MOLINE IL CLIMATE NORMALS FOR TODAY
                         NORMAL    RECORD    YEAR
 MAXIMUM TEMPERATURE (F)   37        69      1930
 MINIMUM TEMPERATURE (F)   20       -15      1979


SUNRISE AND SUNSET
FEBRUARY 19 2017......SUNRISE   651 AM CST   SUNSET   541 PM CST
FEBRUARY 20 2017......SUNRISE   650 AM CST   SUNSET   542 PM CST


-  INDICATES NEGATIVE NUMBERS.
R  INDICATES RECORD WAS SET OR TIED.
MM INDICATES DATA IS MISSING.
T  INDICATES TRACE AMOUNT.




$$
