000
CDUS45 KBYZ 230947
CLIMLS


CLIMATE REPORT
NATIONAL WEATHER SERVICE BILLINGS MT
344 AM MDT SUN APR 23 2017


...................................

...THE MILES CITY MT CLIMATE SUMMARY FOR APRIL 22 2017...

CLIMATE NORMAL PERIOD 1981 TO 2010
CLIMATE RECORD PERIOD 1937 TO 2017


WEATHER ITEM   OBSERVED TIME   RECORD YEAR NORMAL DEPARTURE LAST
                VALUE   (LST)  VALUE       VALUE  FROM      YEAR
                                                  NORMAL
..................................................................
TEMPERATURE (F)
 YESTERDAY
  MAXIMUM         61    310 PM  87    1994  61      0       84
  MINIMUM         42    623 AM   8    1967  35      7       50
  AVERAGE         52                        48      4       67

PRECIPITATION (IN)
  YESTERDAY        0.00          1.44 2011   0.05  -0.05     0.00
  MONTH TO DATE    0.75                      0.90  -0.15     1.01
  SINCE OCT 1      2.87                      3.65  -0.78     3.34
  SINCE JAN 1      1.78                      2.05  -0.27     2.08

DEGREE DAYS
 HEATING
  YESTERDAY       13                        17     -4        0
  MONTH TO DATE  336                       448   -112      316
  SINCE MAR 1   1138                      1389   -251     1003
  SINCE JUL 1   6690                      7123   -433     5696

 COOLING
  YESTERDAY        0                         0      0        2
  MONTH TO DATE    0                         0      0        2
  SINCE MAR 1      0                         0      0        2
  SINCE JAN 1      0                         0      0        2
..................................................................


WIND (MPH)
  HIGHEST WIND SPEED    16   HIGHEST WIND DIRECTION    NE (30)
  HIGHEST GUST SPEED    19   HIGHEST GUST DIRECTION    NE (30)
  AVERAGE WIND SPEED     8.3


SKY COVER
  POSSIBLE SUNSHINE  MM
  AVERAGE SKY COVER 0.5


WEATHER CONDITIONS
 THE FOLLOWING WEATHER WAS RECORDED YESTERDAY.
  NO SIGNIFICANT WEATHER WAS OBSERVED.


RELATIVE HUMIDITY (PERCENT)
 HIGHEST    89          1200 AM
 LOWEST     46           300 PM
 AVERAGE    68

..........................................................


THE MILES CITY MT CLIMATE NORMALS FOR TODAY
                         NORMAL    RECORD    YEAR
 MAXIMUM TEMPERATURE (F)   62        91      2012
 MINIMUM TEMPERATURE (F)   36        19      2013
                                             1967


SUNRISE AND SUNSET
APRIL 23 2017.........SUNRISE   602 AM MDT   SUNSET   802 PM MDT
APRIL 24 2017.........SUNRISE   600 AM MDT   SUNSET   804 PM MDT


-  INDICATES NEGATIVE NUMBERS.
R  INDICATES RECORD WAS SET OR TIED.
MM INDICATES DATA IS MISSING.
T  INDICATES TRACE AMOUNT.





&&

THIS IS AN AUTOMATED...UNATTENDED WEATHER STATION AND MAY
UNDERESTIMATE WINTER PRECIPITATION.

$$
