000
CDUS45 KBYZ 250721
CLIMLS


CLIMATE REPORT
NATIONAL WEATHER SERVICE BILLINGS MT
1220 AM MST SUN FEB 25 2018


...................................

...THE MILES CITY MT CLIMATE SUMMARY FOR FEBRUARY 24 2018...

CLIMATE NORMAL PERIOD 1981 TO 2010
CLIMATE RECORD PERIOD 1937 TO 2018


WEATHER ITEM   OBSERVED TIME   RECORD YEAR NORMAL DEPARTURE LAST
                VALUE   (LST)  VALUE       VALUE  FROM      YEAR
                                                  NORMAL
..................................................................
TEMPERATURE (F)
 YESTERDAY
  MAXIMUM         24    428 PM  72    1995  39    -15       34
  MINIMUM        -13    209 AM -23    1993  16    -29       24
  AVERAGE          6                        27    -21       29

PRECIPITATION (IN)
  YESTERDAY        0.00          0.17 1950   0.01  -0.01     0.00
  MONTH TO DATE    0.54                      0.19   0.35     0.39
  SINCE OCT 1      1.97                      2.11  -0.14     1.55
  SINCE JAN 1      0.78                      0.51   0.27     0.46

DEGREE DAYS
 HEATING
  YESTERDAY       59                        38     21       36
  MONTH TO DATE 1470                       989    481      881
  SINCE DEC 1   4339                      3786    553     4090
  SINCE JUL 1   6082                      5585    497     5405

 COOLING
  YESTERDAY        0                         0      0        0
  MONTH TO DATE    0                         0      0        0
  SINCE DEC 1      0                         0      0        0
  SINCE JAN 1      0                         0      0        0
..................................................................


WIND (MPH)
  HIGHEST WIND SPEED    16   HIGHEST WIND DIRECTION     W (260)
  HIGHEST GUST SPEED    20   HIGHEST GUST DIRECTION     W (260)
  AVERAGE WIND SPEED     8.0


SKY COVER
  POSSIBLE SUNSHINE  MM
  AVERAGE SKY COVER 0.1


WEATHER CONDITIONS
 THE FOLLOWING WEATHER WAS RECORDED YESTERDAY.
  NO SIGNIFICANT WEATHER WAS OBSERVED.


RELATIVE HUMIDITY (PERCENT)
 HIGHEST    92           700 AM
 LOWEST     68           300 PM
 AVERAGE    80

..........................................................


THE MILES CITY MT CLIMATE NORMALS FOR TODAY
                         NORMAL    RECORD    YEAR
 MAXIMUM TEMPERATURE (F)   39        67      1995
 MINIMUM TEMPERATURE (F)   16       -28      2011


SUNRISE AND SUNSET
FEBRUARY 25 2018......SUNRISE   650 AM MST   SUNSET   544 PM MST
FEBRUARY 26 2018......SUNRISE   648 AM MST   SUNSET   545 PM MST


-  INDICATES NEGATIVE NUMBERS.
R  INDICATES RECORD WAS SET OR TIED.
MM INDICATES DATA IS MISSING.
T  INDICATES TRACE AMOUNT.




$$
