659
CDUS45 KBYZ 230934
CLIMLS


CLIMATE REPORT
NATIONAL WEATHER SERVICE BILLINGS MT
333 AM MDT SAT JUL 23 2016


...................................

...THE MILES CITY MT CLIMATE SUMMARY FOR JULY 22 2016...

CLIMATE NORMAL PERIOD 1981 TO 2010
CLIMATE RECORD PERIOD 1937 TO 2016


WEATHER ITEM   OBSERVED TIME   RECORD YEAR NORMAL DEPARTURE LAST
                VALUE   (LST)  VALUE       VALUE  FROM      YEAR
                                                  NORMAL
..................................................................
TEMPERATURE (F)
 YESTERDAY
  MAXIMUM        103    453 PM 107    2007  90     13       99
  MINIMUM         69    535 AM  52    1978  61      8       64
                                      1887
                                      1891
  AVERAGE         86                        75     11       82

PRECIPITATION (IN)
  YESTERDAY        0.00          0.81 2001   0.05  -0.05      T
  MONTH TO DATE    1.17                      1.21  -0.04     0.46
  SINCE OCT 1     10.98                     10.02   0.96     6.87
  SINCE JAN 1      9.72                      8.42   1.30     5.86

DEGREE DAYS
 HEATING
  YESTERDAY        0                         0      0        0
  MONTH TO DATE    2                        10     -8        0
  SINCE JUN 1     11                        99    -88       25
  SINCE JUL 1      2                        10     -8        0

 COOLING
  YESTERDAY       21                        10     11       17
  MONTH TO DATE  228                       193     35      206
  SINCE JUN 1    427                       300    127      368
  SINCE JAN 1    451                       320    131      369
..................................................................


WIND (MPH)
  HIGHEST WIND SPEED    26   HIGHEST WIND DIRECTION    NW (310)
  HIGHEST GUST SPEED    34   HIGHEST GUST DIRECTION    NW (310)
  AVERAGE WIND SPEED    10.9


SKY COVER
  POSSIBLE SUNSHINE  MM
  AVERAGE SKY COVER 0.0


WEATHER CONDITIONS
 THE FOLLOWING WEATHER WAS RECORDED YESTERDAY.
  NO SIGNIFICANT WEATHER WAS OBSERVED.


RELATIVE HUMIDITY (PERCENT)
 HIGHEST    57           200 AM
 LOWEST     15           500 PM
 AVERAGE    36

..........................................................


THE MILES CITY MT CLIMATE NORMALS FOR TODAY
                         NORMAL    RECORD    YEAR
 MAXIMUM TEMPERATURE (F)   90       110      2007
 MINIMUM TEMPERATURE (F)   61        49      1950


SUNRISE AND SUNSET
JULY 23 2016..........SUNRISE   535 AM MDT   SUNSET   844 PM MDT
JULY 24 2016..........SUNRISE   536 AM MDT   SUNSET   843 PM MDT


-  INDICATES NEGATIVE NUMBERS.
R  INDICATES RECORD WAS SET OR TIED.
MM INDICATES DATA IS MISSING.
T  INDICATES TRACE AMOUNT.





&&

THIS IS AN AUTOMATED...UNATTENDED WEATHER STATION AND MAY
UNDERESTIMATE WINTER PRECIPITATION.

$$
