000
CDUS45 KBYZ 200724
CLIMLS


CLIMATE REPORT...RESENT
NATIONAL WEATHER SERVICE BILLINGS MT
123 AM MDT WED SEP 20 2017


...................................

...THE MILES CITY MT CLIMATE SUMMARY FOR SEPTEMBER 19 2017...

CLIMATE NORMAL PERIOD 1981 TO 2010
CLIMATE RECORD PERIOD 1937 TO 2017


WEATHER ITEM   OBSERVED TIME   RECORD YEAR NORMAL DEPARTURE LAST
                VALUE   (LST)  VALUE       VALUE  FROM      YEAR
                                                  NORMAL
..................................................................
TEMPERATURE (F)
 YESTERDAY
  MAXIMUM         63   1218 AM  99    1937  72     -9       77
  MINIMUM         42   1023 PM  29    1965  44     -2       51
  AVERAGE         53                        58     -5       64

PRECIPITATION (IN)
  YESTERDAY        T             0.96 1985   0.04  -0.04      T
  MONTH TO DATE    1.34                      0.66   0.68     1.04
  SINCE OCT 1      5.76                     12.02  -6.26    12.96
  SINCE JAN 1      4.67                     10.42  -5.75    11.70

DEGREE DAYS
 HEATING
  YESTERDAY       12                         8      4        1
  MONTH TO DATE   90                        91     -1       83
  SINCE SEP 1     90                        91     -1       83
  SINCE JUL 1     94                       125    -31       97

 COOLING
  YESTERDAY        0                         1     -1        0
  MONTH TO DATE   91                        50     41       48
  SINCE SEP 1     91                        50     41       48
  SINCE JAN 1    985                       722    263      859
..................................................................


WIND (MPH)
  HIGHEST WIND SPEED    26   HIGHEST WIND DIRECTION     W (270)
  HIGHEST GUST SPEED    33   HIGHEST GUST DIRECTION     W (280)
  AVERAGE WIND SPEED    11.9


SKY COVER
  POSSIBLE SUNSHINE  MM
  AVERAGE SKY COVER 0.5


WEATHER CONDITIONS
 THE FOLLOWING WEATHER WAS RECORDED YESTERDAY.
  LIGHT RAIN


RELATIVE HUMIDITY (PERCENT)
 HIGHEST    83           700 AM
 LOWEST     47           100 PM
 AVERAGE    65

..........................................................


THE MILES CITY MT CLIMATE NORMALS FOR TODAY
                         NORMAL    RECORD    YEAR
 MAXIMUM TEMPERATURE (F)   72        95      1937
 MINIMUM TEMPERATURE (F)   44        28      1983


SUNRISE AND SUNSET
SEPTEMBER 20 2017.....SUNRISE   648 AM MDT   SUNSET   704 PM MDT
SEPTEMBER 21 2017.....SUNRISE   650 AM MDT   SUNSET   702 PM MDT


-  INDICATES NEGATIVE NUMBERS.
R  INDICATES RECORD WAS SET OR TIED.
MM INDICATES DATA IS MISSING.
T  INDICATES TRACE AMOUNT.




$$
