000
CDUS45 KBYZ 161034
CLIMLS


CLIMATE REPORT
NATIONAL WEATHER SERVICE BILLINGS MT
333 AM MST MON JAN 16 2017


...................................

...THE MILES CITY MT CLIMATE SUMMARY FOR JANUARY 15 2017...

CLIMATE NORMAL PERIOD 1981 TO 2010
CLIMATE RECORD PERIOD 1937 TO 2017


WEATHER ITEM   OBSERVED TIME   RECORD YEAR NORMAL DEPARTURE LAST
                VALUE   (LST)  VALUE       VALUE  FROM      YEAR
                                                  NORMAL
..................................................................
TEMPERATURE (F)
 YESTERDAY
  MAXIMUM         18    358 PM  50    1974  30    -12       32
  MINIMUM        -10    236 AM -30    2005   9    -19       10
  AVERAGE          4                        19    -15       21

PRECIPITATION (IN)
  YESTERDAY        0.00          0.23 1966   0.01  -0.01     0.04
  MONTH TO DATE    0.04                      0.18  -0.14     0.12
  SINCE OCT 1      1.13                      1.78  -0.65     1.38
  SINCE JAN 1      0.04                      0.18  -0.14     0.12

DEGREE DAYS
 HEATING
  YESTERDAY       61                        46     15       44
  MONTH TO DATE  964                       691    273      683
  SINCE DEC 1   2543                      2076    467     1873
  SINCE JUL 1   3858                      3875    -17     3301

 COOLING
  YESTERDAY        0                         0      0        0
  MONTH TO DATE    0                         0      0        0
  SINCE DEC 1      0                         0      0        0
  SINCE JAN 1      0                         0      0        0
..................................................................


WIND (MPH)
  HIGHEST WIND SPEED    20   HIGHEST WIND DIRECTION    SE (150)
  HIGHEST GUST SPEED    22   HIGHEST GUST DIRECTION    SE (150)
  AVERAGE WIND SPEED     8.0


SKY COVER
  POSSIBLE SUNSHINE  MM
  AVERAGE SKY COVER 0.0


WEATHER CONDITIONS
 THE FOLLOWING WEATHER WAS RECORDED YESTERDAY.
  NO SIGNIFICANT WEATHER WAS OBSERVED.


RELATIVE HUMIDITY (PERCENT)
 HIGHEST    79           300 AM
 LOWEST     54           400 PM
 AVERAGE    67

..........................................................


THE MILES CITY MT CLIMATE NORMALS FOR TODAY
                         NORMAL    RECORD    YEAR
 MAXIMUM TEMPERATURE (F)   30        56      1961
 MINIMUM TEMPERATURE (F)    9       -27      2005
                                             1937


SUNRISE AND SUNSET
JANUARY 16 2017.......SUNRISE   742 AM MST   SUNSET   445 PM MST
JANUARY 17 2017.......SUNRISE   741 AM MST   SUNSET   447 PM MST


-  INDICATES NEGATIVE NUMBERS.
R  INDICATES RECORD WAS SET OR TIED.
MM INDICATES DATA IS MISSING.
T  INDICATES TRACE AMOUNT.





&&

THIS IS AN AUTOMATED...UNATTENDED WEATHER STATION AND MAY
UNDERESTIMATE WINTER PRECIPITATION.

$$
