000
CDUS45 KBYZ 261034
CLIMLS


CLIMATE REPORT
NATIONAL WEATHER SERVICE BILLINGS MT
332 AM MST SUN FEB 26 2017


...................................

...THE MILES CITY MT CLIMATE SUMMARY FOR FEBRUARY 25 2017...

CLIMATE NORMAL PERIOD 1981 TO 2010
CLIMATE RECORD PERIOD 1937 TO 2017


WEATHER ITEM   OBSERVED TIME   RECORD YEAR NORMAL DEPARTURE LAST
                VALUE   (LST)  VALUE       VALUE  FROM      YEAR
                                                  NORMAL
..................................................................
TEMPERATURE (F)
 YESTERDAY
  MAXIMUM         35    257 PM  67    1995  39     -4       50
  MINIMUM         23    714 AM -28    2011  16      7       16
  AVERAGE         29                        27      2       33

PRECIPITATION (IN)
  YESTERDAY        T             0.65 2000   0.01  -0.01     0.00
  MONTH TO DATE    0.39                      0.20   0.19     0.35
  SINCE OCT 1      1.55                      2.12  -0.57     1.95
  SINCE JAN 1      0.46                      0.52  -0.06     0.69

DEGREE DAYS
 HEATING
  YESTERDAY       36                        38     -2       32
  MONTH TO DATE  917                      1027   -110      700
  SINCE DEC 1   4126                      3824    302     3173
  SINCE JUL 1   5441                      5623   -182     4601

 COOLING
  YESTERDAY        0                         0      0        0
  MONTH TO DATE    0                         0      0        0
  SINCE DEC 1      0                         0      0        0
  SINCE JAN 1      0                         0      0        0
..................................................................


WIND (MPH)
  HIGHEST WIND SPEED    24   HIGHEST WIND DIRECTION     W (270)
  HIGHEST GUST SPEED    29   HIGHEST GUST DIRECTION     W (270)
  AVERAGE WIND SPEED    10.8


SKY COVER
  POSSIBLE SUNSHINE  MM
  AVERAGE SKY COVER 0.7


WEATHER CONDITIONS
 THE FOLLOWING WEATHER WAS RECORDED YESTERDAY.
  LIGHT SNOW
  FOG
  HAZE


RELATIVE HUMIDITY (PERCENT)
 HIGHEST    85           100 AM
 LOWEST     41           400 PM
 AVERAGE    63

..........................................................


THE MILES CITY MT CLIMATE NORMALS FOR TODAY
                         NORMAL    RECORD    YEAR
 MAXIMUM TEMPERATURE (F)   39        63      2016
 MINIMUM TEMPERATURE (F)   16       -31      2011


SUNRISE AND SUNSET
FEBRUARY 26 2017......SUNRISE   648 AM MST   SUNSET   546 PM MST
FEBRUARY 27 2017......SUNRISE   646 AM MST   SUNSET   547 PM MST


-  INDICATES NEGATIVE NUMBERS.
R  INDICATES RECORD WAS SET OR TIED.
MM INDICATES DATA IS MISSING.
T  INDICATES TRACE AMOUNT.





&&

THIS IS AN AUTOMATED...UNATTENDED WEATHER STATION AND MAY
UNDERESTIMATE WINTER PRECIPITATION.

$$
