000
CDUS45 KBYZ 280723
CLIMLS


CLIMATE REPORT
NATIONAL WEATHER SERVICE BILLINGS MT
123 AM MDT SUN MAY 28 2017


...................................

...THE MILES CITY MT CLIMATE SUMMARY FOR MAY 27 2017...

CLIMATE NORMAL PERIOD 1981 TO 2010
CLIMATE RECORD PERIOD 1937 TO 2017


WEATHER ITEM   OBSERVED TIME   RECORD YEAR NORMAL DEPARTURE LAST
                VALUE   (LST)  VALUE       VALUE  FROM      YEAR
                                                  NORMAL
..................................................................
TEMPERATURE (F)
 YESTERDAY
  MAXIMUM         78    442 PM  96    1969  72      6       69
  MINIMUM         39    430 AM  30    1965  47     -8       49
  AVERAGE         59                        59      0       59

PRECIPITATION (IN)
  YESTERDAY        T             0.80 1987   0.08  -0.08     0.01
  MONTH TO DATE    0.43                      1.84  -1.41     1.56
  SINCE OCT 1      3.53                      5.96  -2.43     8.25
  SINCE JAN 1      2.44                      4.36  -1.92     6.99

DEGREE DAYS
 HEATING
  YESTERDAY        6                         7     -1        6
  MONTH TO DATE  228                       278    -50      215
  SINCE MAR 1   1527                      1790   -263     1377
  SINCE JUL 1   7079                      7524   -445     6070

 COOLING
  YESTERDAY        0                         1     -1        0
  MONTH TO DATE   18                        14      4       22
  SINCE MAR 1     18                        15      3       24
  SINCE JAN 1     18                        15      3       24
..................................................................


WIND (MPH)
  HIGHEST WIND SPEED    35   HIGHEST WIND DIRECTION    NW (300)
  HIGHEST GUST SPEED    44   HIGHEST GUST DIRECTION    NW (300)
  AVERAGE WIND SPEED    12.4


SKY COVER
  POSSIBLE SUNSHINE  MM
  AVERAGE SKY COVER 0.4


WEATHER CONDITIONS
 THE FOLLOWING WEATHER WAS RECORDED YESTERDAY.
  LIGHT RAIN


RELATIVE HUMIDITY (PERCENT)
 HIGHEST    76           500 AM
 LOWEST     18           500 PM
 AVERAGE    47

..........................................................


THE MILES CITY MT CLIMATE NORMALS FOR TODAY
                         NORMAL    RECORD    YEAR
 MAXIMUM TEMPERATURE (F)   72        95      1937
 MINIMUM TEMPERATURE (F)   47        24      1947


SUNRISE AND SUNSET
MAY 28 2017...........SUNRISE   517 AM MDT   SUNSET   845 PM MDT
MAY 29 2017...........SUNRISE   516 AM MDT   SUNSET   846 PM MDT


-  INDICATES NEGATIVE NUMBERS.
R  INDICATES RECORD WAS SET OR TIED.
MM INDICATES DATA IS MISSING.
T  INDICATES TRACE AMOUNT.




$$
