000
CDUS45 KBYZ 010933
CLIMLS


CLIMATE REPORT
NATIONAL WEATHER SERVICE BILLINGS MT
331 AM MDT SAT AUG 1 2015


...................................

...THE MILES CITY MT CLIMATE SUMMARY FOR JULY 31 2015...

CLIMATE NORMAL PERIOD 1981 TO 2010
CLIMATE RECORD PERIOD 1937 TO 2015


WEATHER ITEM   OBSERVED TIME   RECORD YEAR NORMAL DEPARTURE LAST
                VALUE   (LST)  VALUE       VALUE  FROM      YEAR
                                                  NORMAL
..................................................................
TEMPERATURE (F)
 YESTERDAY
  MAXIMUM         98    437 PM 105    2007  90      8       96
  MINIMUM         58    444 AM  47    1995  61     -3       62
  AVERAGE         78                        76      2       79

PRECIPITATION (IN)
  YESTERDAY        0.00          1.72 2001   0.05  -0.05     0.00
  MONTH TO DATE    0.90                      1.64  -0.74     0.09
  SINCE OCT 1      7.31                     10.45  -3.14    11.45
  SINCE JAN 1      6.30                      8.85  -2.55     9.77

DEGREE DAYS
 HEATING
  YESTERDAY        0                         0      0        0
  MONTH TO DATE    0                        10    -10        1
  SINCE JUN 1     25                       101    -76       95
  SINCE JUL 1      0                        12    -12        1

 COOLING
  YESTERDAY       13                        11      2       14
  MONTH TO DATE  296                       288      8      284
  SINCE JUN 1    458                       395     63      321
  SINCE JAN 1    459                       415     44      355
..................................................................


WIND (MPH)
  HIGHEST WIND SPEED    18   HIGHEST WIND DIRECTION    SW (210)
  HIGHEST GUST SPEED    24   HIGHEST GUST DIRECTION    SW (220)
  AVERAGE WIND SPEED     7.1


SKY COVER
  POSSIBLE SUNSHINE  MM
  AVERAGE SKY COVER 0.0


WEATHER CONDITIONS
 THE FOLLOWING WEATHER WAS RECORDED YESTERDAY.
  NO SIGNIFICANT WEATHER WAS OBSERVED.


RELATIVE HUMIDITY (PERCENT)
 HIGHEST    60           300 AM
 LOWEST     12           600 PM
 AVERAGE    36

..........................................................


THE MILES CITY MT CLIMATE NORMALS FOR TODAY
                         NORMAL    RECORD    YEAR
 MAXIMUM TEMPERATURE (F)   90       104      2008
 MINIMUM TEMPERATURE (F)   61        46      2002


SUNRISE AND SUNSET
AUGUST  1 2015........SUNRISE   544 AM MDT   SUNSET   834 PM MDT
AUGUST  2 2015........SUNRISE   546 AM MDT   SUNSET   833 PM MDT


-  INDICATES NEGATIVE NUMBERS.
R  INDICATES RECORD WAS SET OR TIED.
MM INDICATES DATA IS MISSING.
T  INDICATES TRACE AMOUNT.





&&

THIS IS AN AUTOMATED...UNATTENDED WEATHER STATION AND MAY
UNDERESTIMATE WINTER PRECIPITATION.

$$
