000
CDUS45 KBYZ 250723
CLIMLS


CLIMATE REPORT
NATIONAL WEATHER SERVICE BILLINGS MT
123 AM MDT TUE JUL 25 2017


...................................

...THE MILES CITY MT CLIMATE SUMMARY FOR JULY 24 2017...

CLIMATE NORMAL PERIOD 1981 TO 2010
CLIMATE RECORD PERIOD 1937 TO 2017


WEATHER ITEM   OBSERVED TIME   RECORD YEAR NORMAL DEPARTURE LAST
                VALUE   (LST)  VALUE       VALUE  FROM      YEAR
                                                  NORMAL
..................................................................
TEMPERATURE (F)
 YESTERDAY
  MAXIMUM         95    244 PM 110    2007  90      5       94
  MINIMUM         68    453 AM  52    1996  61      7       59
  AVERAGE         82                        75      7       77

PRECIPITATION (IN)
  YESTERDAY        0.00          0.25 1940   0.05  -0.05     0.00
  MONTH TO DATE    T                         1.31  -1.31     1.17
  SINCE OCT 1      4.27                     10.12  -5.85    10.98
  SINCE JAN 1      3.18                      8.52  -5.34     9.72

DEGREE DAYS
 HEATING
  YESTERDAY        0                         0      0        0
  MONTH TO DATE    0                        10    -10        2
  SINCE JUN 1     19                        99    -80       11
  SINCE JUL 1      0                        10    -10        2

 COOLING
  YESTERDAY       17                        11      6       12
  MONTH TO DATE  405                       214    191      251
  SINCE JUN 1    539                       321    218      450
  SINCE JAN 1    560                       341    219      474
..................................................................


WIND (MPH)
  HIGHEST WIND SPEED    23   HIGHEST WIND DIRECTION     N (340)
  HIGHEST GUST SPEED    28   HIGHEST GUST DIRECTION     N (350)
  AVERAGE WIND SPEED    11.0


SKY COVER
  POSSIBLE SUNSHINE  MM
  AVERAGE SKY COVER 0.0


WEATHER CONDITIONS
 THE FOLLOWING WEATHER WAS RECORDED YESTERDAY.
  HAZE


RELATIVE HUMIDITY (PERCENT)
 HIGHEST    42           500 AM
 LOWEST     16          1000 AM
 AVERAGE    29

..........................................................


THE MILES CITY MT CLIMATE NORMALS FOR TODAY
                         NORMAL    RECORD    YEAR
 MAXIMUM TEMPERATURE (F)   90       102      1983
 MINIMUM TEMPERATURE (F)   61        51      1985


SUNRISE AND SUNSET
JULY 25 2017..........SUNRISE   537 AM MDT   SUNSET   843 PM MDT
JULY 26 2017..........SUNRISE   538 AM MDT   SUNSET   841 PM MDT


-  INDICATES NEGATIVE NUMBERS.
R  INDICATES RECORD WAS SET OR TIED.
MM INDICATES DATA IS MISSING.
T  INDICATES TRACE AMOUNT.




$$
