000
CDUS45 KBYZ 192331
CLIMLS


CLIMATE REPORT
NATIONAL WEATHER SERVICE BILLINGS MT
431 PM MST FRI DEC 19 2014


...................................

...THE MILES CITY MT CLIMATE SUMMARY FOR DECEMBER 19 2014...
VALID TODAY AS OF 0400 PM LOCAL TIME.

CLIMATE NORMAL PERIOD 1981 TO 2010
CLIMATE RECORD PERIOD 1937 TO 2014


WEATHER ITEM   OBSERVED TIME   RECORD YEAR NORMAL DEPARTURE LAST
                VALUE   (LST)  VALUE       VALUE  FROM      YEAR
                                                  NORMAL
..................................................................
TEMPERATURE (F)
 TODAY
  MAXIMUM         44    221 PM  60    2004  30     14       13
  MINIMUM         22    832 AM -19    1990   9     13      -15
  AVERAGE         33                        19     14       -1

PRECIPITATION (IN)
  TODAY            0.00          0.28        0.01  -0.01     0.03
  MONTH TO DATE    0.06                      0.16  -0.10     0.23
  SINCE OCT 1      0.89                      1.47  -0.58     1.30
  SINCE JAN 1     13.17                     12.31   0.86    16.73

DEGREE DAYS
 HEATING
  TODAY           32                        46    -14       66
  MONTH TO DATE  678                       830   -152     1035
  SINCE DEC 1    678                       830   -152     1035
  SINCE JUL 1   2508                      2629   -121     2742

 COOLING
  TODAY            0                         0      0        0
  MONTH TO DATE    0                         0      0        0
  SINCE DEC 1      0                         0      0        0
  SINCE JAN 1    648                       730    -82      877
..................................................................


WIND (MPH)
  HIGHEST WIND SPEED    10   HIGHEST WIND DIRECTION     W (260)
  HIGHEST GUST SPEED    13   HIGHEST GUST DIRECTION    SW (240)
  AVERAGE WIND SPEED     6.0


SKY COVER
  POSSIBLE SUNSHINE  MM
  AVERAGE SKY COVER 0.1


WEATHER CONDITIONS
 THE FOLLOWING WEATHER WAS RECORDED TODAY.
  NO SIGNIFICANT WEATHER WAS OBSERVED.


RELATIVE HUMIDITY (PERCENT)
 HIGHEST    92           500 AM
 LOWEST     45           200 PM
 AVERAGE    69

..........................................................


THE MILES CITY MT CLIMATE NORMALS FOR TOMORROW
                         NORMAL    RECORD    YEAR
 MAXIMUM TEMPERATURE (F)   30        57      1954
 MINIMUM TEMPERATURE (F)    9       -31      1951


SUNRISE AND SUNSET
DECEMBER 19 2014......SUNRISE   743 AM MST   SUNSET   418 PM MST
DECEMBER 20 2014......SUNRISE   744 AM MST   SUNSET   419 PM MST


-  INDICATES NEGATIVE NUMBERS.
R  INDICATES RECORD WAS SET OR TIED.
MM INDICATES DATA IS MISSING.
T  INDICATES TRACE AMOUNT.





&&

THIS IS AN AUTOMATED...UNATTENDED WEATHER STATION AND MAY
UNDERESTIMATE WINTER PRECIPITATION.

$$
