000
CDUS45 KBYZ 282226
CLIMLS


CLIMATE REPORT
NATIONAL WEATHER SERVICE BILLINGS MT
425 PM MDT THU AUG 28 2014


...................................

...THE MILES CITY MT CLIMATE SUMMARY FOR AUGUST 28 2014...
VALID TODAY AS OF 0400 PM LOCAL TIME.

CLIMATE NORMAL PERIOD 1981 TO 2010
CLIMATE RECORD PERIOD 1937 TO 2014


WEATHER ITEM   OBSERVED TIME   RECORD YEAR NORMAL DEPARTURE LAST
                VALUE   (LST)  VALUE       VALUE  FROM      YEAR
                                                  NORMAL
..................................................................
TEMPERATURE (F)
 TODAY
  MAXIMUM         90    304 PM 102    2012  84      6       97
  MINIMUM         56    557 AM  43    1960  54      2       68
  AVERAGE         73                        69      4       83

PRECIPITATION (IN)
  TODAY            0.00          0.48 1985   0.02  -0.02     0.14
  MONTH TO DATE    2.17                      0.83   1.34     1.72
  SINCE OCT 1     13.62                     11.28   2.34    15.37
  SINCE JAN 1     11.94                      9.68   2.26    13.84

SNOWFALL (IN)
  TODAY           MM
  MONTH TO DATE   MM
  SINCE JUN 1     MM
  SINCE JUL 1     MM
  SNOW DEPTH      MM

DEGREE DAYS
 HEATING
  TODAY            0                         2     -2        0
  MONTH TO DATE   33                        13     20        0
  SINCE JUN 1    128                       114     14       59
  SINCE JUL 1     34                        25      9        0

 COOLING
  TODAY            8                         6      2       18
  MONTH TO DATE  236                       243     -7      278
  SINCE JUN 1    557                       638    -81      690
  SINCE JAN 1    591                       658    -67      703
..................................................................


WIND (MPH)
  HIGHEST WIND SPEED    17   HIGHEST WIND DIRECTION     W (250)
  HIGHEST GUST SPEED    21   HIGHEST GUST DIRECTION     W (280)
  AVERAGE WIND SPEED     7.8


SKY COVER
  POSSIBLE SUNSHINE  MM
  AVERAGE SKY COVER 0.0


WEATHER CONDITIONS
 THE FOLLOWING WEATHER WAS RECORDED TODAY.
  NO SIGNIFICANT WEATHER WAS OBSERVED.


RELATIVE HUMIDITY (PERCENT)
 HIGHEST    93           600 AM
 LOWEST     19           300 PM
 AVERAGE    56

..........................................................


THE MILES CITY MT CLIMATE NORMALS FOR TOMORROW
                         NORMAL    RECORD    YEAR
 MAXIMUM TEMPERATURE (F)   83       101      1995
 MINIMUM TEMPERATURE (F)   54        41      1965


SUNRISE AND SUNSET
AUGUST 28 2014........SUNRISE   619 AM MDT   SUNSET   750 PM MDT
AUGUST 29 2014........SUNRISE   620 AM MDT   SUNSET   748 PM MDT


-  INDICATES NEGATIVE NUMBERS.
R  INDICATES RECORD WAS SET OR TIED.
MM INDICATES DATA IS MISSING.
T  INDICATES TRACE AMOUNT.





&&

THIS IS AN AUTOMATED...UNATTENDED WEATHER STATION AND MAY
UNDERESTIMATE WINTER PRECIPITATION.

$$
