000
CDUS45 KBYZ 302224
CLIMLS


CLIMATE REPORT
NATIONAL WEATHER SERVICE BILLINGS MT
422 PM MDT TUE JUN 30 2015


...................................

...THE MILES CITY MT CLIMATE SUMMARY FOR JUNE 30 2015...
VALID TODAY AS OF 0400 PM LOCAL TIME.

CLIMATE NORMAL PERIOD 1981 TO 2010
CLIMATE RECORD PERIOD 1937 TO 2015


WEATHER ITEM   OBSERVED TIME   RECORD YEAR NORMAL DEPARTURE LAST
                VALUE   (LST)  VALUE       VALUE  FROM      YEAR
                                                  NORMAL
..................................................................
TEMPERATURE (F)
 TODAY
  MAXIMUM         98    142 PM 101    1990  84     14       71
  MINIMUM         70    655 AM  41    1995  57     13       54
  AVERAGE         84                        70     14       63

PRECIPITATION (IN)
  TODAY            T             0.86 1992   0.06  -0.06     0.01
  MONTH TO DATE    2.68                      2.51   0.17     4.29
  SINCE OCT 1      6.41                      8.81  -2.40    11.36
  SINCE JAN 1      5.40                      7.21  -1.81     9.68

DEGREE DAYS
 HEATING
  TODAY            0                         1     -1        2
  MONTH TO DATE   25                        88    -63       94
  SINCE JUN 1     25                        89    -64       94
  SINCE JUL 1   7010                      7638   -628     8101

 COOLING
  TODAY           19                         6     13        0
  MONTH TO DATE  162                       107     55       37
  SINCE JUN 1    162                       107     55       37
  SINCE JAN 1    163                       127     36       71
..................................................................


WIND (MPH)
  HIGHEST WIND SPEED    28   HIGHEST WIND DIRECTION    NW (320)
  HIGHEST GUST SPEED    36   HIGHEST GUST DIRECTION    NW (310)
  AVERAGE WIND SPEED    10.8


SKY COVER
  POSSIBLE SUNSHINE  MM
  AVERAGE SKY COVER 0.1


WEATHER CONDITIONS
 THE FOLLOWING WEATHER WAS RECORDED TODAY.
  HAZE


RELATIVE HUMIDITY (PERCENT)
 HIGHEST    66           600 AM
 LOWEST     20           300 PM
 AVERAGE    43

..........................................................


THE MILES CITY MT CLIMATE NORMALS FOR TOMORROW
                         NORMAL    RECORD    YEAR
 MAXIMUM TEMPERATURE (F)   85       105      2012
 MINIMUM TEMPERATURE (F)   57        41      1945


SUNRISE AND SUNSET
JUNE 30 2015..........SUNRISE   514 AM MDT   SUNSET   900 PM MDT
JULY  1 2015..........SUNRISE   515 AM MDT   SUNSET   900 PM MDT


-  INDICATES NEGATIVE NUMBERS.
R  INDICATES RECORD WAS SET OR TIED.
MM INDICATES DATA IS MISSING.
T  INDICATES TRACE AMOUNT.





&&

THIS IS AN AUTOMATED...UNATTENDED WEATHER STATION AND MAY
UNDERESTIMATE WINTER PRECIPITATION.

$$
