000
CDUS41 KCAR 100529
CLIMLT


CLIMATE REPORT
NATIONAL WEATHER SERVICE CARIBOU, ME
1229 AM EST WED FEB 10 2016


...................................

...THE MILLINOCKET ME CLIMATE SUMMARY FOR FEBRUARY 9 2016...

CLIMATE NORMAL PERIOD 1981 TO 2010
CLIMATE RECORD PERIOD 1903 TO 2016


WEATHER ITEM   OBSERVED TIME   RECORD YEAR NORMAL DEPARTURE LAST
                VALUE   (LST)  VALUE       VALUE  FROM      YEAR
                                                  NORMAL
..................................................................
TEMPERATURE (F)
 YESTERDAY
  MAXIMUM         23    244 PM  48    1925  26     -3        9
  MINIMUM         16    803 AM -25    1918   6     10       -1
  AVERAGE         20                        16      4        4

PRECIPITATION (IN)
  YESTERDAY        0.06          1.07 1958   0.07  -0.01     0.00
  MONTH TO DATE    0.83                      0.54   0.29     0.16
  SINCE DEC 1      7.30                      7.00   0.30     8.00
  SINCE JAN 1      2.90                      3.47  -0.57     2.00

SNOWFALL (IN)
  YESTERDAY       MM            MM      MM  MM     MM       MM
  MONTH TO DATE   MM                        MM     MM       MM
  SINCE DEC 1     MM                        MM     MM       MM
  SINCE JUL 1     MM                        MM     MM       MM
  SNOW DEPTH      MM

DEGREE DAYS
 HEATING
  YESTERDAY       45                        49     -4       61
  MONTH TO DATE  342                       447   -105      566
  SINCE DEC 1   2619                      3350   -731     3368
  SINCE JUL 1   4160                      5193  -1033     4964

 COOLING
  YESTERDAY        0                         0      0        0
  MONTH TO DATE    0                         0      0        0
  SINCE DEC 1      0                         0      0        0
  SINCE JAN 1      0                         0      0        0
..................................................................


WIND (MPH)
  HIGHEST WIND SPEED    14   HIGHEST WIND DIRECTION     N (10)
  HIGHEST GUST SPEED    20   HIGHEST GUST DIRECTION    NE (30)
  AVERAGE WIND SPEED     6.0


SKY COVER
  POSSIBLE SUNSHINE  MM
  AVERAGE SKY COVER 1.0


WEATHER CONDITIONS
 THE FOLLOWING WEATHER WAS RECORDED YESTERDAY.
  LIGHT SNOW


RELATIVE HUMIDITY (PERCENT)
 HIGHEST    80           100 AM
 LOWEST     68           100 PM
 AVERAGE    74

..........................................................


THE MILLINOCKET ME CLIMATE NORMALS FOR TODAY
                         NORMAL    RECORD    YEAR
 MAXIMUM TEMPERATURE (F)   27        44      2012
                                             1990
 MINIMUM TEMPERATURE (F)    7       -22      1975


SUNRISE AND SUNSET
FEBRUARY 10 2016......SUNRISE   645 AM EST   SUNSET   454 PM EST
FEBRUARY 11 2016......SUNRISE   644 AM EST   SUNSET   455 PM EST


-  INDICATES NEGATIVE NUMBERS.
R  INDICATES RECORD WAS SET OR TIED.
MM INDICATES DATA IS MISSING.
T  INDICATES TRACE AMOUNT.




$$
