688
CDUS41 KCAR 210532
CLIMLT


CLIMATE REPORT
NATIONAL WEATHER SERVICE CARIBOU, ME
1232 AM EST SAT JAN 21 2017


...................................

...THE MILLINOCKET ME CLIMATE SUMMARY FOR JANUARY 20 2017...

CLIMATE NORMAL PERIOD 1981 TO 2010
CLIMATE RECORD PERIOD 1903 TO 2017


WEATHER ITEM   OBSERVED TIME   RECORD YEAR NORMAL DEPARTURE LAST
                VALUE   (LST)  VALUE       VALUE  FROM      YEAR
                                                  NORMAL
..................................................................
TEMPERATURE (F)
 YESTERDAY
  MAXIMUM         33    316 PM  54    1996  23     10       26
  MINIMUM         29    655 AM -35    1994   3     26       18
  AVERAGE         31                        13     18       22

PRECIPITATION (IN)
  YESTERDAY        0.00          1.11 1947   0.07  -0.07      T
  MONTH TO DATE    1.44                      2.01  -0.57     2.04
  SINCE DEC 1      4.75                      5.54  -0.79     6.44
  SINCE JAN 1      1.44                      2.01  -0.57     2.04

SNOWFALL (IN)
  YESTERDAY       MM            MM      MM  MM     MM       MM
  MONTH TO DATE   MM                        MM     MM       MM
  SINCE DEC 1     MM                        MM     MM       MM
  SINCE JUL 1     MM                        MM     MM       MM
  SNOW DEPTH      MM

DEGREE DAYS
 HEATING
  YESTERDAY       34                        52    -18       43
  MONTH TO DATE  882                      1014   -132      860
  SINCE DEC 1   2284                      2336    -52     1819
  SINCE JUL 1   3834                      4179   -345     3360

 COOLING
  YESTERDAY        0                         0      0        0
  MONTH TO DATE    0                         0      0        0
  SINCE DEC 1      0                         0      0        0
  SINCE JAN 1      0                         0      0        0
..................................................................


WIND (MPH)
  HIGHEST WIND SPEED    10   HIGHEST WIND DIRECTION    NW (310)
  HIGHEST GUST SPEED    13   HIGHEST GUST DIRECTION    NW (300)
  AVERAGE WIND SPEED     2.0


SKY COVER
  POSSIBLE SUNSHINE  MM
  AVERAGE SKY COVER 1.0


WEATHER CONDITIONS
 THE FOLLOWING WEATHER WAS RECORDED YESTERDAY.
  NO SIGNIFICANT WEATHER WAS OBSERVED.


RELATIVE HUMIDITY (PERCENT)
 HIGHEST    92           600 AM
 LOWEST     75           200 PM
 AVERAGE    84

..........................................................


THE MILLINOCKET ME CLIMATE NORMALS FOR TODAY
                         NORMAL    RECORD    YEAR
 MAXIMUM TEMPERATURE (F)   23        48      2006
 MINIMUM TEMPERATURE (F)    3       -35      1994


SUNRISE AND SUNSET
JANUARY 21 2017.......SUNRISE   707 AM EST   SUNSET   426 PM EST
JANUARY 22 2017.......SUNRISE   706 AM EST   SUNSET   427 PM EST


-  INDICATES NEGATIVE NUMBERS.
R  INDICATES RECORD WAS SET OR TIED.
MM INDICATES DATA IS MISSING.
T  INDICATES TRACE AMOUNT.




$$
