000
CDUS41 KCAR 210528
CLIMLT


CLIMATE REPORT
NATIONAL WEATHER SERVICE CARIBOU, ME
127 AM EDT MON AUG 21 2017


...................................

...THE MILLINOCKET ME CLIMATE SUMMARY FOR AUGUST 20 2017...

CLIMATE NORMAL PERIOD 1981 TO 2010
CLIMATE RECORD PERIOD 1903 TO 2017


WEATHER ITEM   OBSERVED TIME   RECORD YEAR NORMAL DEPARTURE LAST
                VALUE   (LST)  VALUE       VALUE  FROM      YEAR
                                                  NORMAL
..................................................................
TEMPERATURE (F)
 YESTERDAY
  MAXIMUM         78    239 PM  91    1935  76      2       79
  MINIMUM         60   1159 PM  38    1905  55      5       50
  AVERAGE         69                        66      3       65

PRECIPITATION (IN)
  YESTERDAY        0.01          2.60 1991   0.13  -0.12     0.00
  MONTH TO DATE    1.09                      2.45  -1.36     2.97
  SINCE JUN 1      8.91                     10.37  -1.46     8.12
  SINCE JAN 1     24.59                     25.44  -0.85    21.73

SNOWFALL (IN)
  YESTERDAY       MM            MM      MM  MM     MM       MM
  MONTH TO DATE   MM                        MM     MM       MM
  SINCE JUN 1     MM                        MM     MM       MM
  SINCE JUL 1     MM                        MM     MM       MM
  SNOW DEPTH      MM

DEGREE DAYS
 HEATING
  YESTERDAY        0                         2     -2        0
  MONTH TO DATE   26                        25      1        3
  SINCE JUN 1    177                       165     12      152
  SINCE JUL 1     57                        49      8       36

 COOLING
  YESTERDAY        4                         2      2        0
  MONTH TO DATE   49                        57     -8       74
  SINCE JUN 1    192                       223    -31      258
  SINCE JAN 1    201                       229    -28      264
..................................................................


WIND (MPH)
  HIGHEST WIND SPEED    20   HIGHEST WIND DIRECTION    NW (310)
  HIGHEST GUST SPEED    28   HIGHEST GUST DIRECTION    NW (300)
  AVERAGE WIND SPEED     5.6


SKY COVER
  POSSIBLE SUNSHINE  MM
  AVERAGE SKY COVER 0.4


WEATHER CONDITIONS
 THE FOLLOWING WEATHER WAS RECORDED YESTERDAY.
  LIGHT RAIN
  FOG


RELATIVE HUMIDITY (PERCENT)
 HIGHEST   100           100 AM
 LOWEST     40           400 PM
 AVERAGE    70

..........................................................


THE MILLINOCKET ME CLIMATE NORMALS FOR TODAY
                         NORMAL    RECORD    YEAR
 MAXIMUM TEMPERATURE (F)   76        93      1916
 MINIMUM TEMPERATURE (F)   54        35      1926
                                             1923


SUNRISE AND SUNSET
AUGUST 21 2017........SUNRISE   543 AM EDT   SUNSET   732 PM EDT
AUGUST 22 2017........SUNRISE   544 AM EDT   SUNSET   730 PM EDT


-  INDICATES NEGATIVE NUMBERS.
R  INDICATES RECORD WAS SET OR TIED.
MM INDICATES DATA IS MISSING.
T  INDICATES TRACE AMOUNT.




$$
