000
CDUS41 KCAR 142027
CLIMLT


CLIMATE REPORT
NATIONAL WEATHER SERVICE CARIBOU, ME
426 PM EDT SUN SEP 14 2014


...................................

...THE MILLINOCKET ME CLIMATE SUMMARY FOR SEPTEMBER 14 2014...
VALID TODAY AS OF 0400 PM LOCAL TIME.

CLIMATE NORMAL PERIOD 1981 TO 2010
CLIMATE RECORD PERIOD 1903 TO 2014


WEATHER ITEM   OBSERVED TIME   RECORD YEAR NORMAL DEPARTURE LAST
                VALUE   (LST)  VALUE       VALUE  FROM      YEAR
                                                  NORMAL
..................................................................
TEMPERATURE (F)
 TODAY
  MAXIMUM         56    125 PM  85    1931  69    -13       66
  MINIMUM         49    559 AM  29    1911  48      1       50
  AVERAGE         53                        58     -5       58

PRECIPITATION (IN)
  TODAY            T             3.51 1944   0.14  -0.14      T
  MONTH TO DATE    0.27                      1.56  -1.29     3.48
  SINCE SEP 1      0.27                      1.56  -1.29     3.48
  SINCE JAN 1     25.41                     28.49  -3.08    28.97

SNOWFALL (IN)
  TODAY           MM            MM      MM  MM     MM       MM
  MONTH TO DATE   MM                        MM     MM       MM
  SINCE SEP 1     MM                        MM     MM       MM
  SINCE JUL 1     MM                        MM     MM       MM
  SNOW DEPTH      MM

DEGREE DAYS
 HEATING
  TODAY           12                         7      5        7
  MONTH TO DATE   71                        77     -6       63
  SINCE SEP 1     71                        77     -6       63
  SINCE JUL 1     99                       156    -57      108

 COOLING
  TODAY            0                         0      0        0
  MONTH TO DATE   35                        15     20       28
  SINCE SEP 1     35                        15     20       28
  SINCE JAN 1    363                       266     97      380
..................................................................


WIND (MPH)
  HIGHEST WIND SPEED    21   HIGHEST WIND DIRECTION    NW (310)
  HIGHEST GUST SPEED    32   HIGHEST GUST DIRECTION    NW (300)
  AVERAGE WIND SPEED    10.1


SKY COVER
  POSSIBLE SUNSHINE  MM
  AVERAGE SKY COVER 0.7


WEATHER CONDITIONS
 THE FOLLOWING WEATHER WAS RECORDED TODAY.
  LIGHT RAIN


RELATIVE HUMIDITY (PERCENT)
 HIGHEST    93           100 AM
 LOWEST     61          1100 AM
 AVERAGE    77

..........................................................


THE MILLINOCKET ME CLIMATE NORMALS FOR TOMORROW
                         NORMAL    RECORD    YEAR
 MAXIMUM TEMPERATURE (F)   68        84      2003
                                             1993
 MINIMUM TEMPERATURE (F)   47        28      1911


SUNRISE AND SUNSET
SEPTEMBER 14 2014.....SUNRISE   612 AM EDT   SUNSET   648 PM EDT
SEPTEMBER 15 2014.....SUNRISE   613 AM EDT   SUNSET   646 PM EDT


-  INDICATES NEGATIVE NUMBERS.
R  INDICATES RECORD WAS SET OR TIED.
MM INDICATES DATA IS MISSING.
T  INDICATES TRACE AMOUNT.




$$
