000
CDUS41 KCAR 270539
CLIMLT


CLIMATE REPORT
NATIONAL WEATHER SERVICE CARIBOU, ME
133 AM EDT SAT AUG 27 2016


...................................

...THE MILLINOCKET ME CLIMATE SUMMARY FOR AUGUST 26 2016...

CLIMATE NORMAL PERIOD 1981 TO 2010
CLIMATE RECORD PERIOD 1903 TO 2016


WEATHER ITEM   OBSERVED TIME   RECORD YEAR NORMAL DEPARTURE LAST
                VALUE   (LST)  VALUE       VALUE  FROM      YEAR
                                                  NORMAL
..................................................................
TEMPERATURE (F)
 YESTERDAY
  MAXIMUM         87    333 PM  91    1937  75     12       70
  MINIMUM         66   1023 PM  35    1913  53     13       66
  AVERAGE         77                        64     13       68

PRECIPITATION (IN)
  YESTERDAY        0.00          2.10 1982   0.14  -0.14     1.12
  MONTH TO DATE    4.14                      3.31   0.83     5.88
  SINCE JUN 1      9.29                     11.23  -1.94    13.91
  SINCE JAN 1     22.90                     26.30  -3.40    25.60

SNOWFALL (IN)
  YESTERDAY       MM            MM      MM  MM     MM       MM
  MONTH TO DATE   MM                        MM     MM       MM
  SINCE JUN 1     MM                        MM     MM       MM
  SINCE JUL 1     MM                        MM     MM       MM
  SNOW DEPTH      MM

DEGREE DAYS
 HEATING
  YESTERDAY        0                         3     -3        0
  MONTH TO DATE    4                        38    -34        0
  SINCE JUN 1    153                       178    -25      181
  SINCE JUL 1     37                        62    -25       21

 COOLING
  YESTERDAY       12                         2     10        3
  MONTH TO DATE  105                        69     36      138
  SINCE JUN 1    289                       235     54      262
  SINCE JAN 1    295                       241     54      296
..................................................................


WIND (MPH)
  HIGHEST WIND SPEED    15   HIGHEST WIND DIRECTION     W (290)
  HIGHEST GUST SPEED    22   HIGHEST GUST DIRECTION    NW (300)
  AVERAGE WIND SPEED     3.6


SKY COVER
  POSSIBLE SUNSHINE  MM
  AVERAGE SKY COVER 0.2


WEATHER CONDITIONS
 THE FOLLOWING WEATHER WAS RECORDED YESTERDAY.
  FOG


RELATIVE HUMIDITY (PERCENT)
 HIGHEST    93           100 AM
 LOWEST     43           300 PM
 AVERAGE    68

..........................................................


THE MILLINOCKET ME CLIMATE NORMALS FOR TODAY
                         NORMAL    RECORD    YEAR
 MAXIMUM TEMPERATURE (F)   75        91      1993
 MINIMUM TEMPERATURE (F)   53        38      1931


SUNRISE AND SUNSET
AUGUST 27 2016........SUNRISE   550 AM EDT   SUNSET   721 PM EDT
AUGUST 28 2016........SUNRISE   552 AM EDT   SUNSET   719 PM EDT


-  INDICATES NEGATIVE NUMBERS.
R  INDICATES RECORD WAS SET OR TIED.
MM INDICATES DATA IS MISSING.
T  INDICATES TRACE AMOUNT.




$$
