000
CDUS41 KCAR 042028
CLIMLT


CLIMATE REPORT
NATIONAL WEATHER SERVICE CARIBOU, ME
427 PM EDT TUE AUG 4 2015


...................................

...THE MILLINOCKET ME CLIMATE SUMMARY FOR AUGUST 4 2015...
VALID TODAY AS OF 0400 PM LOCAL TIME.

CLIMATE NORMAL PERIOD 1981 TO 2010
CLIMATE RECORD PERIOD 1903 TO 2015


WEATHER ITEM   OBSERVED TIME   RECORD YEAR NORMAL DEPARTURE LAST
                VALUE   (LST)  VALUE       VALUE  FROM      YEAR
                                                  NORMAL
..................................................................
TEMPERATURE (F)
 TODAY
  MAXIMUM         81    204 PM  94    1944  78      3       82
  MINIMUM         60    437 AM  39    1918  57      3       62
  AVERAGE         71                        67      4       72

PRECIPITATION (IN)
  TODAY            0.00          1.38 1974   0.13  -0.13     0.01
  MONTH TO DATE    0.48                      0.52  -0.04     0.01
  SINCE JUN 1      8.51                      8.44   0.07     8.99
  SINCE JAN 1     20.20                     23.51  -3.31    22.89

SNOWFALL (IN)
  TODAY           MM            MM      MM  MM     MM       MM
  MONTH TO DATE   MM                        MM     MM       MM
  SINCE JUN 1     MM                        MM     MM       MM
  SINCE JUL 1     MM                        MM     MM       MM
  SNOW DEPTH      MM

DEGREE DAYS
 HEATING
  TODAY            0                         1     -1        0
  MONTH TO DATE    0                         4     -4        0
  SINCE JUN 1    181                       144     37       85
  SINCE JUL 1     21                        28     -7        9

 COOLING
  TODAY            6                         3      3        7
  MONTH TO DATE   18                        12      6       20
  SINCE JUN 1    142                       178    -36      252
  SINCE JAN 1    176                       184     -8      254
..................................................................


WIND (MPH)
  HIGHEST WIND SPEED    12   HIGHEST WIND DIRECTION    NW (330)
  HIGHEST GUST SPEED    16   HIGHEST GUST DIRECTION     S (160)
  AVERAGE WIND SPEED     2.9


SKY COVER
  POSSIBLE SUNSHINE  MM
  AVERAGE SKY COVER 0.4


WEATHER CONDITIONS
 THE FOLLOWING WEATHER WAS RECORDED TODAY.
  FOG
  FOG W/VISIBILITY <= 1/4 MILE


RELATIVE HUMIDITY (PERCENT)
 HIGHEST   100           200 AM
 LOWEST     51           100 PM
 AVERAGE    76

..........................................................


THE MILLINOCKET ME CLIMATE NORMALS FOR TOMORROW
                         NORMAL    RECORD    YEAR
 MAXIMUM TEMPERATURE (F)   78        98      1944
 MINIMUM TEMPERATURE (F)   56        41      1921


SUNRISE AND SUNSET
AUGUST  4 2015........SUNRISE   521 AM EDT   SUNSET   800 PM EDT
AUGUST  5 2015........SUNRISE   523 AM EDT   SUNSET   758 PM EDT


-  INDICATES NEGATIVE NUMBERS.
R  INDICATES RECORD WAS SET OR TIED.
MM INDICATES DATA IS MISSING.
T  INDICATES TRACE AMOUNT.




$$
