000
CDUS44 KSHV 232133
CLIMLU


CLIMATE REPORT
NATIONAL WEATHER SERVICE SHREVEPORT, LA
431 PM CDT TUE MAY 23 2017


...................................

...THE MONROE CLIMATE SUMMARY FOR MAY 23 2017...
VALID TODAY AS OF 0400 PM LOCAL TIME.

CLIMATE NORMAL PERIOD 1981 TO 2010
CLIMATE RECORD PERIOD 1930 TO 2017


WEATHER ITEM   OBSERVED TIME   RECORD YEAR NORMAL DEPARTURE LAST
                VALUE   (LST)  VALUE       VALUE  FROM      YEAR
                                                  NORMAL
..................................................................
TEMPERATURE (F)
 TODAY
  MAXIMUM         77    255 PM  96    1996  87    -10       85
                                      1918
  MINIMUM         63    551 AM  50    1963  65     -2       59
  AVERAGE         70                        76     -6       72

PRECIPITATION (IN)
  TODAY            T             2.42 1955   0.17  -0.17     0.00
  MONTH TO DATE    3.01                      3.89  -0.88     0.65
  SINCE DEC 1     28.31                     28.04   0.27    48.35
  SINCE JAN 1     23.48                     22.75   0.73    41.96

DEGREE DAYS
 HEATING
  TODAY            0                         0      0        0
  MONTH TO DATE   11                         3      8        1
  SINCE MAR 1    203                       333   -130      167
  SINCE JUL 1   1399                      2227   -828     1595

 COOLING
  TODAY            5                        11     -6        7
  MONTH TO DATE  142                       193    -51      125
  SINCE MAR 1    380                       329     51      266
  SINCE JAN 1    439                       340     99      274
..................................................................


WIND (MPH)
  HIGHEST WIND SPEED    12   HIGHEST WIND DIRECTION    NW (320)
  HIGHEST GUST SPEED    16   HIGHEST GUST DIRECTION     N (350)
  AVERAGE WIND SPEED     5.8


SKY COVER
  POSSIBLE SUNSHINE  MM
  AVERAGE SKY COVER 0.9


WEATHER CONDITIONS
 THE FOLLOWING WEATHER WAS RECORDED TODAY.
  NO SIGNIFICANT WEATHER WAS OBSERVED.


RELATIVE HUMIDITY (PERCENT)
 HIGHEST   100          1200 AM
 LOWEST     60           300 PM
 AVERAGE    80

..........................................................


THE MONROE CLIMATE NORMALS FOR TOMORROW
                         NORMAL    RECORD    YEAR
 MAXIMUM TEMPERATURE (F)   87        95      2010
                                             1996
 MINIMUM TEMPERATURE (F)   65        49      1931


SUNRISE AND SUNSET
MAY 23 2017...........SUNRISE   605 AM CDT   SUNSET   805 PM CDT
MAY 24 2017...........SUNRISE   604 AM CDT   SUNSET   806 PM CDT


-  INDICATES NEGATIVE NUMBERS.
R  INDICATES RECORD WAS SET OR TIED.
MM INDICATES DATA IS MISSING.
T  INDICATES TRACE AMOUNT.




$$
