000
CDUS44 KSHV 210854
CLIMLU


CLIMATE REPORT
NATIONAL WEATHER SERVICE SHREVEPORT, LA
254 AM CST SAT JAN 21 2017


...................................

...THE MONROE CLIMATE SUMMARY FOR JANUARY 20 2017...

CLIMATE NORMAL PERIOD 1981 TO 2010
CLIMATE RECORD PERIOD 1930 TO 2017


WEATHER ITEM   OBSERVED TIME   RECORD YEAR NORMAL DEPARTURE LAST
                VALUE   (LST)  VALUE       VALUE  FROM      YEAR
                                                  NORMAL
..................................................................
TEMPERATURE (F)
 YESTERDAY
  MAXIMUM         75    347 PM  81    2012  57     18       56
  MINIMUM         56    415 AM   8    1985  36     20       40
  AVERAGE         66                        46     20       48

PRECIPITATION (IN)
  YESTERDAY        0.07          2.55 2010   0.16  -0.09     0.09
  MONTH TO DATE    5.10                      3.19   1.91     1.57
  SINCE DEC 1      9.93                      8.48   1.45     7.96
  SINCE JAN 1      5.10                      3.19   1.91     1.57

SNOWFALL (IN)
  YESTERDAY        0.0
  MONTH TO DATE    0.2
  SINCE DEC 1      0.2
  SINCE JUL 1      0.2
  SNOW DEPTH       0

DEGREE DAYS
 HEATING
  YESTERDAY        0                        19    -19       17
  MONTH TO DATE  217                       380   -163      401
  SINCE DEC 1    665                       910   -245      709
  SINCE JUL 1    878                      1282   -404      897

 COOLING
  YESTERDAY        1                         0      1        0
  MONTH TO DATE   17                         0     17        0
  SINCE DEC 1     37                         7     30       53
  SINCE JAN 1     17                         0     17        0
..................................................................


WIND (MPH)
  HIGHEST WIND SPEED    26   HIGHEST WIND DIRECTION     S (190)
  HIGHEST GUST SPEED    36   HIGHEST GUST DIRECTION     S (180)
  AVERAGE WIND SPEED     9.5


SKY COVER
  POSSIBLE SUNSHINE  MM
  AVERAGE SKY COVER 0.4


WEATHER CONDITIONS
 THE FOLLOWING WEATHER WAS RECORDED YESTERDAY.
  RAIN


RELATIVE HUMIDITY (PERCENT)
 HIGHEST   100           100 AM
 LOWEST     43           200 PM
 AVERAGE    72

..........................................................


THE MONROE CLIMATE NORMALS FOR TODAY
                         NORMAL    RECORD    YEAR
 MAXIMUM TEMPERATURE (F)   58        80      1999
 MINIMUM TEMPERATURE (F)   36         8      1985


SUNRISE AND SUNSET
JANUARY 21 2017.......SUNRISE   708 AM CST   SUNSET   531 PM CST
JANUARY 22 2017.......SUNRISE   708 AM CST   SUNSET   532 PM CST


-  INDICATES NEGATIVE NUMBERS.
R  INDICATES RECORD WAS SET OR TIED.
MM INDICATES DATA IS MISSING.
T  INDICATES TRACE AMOUNT.




$$
