000
CDUS44 KSHV 250735
CLIMLU


CLIMATE REPORT
NATIONAL WEATHER SERVICE SHREVEPORT, LA
234 AM CDT SUN SEP 25 2016


...................................

...THE MONROE CLIMATE SUMMARY FOR SEPTEMBER 24 2016...

CLIMATE NORMAL PERIOD 1981 TO 2010
CLIMATE RECORD PERIOD 1930 TO 2016


WEATHER ITEM   OBSERVED TIME   RECORD YEAR NORMAL DEPARTURE LAST
                VALUE   (LST)  VALUE       VALUE  FROM      YEAR
                                                  NORMAL
..................................................................
TEMPERATURE (F)
 YESTERDAY
  MAXIMUM         94    204 PM 101    1931  87      7       94
  MINIMUM         68    634 AM  46    1990  61      7       66
  AVERAGE         81                        74      7       80

PRECIPITATION (IN)
  YESTERDAY        0.00          3.57 1991   0.12  -0.12     0.00
  MONTH TO DATE    0.28                      2.84  -2.56     0.33
  SINCE DEC 1     66.82                     43.61  23.21    36.39
  SINCE JAN 1     60.43                     38.32  22.11    31.91

SNOWFALL (IN)
  YESTERDAY        0.0
  MONTH TO DATE    0.0
  SINCE SEP 1      0.0
  SINCE JUL 1      0.0
  SNOW DEPTH       0

DEGREE DAYS
 HEATING
  YESTERDAY        0                         0      0        0
  MONTH TO DATE    0                         0      0        0
  SINCE SEP 1      0                         0      0        0
  SINCE JUL 1      0                         0      0        0

 COOLING
  YESTERDAY       16                         9      7       15
  MONTH TO DATE  403                       310     93      351
  SINCE SEP 1    403                       310     93      351
  SINCE JAN 1   2457                      2317    140     2426
..................................................................


WIND (MPH)
  HIGHEST WIND SPEED    10   HIGHEST WIND DIRECTION     S (200)
  HIGHEST GUST SPEED    14   HIGHEST GUST DIRECTION     S (180)
  AVERAGE WIND SPEED     1.6


SKY COVER
  POSSIBLE SUNSHINE  MM
  AVERAGE SKY COVER 0.1


WEATHER CONDITIONS
 THE FOLLOWING WEATHER WAS RECORDED YESTERDAY.
  FOG


RELATIVE HUMIDITY (PERCENT)
 HIGHEST   100          1200 AM
 LOWEST     46           200 PM
 AVERAGE    73

..........................................................


THE MONROE CLIMATE NORMALS FOR TODAY
                         NORMAL    RECORD    YEAR
 MAXIMUM TEMPERATURE (F)   86       101      1931
 MINIMUM TEMPERATURE (F)   61        46      1975


SUNRISE AND SUNSET
SEPTEMBER 25 2016.....SUNRISE   659 AM CDT   SUNSET   700 PM CDT
SEPTEMBER 26 2016.....SUNRISE   659 AM CDT   SUNSET   659 PM CDT


-  INDICATES NEGATIVE NUMBERS.
R  INDICATES RECORD WAS SET OR TIED.
MM INDICATES DATA IS MISSING.
T  INDICATES TRACE AMOUNT.




$$
