000
CDUS44 KSHV 302137
CLIMLU


CLIMATE REPORT
NATIONAL WEATHER SERVICE SHREVEPORT, LA
435 PM CDT SAT MAY 30 2015


...................................

...THE MONROE CLIMATE SUMMARY FOR MAY 30 2015...
VALID TODAY AS OF 0400 PM LOCAL TIME.

CLIMATE NORMAL PERIOD 1981 TO 2010
CLIMATE RECORD PERIOD 1930 TO 2015


WEATHER ITEM   OBSERVED TIME   RECORD YEAR NORMAL DEPARTURE LAST
                VALUE   (LST)  VALUE       VALUE  FROM      YEAR
                                                  NORMAL
..................................................................
TEMPERATURE (F)
 TODAY
  MAXIMUM         84   1209 PM  98    1977  89     -5       86
  MINIMUM         69   1249 PM  50    1984  67      2       70
  AVERAGE         77                        78     -1       78

PRECIPITATION (IN)
  TODAY            0.56          1.62 1968   0.16   0.40     0.73
  MONTH TO DATE    7.89                      5.03   2.86     7.05
  SINCE DEC 1     30.84                     29.18   1.66    27.46
  SINCE JAN 1     26.36                     23.89   2.47    24.20

DEGREE DAYS
 HEATING
  TODAY            0                         0      0        0
  MONTH TO DATE    3                         3      0       23
  SINCE MAR 1    311                       333    -22      513
  SINCE JUL 1   2515                      2227    288     2839

 COOLING
  TODAY           12                        13     -1       13
  MONTH TO DATE  267                       276     -9      229
  SINCE MAR 1    411                       412     -1      315
  SINCE JAN 1    411                       423    -12      317
..................................................................


WIND (MPH)
  HIGHEST WIND SPEED    39   HIGHEST WIND DIRECTION     W (280)
  HIGHEST GUST SPEED    47   HIGHEST GUST DIRECTION     W (280)
  AVERAGE WIND SPEED     5.8


SKY COVER
  POSSIBLE SUNSHINE  MM
  AVERAGE SKY COVER 0.6


WEATHER CONDITIONS
 THE FOLLOWING WEATHER WAS RECORDED TODAY.
  THUNDERSTORM
  HEAVY RAIN
  LIGHT RAIN
  FOG
  HAZE


RELATIVE HUMIDITY (PERCENT)
 HIGHEST   100           200 AM
 LOWEST     65          1200 PM
 AVERAGE    83

..........................................................


THE MONROE CLIMATE NORMALS FOR TOMORROW
                         NORMAL    RECORD    YEAR
 MAXIMUM TEMPERATURE (F)   89       104      1998
 MINIMUM TEMPERATURE (F)   67        50      1984


SUNRISE AND SUNSET
MAY 30 2015...........SUNRISE   602 AM CDT   SUNSET   809 PM CDT
MAY 31 2015...........SUNRISE   602 AM CDT   SUNSET   810 PM CDT


-  INDICATES NEGATIVE NUMBERS.
R  INDICATES RECORD WAS SET OR TIED.
MM INDICATES DATA IS MISSING.
T  INDICATES TRACE AMOUNT.




$$
