000
CDUS44 KSHV 230745
CLIMLU


CLIMATE REPORT
NATIONAL WEATHER SERVICE SHREVEPORT, LA
241 AM CDT MON OCT 23 2017


...................................

...THE MONROE CLIMATE SUMMARY FOR OCTOBER 22 2017...

CLIMATE NORMAL PERIOD 1981 TO 2010
CLIMATE RECORD PERIOD 1930 TO 2017


WEATHER ITEM   OBSERVED TIME   RECORD YEAR NORMAL DEPARTURE LAST
                VALUE   (LST)  VALUE       VALUE  FROM      YEAR
                                                  NORMAL
..................................................................
TEMPERATURE (F)
 YESTERDAY
  MAXIMUM         75   1233 AM  94    1934  77     -2       75
  MINIMUM         57   1157 PM  36    1987  51      6       43
                                      1960
                                      1923
  AVERAGE         66                        64      2       59

PRECIPITATION (IN)
  YESTERDAY        0.59          2.37 1957   0.17   0.42     0.00
  MONTH TO DATE    0.87                      3.39  -2.52     0.54
  SINCE DEC 1     53.23                     47.79   5.44    67.36
  SINCE JAN 1     48.40                     42.50   5.90    60.97

SNOWFALL (IN)
  YESTERDAY        0.0
  MONTH TO DATE    0.0
  SINCE SEP 1      0.0
  SINCE JUL 1      0.0
  SNOW DEPTH       0

DEGREE DAYS
 HEATING
  YESTERDAY        0                         4     -4        6
  MONTH TO DATE   11                        44    -33       10
  SINCE SEP 1     11                        50    -39       10
  SINCE JUL 1     11                        50    -39       10

 COOLING
  YESTERDAY        1                         3     -2        0
  MONTH TO DATE  173                       100     73      169
  SINCE SEP 1    529                       457     72      622
  SINCE JAN 1   2556                      2464     92     2676
..................................................................


WIND (MPH)
  HIGHEST WIND SPEED    43   HIGHEST WIND DIRECTION    NW (330)
  HIGHEST GUST SPEED    53   HIGHEST GUST DIRECTION     N (340)
  AVERAGE WIND SPEED     7.7


SKY COVER
  POSSIBLE SUNSHINE  MM
  AVERAGE SKY COVER 0.5


WEATHER CONDITIONS
 THE FOLLOWING WEATHER WAS RECORDED YESTERDAY.
  THUNDERSTORM
  HEAVY RAIN
  RAIN
  LIGHT RAIN
  FOG
  HAZE


RELATIVE HUMIDITY (PERCENT)
 HIGHEST   100           800 AM
 LOWEST     66           400 PM
 AVERAGE    83

..........................................................


THE MONROE CLIMATE NORMALS FOR TODAY
                         NORMAL    RECORD    YEAR
 MAXIMUM TEMPERATURE (F)   77        92      1934
 MINIMUM TEMPERATURE (F)   51        33      1952


SUNRISE AND SUNSET
OCTOBER 23 2017.......SUNRISE   718 AM CDT   SUNSET   626 PM CDT
OCTOBER 24 2017.......SUNRISE   719 AM CDT   SUNSET   625 PM CDT


-  INDICATES NEGATIVE NUMBERS.
R  INDICATES RECORD WAS SET OR TIED.
MM INDICATES DATA IS MISSING.
T  INDICATES TRACE AMOUNT.




$$
