000
CDUS44 KSHV 240751
CLIMLU


CLIMATE REPORT
NATIONAL WEATHER SERVICE SHREVEPORT, LA
241 AM CDT FRI OCT 24 2014


...................................

...THE MONROE CLIMATE SUMMARY FOR OCTOBER 23 2014...

CLIMATE NORMAL PERIOD 1981 TO 2010
CLIMATE RECORD PERIOD 1930 TO 2014


WEATHER ITEM   OBSERVED TIME   RECORD YEAR NORMAL DEPARTURE LAST
                VALUE   (LST)  VALUE       VALUE  FROM      YEAR
                                                  NORMAL
..................................................................
TEMPERATURE (F)
 YESTERDAY
  MAXIMUM         67    155 PM  92    1934  77    -10       74
  MINIMUM         47   1123 PM  33    1952  51     -4       48
  AVERAGE         57                        64     -7       61

PRECIPITATION (IN)
  YESTERDAY        0.00          2.40 1986   0.17  -0.17     0.00
  MONTH TO DATE    3.19                      3.56  -0.37     2.86
  SINCE DEC 1     46.93                     47.96  -1.03    42.18
  SINCE JAN 1     43.67                     42.67   1.00    37.45

SNOWFALL (IN)
  YESTERDAY        0.0
  MONTH TO DATE    0.0
  SINCE SEP 1      0.0
  SINCE JUL 1      0.0
  SNOW DEPTH       0

DEGREE DAYS
 HEATING
  YESTERDAY        8                         4      4        4
  MONTH TO DATE   31                        48    -17       39
  SINCE SEP 1     31                        54    -23       39
  SINCE JUL 1     31                        54    -23       39

 COOLING
  YESTERDAY        0                         3     -3        0
  MONTH TO DATE  122                       103     19      111
  SINCE SEP 1    514                       460     54      564
  SINCE JAN 1   2265                      2467   -202     2409
..................................................................


WIND (MPH)
  HIGHEST WIND SPEED    13   HIGHEST WIND DIRECTION    NW (320)
  HIGHEST GUST SPEED    16   HIGHEST GUST DIRECTION    NW (320)
  AVERAGE WIND SPEED     3.6


SKY COVER
  POSSIBLE SUNSHINE  MM
  AVERAGE SKY COVER 0.1


WEATHER CONDITIONS
 THE FOLLOWING WEATHER WAS RECORDED YESTERDAY.
  FOG
  FOG W/VISIBILITY <= 1/4 MILE


RELATIVE HUMIDITY (PERCENT)
 HIGHEST   100          1100 PM
 LOWEST     48           200 PM
 AVERAGE    74

..........................................................


THE MONROE CLIMATE NORMALS FOR TODAY
                         NORMAL    RECORD    YEAR
 MAXIMUM TEMPERATURE (F)   77        90      1934
 MINIMUM TEMPERATURE (F)   50        31      1952


SUNRISE AND SUNSET
OCTOBER 24 2014.......SUNRISE   719 AM CDT   SUNSET   625 PM CDT
OCTOBER 25 2014.......SUNRISE   720 AM CDT   SUNSET   624 PM CDT


-  INDICATES NEGATIVE NUMBERS.
R  INDICATES RECORD WAS SET OR TIED.
MM INDICATES DATA IS MISSING.
T  INDICATES TRACE AMOUNT.




$$
