892
CDUS46 KPQR 251144
CLIMMV


CLIMATE REPORT
NATIONAL WEATHER SERVICE PORTLAND OREGON
344 AM PST SAT FEB 25 2017


...................................

...THE MCMINNVILLE OR CLIMATE SUMMARY FOR FEBRUARY 24 2017...

CLIMATE NORMAL PERIOD 1981 TO 2010
CLIMATE RECORD PERIOD 1894 TO 2017


WEATHER ITEM   OBSERVED TIME   RECORD YEAR NORMAL DEPARTURE LAST
                VALUE   (LST)  VALUE       VALUE  FROM      YEAR
                                                  NORMAL
..................................................................
TEMPERATURE (F)
 YESTERDAY
  MAXIMUM         42    517 PM  69    1905  52    -10       61
  MINIMUM         31    145 AM  15    1920  35     -4       40
  AVERAGE         37                        44     -7       51

PRECIPITATION (IN)
  YESTERDAY        0.02          2.00 1994   0.14  -0.12      T
  MONTH TO DATE   11.18                      3.78   7.40     3.16
  SINCE OCT 1     38.67                     25.91  12.76    36.74
  SINCE JAN 1     14.86                      9.88   4.98    11.67

DEGREE DAYS
 HEATING
  YESTERDAY       28                        21      7       14
  MONTH TO DATE  519                       541    -22      401
  SINCE JUL 1   3199                      3296    -97     2679

 COOLING
  YESTERDAY        0                         0      0        0
  MONTH TO DATE    0                         0      0        0
  SINCE JAN 1      0                         0      0        0
..................................................................


WIND (MPH)
  HIGHEST WIND SPEED    17   HIGHEST WIND DIRECTION     S (160)
  HIGHEST GUST SPEED    29   HIGHEST GUST DIRECTION    SE (140)
  AVERAGE WIND SPEED     6.0


SKY COVER
  POSSIBLE SUNSHINE  MM
  AVERAGE SKY COVER 0.9


WEATHER CONDITIONS
 THE FOLLOWING WEATHER WAS RECORDED YESTERDAY.
  LIGHT RAIN


RELATIVE HUMIDITY (PERCENT)
 HIGHEST    92           200 AM
 LOWEST     73           400 PM
 AVERAGE    83

..........................................................


THE MCMINNVILLE OR CLIMATE NORMALS FOR TODAY
                         NORMAL    RECORD    YEAR
 MAXIMUM TEMPERATURE (F)   52        68      1991
 MINIMUM TEMPERATURE (F)   35        12      1920


SUNRISE AND SUNSET
FEBRUARY 25 2017......SUNRISE   657 AM PST   SUNSET   555 PM PST
FEBRUARY 26 2017......SUNRISE   655 AM PST   SUNSET   556 PM PST


-  INDICATES NEGATIVE NUMBERS.
R  INDICATES RECORD WAS SET OR TIED.
MM INDICATES DATA IS MISSING.
T  INDICATES TRACE AMOUNT.




$$
