000
CDUS46 KPQR 291145
CLIMMV


CLIMATE REPORT
NATIONAL WEATHER SERVICE PORTLAND OREGON
445 AM PDT FRI JUL 29 2016


...................................

...THE MCMINNVILLE OR CLIMATE SUMMARY FOR JULY 28 2016...

CLIMATE NORMAL PERIOD 1981 TO 2010
CLIMATE RECORD PERIOD 1894 TO 2016


WEATHER ITEM   OBSERVED TIME   RECORD YEAR NORMAL DEPARTURE LAST
                VALUE   (LST)  VALUE       VALUE  FROM      YEAR
                                                  NORMAL
..................................................................
TEMPERATURE (F)
 YESTERDAY
  MAXIMUM         96    407 PM 106    2009  84     12       89
  MINIMUM         58    526 AM  35    1956  52      6       48
  AVERAGE         77                        68      9       69

PRECIPITATION (IN)
  YESTERDAY        0.00          0.28 1950   0.01  -0.01     0.00
  MONTH TO DATE    0.35                      0.48  -0.13      T
  SINCE OCT 1     49.54                     37.76  11.78    32.44
  SINCE JAN 1     24.47                     21.73   2.74    16.20

DEGREE DAYS
 HEATING
  YESTERDAY        0                         1     -1        0
  MONTH TO DATE   17                        42    -25        5
  SINCE JUL 1     17                        42    -25        5

 COOLING
  YESTERDAY       12                         3      9        4
  MONTH TO DATE   72                        68      4      171
  SINCE JAN 1    163                        90     73      301
..................................................................


WIND (MPH)
  HIGHEST WIND SPEED    18   HIGHEST WIND DIRECTION     N (20)
  HIGHEST GUST SPEED    25   HIGHEST GUST DIRECTION     N (360)
  AVERAGE WIND SPEED     6.6


SKY COVER
  POSSIBLE SUNSHINE  MM
  AVERAGE SKY COVER 0.0


WEATHER CONDITIONS
 THE FOLLOWING WEATHER WAS RECORDED YESTERDAY.
  NO SIGNIFICANT WEATHER WAS OBSERVED.


RELATIVE HUMIDITY (PERCENT)
 HIGHEST    87           600 AM
 LOWEST     22           300 PM
 AVERAGE    55

..........................................................


THE MCMINNVILLE OR CLIMATE NORMALS FOR TODAY
                         NORMAL    RECORD    YEAR
 MAXIMUM TEMPERATURE (F)   84       105      2009
 MINIMUM TEMPERATURE (F)   52        35      1917


SUNRISE AND SUNSET
JULY 29 2016..........SUNRISE   455 AM PST   SUNSET   743 PM PST
JULY 30 2016..........SUNRISE   456 AM PST   SUNSET   741 PM PST


-  INDICATES NEGATIVE NUMBERS.
R  INDICATES RECORD WAS SET OR TIED.
MM INDICATES DATA IS MISSING.
T  INDICATES TRACE AMOUNT.




$$
