246
CDUS46 KPQR 091324
CLIMMV


CLIMATE REPORT
NATIONAL WEATHER SERVICE PORTLAND OREGON
524 AM PST FRI DEC 9 2016


...................................

...THE MCMINNVILLE OR CLIMATE SUMMARY FOR DECEMBER 8 2016...

CLIMATE NORMAL PERIOD 1981 TO 2010
CLIMATE RECORD PERIOD 1894 TO 2016


WEATHER ITEM   OBSERVED TIME   RECORD YEAR NORMAL DEPARTURE LAST
                VALUE   (LST)  VALUE       VALUE  FROM      YEAR
                                                  NORMAL
..................................................................
TEMPERATURE (F)
 YESTERDAY
  MAXIMUM         35    855 AM  65    1957  46    -11       62
  MINIMUM         30   1114 AM   4    1972  35     -5       56
  AVERAGE         33                        40     -7       59

PRECIPITATION (IN)
  YESTERDAY        0.14          1.66 1902   0.19  -0.05     1.28
  MONTH TO DATE    1.33                      1.54  -0.21     6.17
  SINCE OCT 1     19.64                     11.48   8.16    15.89
  SINCE JAN 1     44.91                     35.19   9.72    33.99

DEGREE DAYS
 HEATING
  YESTERDAY       32                        25      7        6
  MONTH TO DATE  213                       191     22      134
  SINCE JUL 1   1115                      1413   -298     1100

 COOLING
  YESTERDAY        0                         0      0        0
  MONTH TO DATE    0                         0      0        0
  SINCE JAN 1    363                       215    148      530
..................................................................


WIND (MPH)
  HIGHEST WIND SPEED    15   HIGHEST WIND DIRECTION     N (360)
  HIGHEST GUST SPEED    20   HIGHEST GUST DIRECTION     N (350)
  AVERAGE WIND SPEED     8.6


SKY COVER
  POSSIBLE SUNSHINE  MM
  AVERAGE SKY COVER 0.7


WEATHER CONDITIONS
 THE FOLLOWING WEATHER WAS RECORDED YESTERDAY.
  FREEZING RAIN
  LT FREEZING RAIN
  HEAVY SNOW
  SNOW
  LIGHT SNOW
  FOG
  FOG W/VISIBILITY <= 1/4 MILE


RELATIVE HUMIDITY (PERCENT)
 HIGHEST    92          1200 PM
 LOWEST     51           200 AM
 AVERAGE    72

..........................................................


THE MCMINNVILLE OR CLIMATE NORMALS FOR TODAY
                         NORMAL    RECORD    YEAR
 MAXIMUM TEMPERATURE (F)   46        62      2014
 MINIMUM TEMPERATURE (F)   35        -5      1972


SUNRISE AND SUNSET
DECEMBER  9 2016......SUNRISE   740 AM PST   SUNSET   430 PM PST
DECEMBER 10 2016......SUNRISE   741 AM PST   SUNSET   430 PM PST


-  INDICATES NEGATIVE NUMBERS.
R  INDICATES RECORD WAS SET OR TIED.
MM INDICATES DATA IS MISSING.
T  INDICATES TRACE AMOUNT.




$$
