000
CDUS46 KPQR 271143
CLIMMV


CLIMATE REPORT
NATIONAL WEATHER SERVICE PORTLAND OREGON
442 AM PDT TUE SEP 27 2016


...................................

...THE MCMINNVILLE OR CLIMATE SUMMARY FOR SEPTEMBER 26 2016...

CLIMATE NORMAL PERIOD 1981 TO 2010
CLIMATE RECORD PERIOD 1894 TO 2016


WEATHER ITEM   OBSERVED TIME   RECORD YEAR NORMAL DEPARTURE LAST
                VALUE   (LST)  VALUE       VALUE  FROM      YEAR
                                                  NORMAL
..................................................................
TEMPERATURE (F)
 YESTERDAY
  MAXIMUM         90    410 PM  94    1967  72     18       71
  MINIMUM         50    638 AM  27    1908  45      5       50
  AVERAGE         70                        59     11       61

PRECIPITATION (IN)
  YESTERDAY        0.00          0.95 1981   0.07  -0.07     0.01
  MONTH TO DATE    0.46                      1.11  -0.65     1.20
  SINCE OCT 1     50.33                     39.47  10.86    34.34
  SINCE JAN 1     25.26                     23.44   1.82    18.10

DEGREE DAYS
 HEATING
  YESTERDAY        0                         7     -7        4
  MONTH TO DATE   97                       100     -3       98
  SINCE JUL 1    133                       185    -52      103

 COOLING
  YESTERDAY        5                         0      5        0
  MONTH TO DATE   14                        31    -17       31
  SINCE JAN 1    363                       215    148      525
..................................................................


WIND (MPH)
  HIGHEST WIND SPEED    15   HIGHEST WIND DIRECTION    SW (220)
  HIGHEST GUST SPEED    18   HIGHEST GUST DIRECTION    SW (220)
  AVERAGE WIND SPEED     4.4


SKY COVER
  POSSIBLE SUNSHINE  MM
  AVERAGE SKY COVER 0.0


WEATHER CONDITIONS
 THE FOLLOWING WEATHER WAS RECORDED YESTERDAY.
  FOG
  FOG W/VISIBILITY <= 1/4 MILE


RELATIVE HUMIDITY (PERCENT)
 HIGHEST    96           600 AM
 LOWEST     31           300 PM
 AVERAGE    64

..........................................................


THE MCMINNVILLE OR CLIMATE NORMALS FOR TODAY
                         NORMAL    RECORD    YEAR
 MAXIMUM TEMPERATURE (F)   72        95      1967
 MINIMUM TEMPERATURE (F)   45        31      1908


SUNRISE AND SUNSET
SEPTEMBER 27 2016.....SUNRISE   606 AM PST   SUNSET   559 PM PST
SEPTEMBER 28 2016.....SUNRISE   608 AM PST   SUNSET   557 PM PST


-  INDICATES NEGATIVE NUMBERS.
R  INDICATES RECORD WAS SET OR TIED.
MM INDICATES DATA IS MISSING.
T  INDICATES TRACE AMOUNT.




$$
