878
CDUS46 KPQR 281142
CLIMMV


CLIMATE REPORT
NATIONAL WEATHER SERVICE PORTLAND OREGON
441 AM PDT THU APR 28 2016


...................................

...THE MCMINNVILLE OR CLIMATE SUMMARY FOR APRIL 27 2016...

CLIMATE NORMAL PERIOD 1981 TO 2010
CLIMATE RECORD PERIOD 1894 TO 2016


WEATHER ITEM   OBSERVED TIME   RECORD YEAR NORMAL DEPARTURE LAST
                VALUE   (LST)  VALUE       VALUE  FROM      YEAR
                                                  NORMAL
..................................................................
TEMPERATURE (F)
 YESTERDAY
  MAXIMUM         59    429 PM  99    1926  63     -4       80
  MINIMUM         44   1150 PM  30    1984  40      4       49
  AVERAGE         52                        52      0       65

PRECIPITATION (IN)
  YESTERDAY        0.06          1.76 1962   0.08  -0.02     0.00
  MONTH TO DATE    2.69                      2.71  -0.02     1.50
  SINCE OCT 1     46.55                     33.31  13.24    30.84
  SINCE JAN 1     21.48                     17.28   4.20    14.60

DEGREE DAYS
 HEATING
  YESTERDAY       13                        13      0        0
  MONTH TO DATE  248                       409   -161      400
  SINCE JUL 1   3496                      4360   -864     3310

 COOLING
  YESTERDAY        0                         0      0        0
  MONTH TO DATE   11                         0     11        0
  SINCE JAN 1     11                         0     11        0
..................................................................


WIND (MPH)
  HIGHEST WIND SPEED     7   HIGHEST WIND DIRECTION    SW (240)
  HIGHEST GUST SPEED     9   HIGHEST GUST DIRECTION     E (80)
  AVERAGE WIND SPEED     2.5


SKY COVER
  POSSIBLE SUNSHINE  MM
  AVERAGE SKY COVER 1.0


WEATHER CONDITIONS
 THE FOLLOWING WEATHER WAS RECORDED YESTERDAY.
  LIGHT RAIN


RELATIVE HUMIDITY (PERCENT)
 HIGHEST    93           200 AM
 LOWEST     57           100 PM
 AVERAGE    75

..........................................................


THE MCMINNVILLE OR CLIMATE NORMALS FOR TODAY
                         NORMAL    RECORD    YEAR
 MAXIMUM TEMPERATURE (F)   64        93      1926
 MINIMUM TEMPERATURE (F)   40        25      1973


SUNRISE AND SUNSET
APRIL 28 2016.........SUNRISE   505 AM PST   SUNSET   716 PM PST
APRIL 29 2016.........SUNRISE   503 AM PST   SUNSET   717 PM PST


-  INDICATES NEGATIVE NUMBERS.
R  INDICATES RECORD WAS SET OR TIED.
MM INDICATES DATA IS MISSING.
T  INDICATES TRACE AMOUNT.




$$
