000
CDUS46 KPQR 231143
CLIMMV


CLIMATE REPORT
NATIONAL WEATHER SERVICE PORTLAND OREGON
443 AM PDT SUN APR 23 2017


...................................

...THE MCMINNVILLE OR CLIMATE SUMMARY FOR APRIL 22 2017...

CLIMATE NORMAL PERIOD 1981 TO 2010
CLIMATE RECORD PERIOD 1894 TO 2017


WEATHER ITEM   OBSERVED TIME   RECORD YEAR NORMAL DEPARTURE LAST
                VALUE   (LST)  VALUE       VALUE  FROM      YEAR
                                                  NORMAL
..................................................................
TEMPERATURE (F)
 YESTERDAY
  MAXIMUM         62    151 PM  85    1910  62      0       67
  MINIMUM         46    954 PM  26    1968  40      6       47
  AVERAGE         54                        51      3       57

PRECIPITATION (IN)
  YESTERDAY        0.06          0.66 1990   0.09  -0.03     0.50
  MONTH TO DATE    2.93                      2.30   0.63     2.32
  SINCE OCT 1     49.04                     32.90  16.14    46.18
  SINCE JAN 1     25.23                     16.87   8.36    21.11

DEGREE DAYS
 HEATING
  YESTERDAY       11                        14     -3        8
  MONTH TO DATE  332                       341     -9      173
  SINCE JUL 1   4165                      4292   -127     3421

 COOLING
  YESTERDAY        0                         0      0        0
  MONTH TO DATE    0                         0      0       11
  SINCE JAN 1      0                         0      0       11
..................................................................


WIND (MPH)
  HIGHEST WIND SPEED    29   HIGHEST WIND DIRECTION    SW (210)
  HIGHEST GUST SPEED    36   HIGHEST GUST DIRECTION     S (200)
  AVERAGE WIND SPEED     9.9


SKY COVER
  POSSIBLE SUNSHINE  MM
  AVERAGE SKY COVER 0.6


WEATHER CONDITIONS
 THE FOLLOWING WEATHER WAS RECORDED YESTERDAY.
  LIGHT RAIN


RELATIVE HUMIDITY (PERCENT)
 HIGHEST    86           800 AM
 LOWEST     55          1200 AM
 AVERAGE    71

..........................................................


THE MCMINNVILLE OR CLIMATE NORMALS FOR TODAY
                         NORMAL    RECORD    YEAR
 MAXIMUM TEMPERATURE (F)   62        85      1910
 MINIMUM TEMPERATURE (F)   40        29      1954


SUNRISE AND SUNSET
APRIL 23 2017.........SUNRISE   513 AM PST   SUNSET   709 PM PST
APRIL 24 2017.........SUNRISE   512 AM PST   SUNSET   710 PM PST


-  INDICATES NEGATIVE NUMBERS.
R  INDICATES RECORD WAS SET OR TIED.
MM INDICATES DATA IS MISSING.
T  INDICATES TRACE AMOUNT.




$$
