000
CDUS46 KPQR 181157
CLIMMV


CLIMATE REPORT
NATIONAL WEATHER SERVICE PORTLAND OREGON
356 AM PST WED JAN 18 2017


...................................

...THE MCMINNVILLE OR CLIMATE SUMMARY FOR JANUARY 17 2017...

CLIMATE NORMAL PERIOD 1981 TO 2010
CLIMATE RECORD PERIOD 1894 TO 2017


WEATHER ITEM   OBSERVED TIME   RECORD YEAR NORMAL DEPARTURE LAST
                VALUE   (LST)  VALUE       VALUE  FROM      YEAR
                                                  NORMAL
..................................................................
TEMPERATURE (F)
 YESTERDAY
  MAXIMUM         50   1159 PM  61    1975  48      2       50
  MINIMUM         24   1255 AM  12    1907  34    -10       40
  AVERAGE         37                        41     -4       45

PRECIPITATION (IN)
  YESTERDAY        0.59          1.92 2015   0.21   0.38     0.66
  MONTH TO DATE    2.27                      3.59  -1.32     4.66
  SINCE OCT 1     26.08                     19.62   6.46    29.73
  SINCE JAN 1      2.27                      3.59  -1.32     4.66

DEGREE DAYS
 HEATING
  YESTERDAY       28                        24      4       20
  MONTH TO DATE  595                       420    175      421
  SINCE JUL 1   2364                      2425    -61     2036

 COOLING
  YESTERDAY        0                         0      0        0
  MONTH TO DATE    0                         0      0        0
  SINCE JAN 1      0                         0      0        0
..................................................................


WIND (MPH)
  HIGHEST WIND SPEED    28   HIGHEST WIND DIRECTION     S (190)
  HIGHEST GUST SPEED    38   HIGHEST GUST DIRECTION     S (190)
  AVERAGE WIND SPEED     4.9


SKY COVER
  POSSIBLE SUNSHINE  MM
  AVERAGE SKY COVER 1.0


WEATHER CONDITIONS
 THE FOLLOWING WEATHER WAS RECORDED YESTERDAY.
  RAIN
  LIGHT RAIN
  FOG
  HAZE


RELATIVE HUMIDITY (PERCENT)
 HIGHEST   100           600 PM
 LOWEST     75          1000 AM
 AVERAGE    88

..........................................................


THE MCMINNVILLE OR CLIMATE NORMALS FOR TODAY
                         NORMAL    RECORD    YEAR
 MAXIMUM TEMPERATURE (F)   48        65      2005
 MINIMUM TEMPERATURE (F)   34        10      1943


SUNRISE AND SUNSET
JANUARY 18 2017.......SUNRISE   746 AM PST   SUNSET   501 PM PST
JANUARY 19 2017.......SUNRISE   745 AM PST   SUNSET   502 PM PST


-  INDICATES NEGATIVE NUMBERS.
R  INDICATES RECORD WAS SET OR TIED.
MM INDICATES DATA IS MISSING.
T  INDICATES TRACE AMOUNT.




$$
