000
CDUS46 KPQR 301144
CLIMMV


CLIMATE REPORT
NATIONAL WEATHER SERVICE PORTLAND OREGON
443 AM PDT MON MAR 30 2015


...................................

...THE MCMINNVILLE OR CLIMATE SUMMARY FOR MARCH 29 2015...

CLIMATE NORMAL PERIOD 1981 TO 2010
CLIMATE RECORD PERIOD 1894 TO 2015


WEATHER ITEM   OBSERVED TIME   RECORD YEAR NORMAL DEPARTURE LAST
                VALUE   (LST)  VALUE       VALUE  FROM      YEAR
                                                  NORMAL
..................................................................
TEMPERATURE (F)
 YESTERDAY
  MAXIMUM         67    528 PM  87    1930  58      9       56
  MINIMUM         40    619 AM  26    1972  38      2       44
  AVERAGE         54                        48      6       50

PRECIPITATION (IN)
  YESTERDAY        0.00          1.76 1963   0.12  -0.12     0.67
  MONTH TO DATE    3.70                      3.79  -0.09     7.20
  SINCE OCT 1     29.22                     30.36  -1.14    20.43
  SINCE JAN 1     12.98                     14.33  -1.35    15.47

DEGREE DAYS
 HEATING
  YESTERDAY       11                        17     -6       15
  MONTH TO DATE  405                       539   -134      467
  SINCE JUL 1   2882                      3918  -1036     3892

 COOLING
  YESTERDAY        0                         0      0        0
  MONTH TO DATE    0                         0      0        0
  SINCE JAN 1      0                         0      0        0
..................................................................


WIND (MPH)
  HIGHEST WIND SPEED    10   HIGHEST WIND DIRECTION    SW (220)
  HIGHEST GUST SPEED    11   HIGHEST GUST DIRECTION    SW (220)
  AVERAGE WIND SPEED     2.7


SKY COVER
  POSSIBLE SUNSHINE  MM
  AVERAGE SKY COVER 0.1


WEATHER CONDITIONS
 THE FOLLOWING WEATHER WAS RECORDED YESTERDAY.
  FOG


RELATIVE HUMIDITY (PERCENT)
 HIGHEST   100           600 AM
 LOWEST     43           100 PM
 AVERAGE    72

..........................................................


THE MCMINNVILLE OR CLIMATE NORMALS FOR TODAY
                         NORMAL    RECORD    YEAR
 MAXIMUM TEMPERATURE (F)   58        80      1926
 MINIMUM TEMPERATURE (F)   38        17      1920


SUNRISE AND SUNSET
MARCH 30 2015.........SUNRISE   557 AM PST   SUNSET   638 PM PST
MARCH 31 2015.........SUNRISE   555 AM PST   SUNSET   639 PM PST


-  INDICATES NEGATIVE NUMBERS.
R  INDICATES RECORD WAS SET OR TIED.
MM INDICATES DATA IS MISSING.
T  INDICATES TRACE AMOUNT.




$$
