000
CDUS46 KPQR 020221
CLIMMV


CLIMATE REPORT
NATIONAL WEATHER SERVICE PORTLAND OREGON
721 PM PDT MON SEP 1 2014


...................................

...THE MCMINNVILLE OR CLIMATE SUMMARY FOR SEPTEMBER 1 2014...
VALID TODAY AS OF 0700 PM LOCAL TIME.

CLIMATE NORMAL PERIOD 1981 TO 2010
CLIMATE RECORD PERIOD 1894 TO 2014


WEATHER ITEM   OBSERVED TIME   RECORD YEAR NORMAL DEPARTURE LAST
                VALUE   (LST)  VALUE       VALUE  FROM      YEAR
                                                  NORMAL
..................................................................
TEMPERATURE (F)
 TODAY
  MAXIMUM         83        MM 101    1988  80      3       84
  MINIMUM         49        MM  34    1973  49      0       54
  AVERAGE         66                        65      1       69

PRECIPITATION (IN)
  TODAY            0.00          1.80 1971   0.03  -0.03     0.00
  MONTH TO DATE    0.00                      0.03  -0.03     0.00
  SINCE OCT 1     27.60                     38.39 -10.79    32.20
  SINCE JAN 1     22.64                     22.36   0.28    11.06

DEGREE DAYS
 HEATING
  TODAY            0                         2     -2        0
  MONTH TO DATE    0                         2     -2        0
  SINCE JUL 1      6                        87    -81       17

 COOLING
  TODAY            1                         2     -1        4
  MONTH TO DATE    1                         2     -1        4
  SINCE JAN 1    446                       186    260      341
..................................................................


WIND (MPH)
  HIGHEST WIND SPEED     6   HIGHEST WIND DIRECTION    NE (50)
  HIGHEST GUST SPEED    MM   HIGHEST GUST DIRECTION    MM
  AVERAGE WIND SPEED     2.6


SKY COVER
  POSSIBLE SUNSHINE  MM
  AVERAGE SKY COVER 0.4


WEATHER CONDITIONS
 THE FOLLOWING WEATHER WAS RECORDED TODAY.
  NO SIGNIFICANT WEATHER WAS OBSERVED.


RELATIVE HUMIDITY (PERCENT)
 HIGHEST    96           600 AM
 LOWEST     39           300 PM
 AVERAGE    68

..........................................................


THE MCMINNVILLE OR CLIMATE NORMALS FOR TOMORROW
                         NORMAL    RECORD    YEAR
 MAXIMUM TEMPERATURE (F)   80       105      1988
 MINIMUM TEMPERATURE (F)   49        33      1960


SUNRISE AND SUNSET
SEPTEMBER  1 2014.....SUNRISE   534 AM PST   SUNSET   650 PM PST
SEPTEMBER  2 2014.....SUNRISE   536 AM PST   SUNSET   648 PM PST


-  INDICATES NEGATIVE NUMBERS.
R  INDICATES RECORD WAS SET OR TIED.
MM INDICATES DATA IS MISSING.
T  INDICATES TRACE AMOUNT.




$$
