113
CDUS46 KPQR 101145
CLIMMV


CLIMATE REPORT
NATIONAL WEATHER SERVICE PORTLAND OREGON
344 AM PST WED FEB 10 2016


...................................

...THE MCMINNVILLE OR CLIMATE SUMMARY FOR FEBRUARY 9 2016...

CLIMATE NORMAL PERIOD 1981 TO 2010
CLIMATE RECORD PERIOD 1894 TO 2016


WEATHER ITEM   OBSERVED TIME   RECORD YEAR NORMAL DEPARTURE LAST
                VALUE   (LST)  VALUE       VALUE  FROM      YEAR
                                                  NORMAL
..................................................................
TEMPERATURE (F)
 YESTERDAY
  MAXIMUM         63R   146 PM  63    1963  50     13       54
  MINIMUM         38    650 AM  16    1929  35      3       48
  AVERAGE         51                        42      9       51

PRECIPITATION (IN)
  YESTERDAY        0.00          1.72 1983   0.17  -0.17     1.16
  MONTH TO DATE    0.98                      1.75  -0.77     4.89
  SINCE OCT 1     34.56                     23.88  10.68    24.44
  SINCE JAN 1      9.49                      7.85   1.64     8.20

DEGREE DAYS
 HEATING
  YESTERDAY       14                        23     -9       14
  MONTH TO DATE  162                       207    -45      134
  SINCE JUL 1   2440                      2962   -522     2167

 COOLING
  YESTERDAY        0                         0      0        0
  MONTH TO DATE    0                         0      0        0
  SINCE JAN 1      0                         0      0        0
..................................................................


WIND (MPH)
  HIGHEST WIND SPEED    10   HIGHEST WIND DIRECTION     N (360)
  HIGHEST GUST SPEED    12   HIGHEST GUST DIRECTION     N (350)
  AVERAGE WIND SPEED     3.5


SKY COVER
  POSSIBLE SUNSHINE  MM
  AVERAGE SKY COVER 0.0


WEATHER CONDITIONS
 THE FOLLOWING WEATHER WAS RECORDED YESTERDAY.
  NO SIGNIFICANT WEATHER WAS OBSERVED.


RELATIVE HUMIDITY (PERCENT)
 HIGHEST    96          1000 PM
 LOWEST     49          1200 PM
 AVERAGE    73

..........................................................


THE MCMINNVILLE OR CLIMATE NORMALS FOR TODAY
                         NORMAL    RECORD    YEAR
 MAXIMUM TEMPERATURE (F)   50        66      1963
 MINIMUM TEMPERATURE (F)   35        18      1982


SUNRISE AND SUNSET
FEBRUARY 10 2016......SUNRISE   722 AM PST   SUNSET   532 PM PST
FEBRUARY 11 2016......SUNRISE   720 AM PST   SUNSET   534 PM PST


-  INDICATES NEGATIVE NUMBERS.
R  INDICATES RECORD WAS SET OR TIED.
MM INDICATES DATA IS MISSING.
T  INDICATES TRACE AMOUNT.




$$
