000
CDUS46 KPQR 291141
CLIMMV


CLIMATE REPORT
NATIONAL WEATHER SERVICE PORTLAND OREGON
440 AM PDT MON AUG 29 2016


...................................

...THE MCMINNVILLE OR CLIMATE SUMMARY FOR AUGUST 28 2016...

CLIMATE NORMAL PERIOD 1981 TO 2010
CLIMATE RECORD PERIOD 1894 TO 2016


WEATHER ITEM   OBSERVED TIME   RECORD YEAR NORMAL DEPARTURE LAST
                VALUE   (LST)  VALUE       VALUE  FROM      YEAR
                                                  NORMAL
..................................................................
TEMPERATURE (F)
 YESTERDAY
  MAXIMUM         86    357 PM 103    1923  81      5       78
  MINIMUM         51    604 AM  36    1957  50      1       62
  AVERAGE         69                        65      4       70

PRECIPITATION (IN)
  YESTERDAY        0.00          0.55 1983   0.03  -0.03     0.05
  MONTH TO DATE    0.26                      0.50  -0.24     0.05
  SINCE OCT 1     49.80                     38.28  11.52    32.49
  SINCE JAN 1     24.73                     22.25   2.48    16.25

DEGREE DAYS
 HEATING
  YESTERDAY        0                         2     -2        0
  MONTH TO DATE   16                        33    -17        0
  SINCE JUL 1     33                        77    -44        5

 COOLING
  YESTERDAY        4                         2      2        5
  MONTH TO DATE  167                        75     92      144
  SINCE JAN 1    347                       175    172      490
..................................................................


WIND (MPH)
  HIGHEST WIND SPEED    15   HIGHEST WIND DIRECTION    SW (210)
  HIGHEST GUST SPEED    19   HIGHEST GUST DIRECTION    SW (230)
  AVERAGE WIND SPEED     3.8


SKY COVER
  POSSIBLE SUNSHINE  MM
  AVERAGE SKY COVER 0.0


WEATHER CONDITIONS
 THE FOLLOWING WEATHER WAS RECORDED YESTERDAY.
  FOG


RELATIVE HUMIDITY (PERCENT)
 HIGHEST    96           500 AM
 LOWEST     24           200 PM
 AVERAGE    60

..........................................................


THE MCMINNVILLE OR CLIMATE NORMALS FOR TODAY
                         NORMAL    RECORD    YEAR
 MAXIMUM TEMPERATURE (F)   81       105      1931
 MINIMUM TEMPERATURE (F)   50        34      1969


SUNRISE AND SUNSET
AUGUST 29 2016........SUNRISE   531 AM PST   SUNSET   654 PM PST
AUGUST 30 2016........SUNRISE   533 AM PST   SUNSET   652 PM PST


-  INDICATES NEGATIVE NUMBERS.
R  INDICATES RECORD WAS SET OR TIED.
MM INDICATES DATA IS MISSING.
T  INDICATES TRACE AMOUNT.




$$
