000
CDUS46 KPQR 111143
CLIMMV


CLIMATE REPORT
NATIONAL WEATHER SERVICE PORTLAND OREGON
343 AM PST MON DEC 11 2017


...................................

...THE MCMINNVILLE OR CLIMATE SUMMARY FOR DECEMBER 10 2017...

CLIMATE NORMAL PERIOD 1981 TO 2010
CLIMATE RECORD PERIOD 1894 TO 2017


WEATHER ITEM   OBSERVED TIME   RECORD YEAR NORMAL DEPARTURE LAST
                VALUE   (LST)  VALUE       VALUE  FROM      YEAR
                                                  NORMAL
..................................................................
TEMPERATURE (F)
 YESTERDAY
  MAXIMUM         48    255 PM  63    2014  46      2       46
  MINIMUM         31    717 AM  -5    1972  34     -3       34
  AVERAGE         40                        40      0       40

PRECIPITATION (IN)
  YESTERDAY        0.00          1.94 1992   0.19  -0.19     0.48
  MONTH TO DATE    0.55                      1.92  -1.37     2.52
  SINCE OCT 1     12.71                     11.86   0.85    20.83
  SINCE JAN 1     44.45                     35.57   8.88    46.10

DEGREE DAYS
 HEATING
  YESTERDAY       25                        25      0       25
  MONTH TO DATE  230                       241    -11      269
  SINCE JUL 1   1203                      1463   -260     1171

 COOLING
  YESTERDAY        0                         0      0        0
  MONTH TO DATE    0                         0      0        0
  SINCE JAN 1    507                       215    292      363
..................................................................


WIND (MPH)
  HIGHEST WIND SPEED    15   HIGHEST WIND DIRECTION     N (350)
  HIGHEST GUST SPEED    18   HIGHEST GUST DIRECTION     N (350)
  AVERAGE WIND SPEED     7.7


SKY COVER
  POSSIBLE SUNSHINE  MM
  AVERAGE SKY COVER 0.0


WEATHER CONDITIONS
 THE FOLLOWING WEATHER WAS RECORDED YESTERDAY.
  NO SIGNIFICANT WEATHER WAS OBSERVED.


RELATIVE HUMIDITY (PERCENT)
 HIGHEST    78           200 AM
 LOWEST     46           300 PM
 AVERAGE    62

..........................................................


THE MCMINNVILLE OR CLIMATE NORMALS FOR TODAY
                         NORMAL    RECORD    YEAR
 MAXIMUM TEMPERATURE (F)   46        62      2014
                                             1924
 MINIMUM TEMPERATURE (F)   34        -1      1972


SUNRISE AND SUNSET
DECEMBER 11 2017......SUNRISE   742 AM PST   SUNSET   430 PM PST
DECEMBER 12 2017......SUNRISE   743 AM PST   SUNSET   430 PM PST


-  INDICATES NEGATIVE NUMBERS.
R  INDICATES RECORD WAS SET OR TIED.
MM INDICATES DATA IS MISSING.
T  INDICATES TRACE AMOUNT.




$$
