340
CDUS46 KPQR 231425
CLIMMV


CLIMATE REPORT
NATIONAL WEATHER SERVICE PORTLAND OREGON
724 AM PDT FRI JUN 23 2017


...................................

...THE MCMINNVILLE OR CLIMATE SUMMARY FOR JUNE 22 2017...

CLIMATE NORMAL PERIOD 1981 TO 2010
CLIMATE RECORD PERIOD 1894 TO 2017


WEATHER ITEM   OBSERVED TIME   RECORD YEAR NORMAL DEPARTURE LAST
                VALUE   (LST)  VALUE       VALUE  FROM      YEAR
                                                  NORMAL
..................................................................
TEMPERATURE (F)
 YESTERDAY
  MAXIMUM         84    427 PM 103    1992  74     10       79
  MINIMUM         46    444 AM  37    1908  48     -2       46
  AVERAGE         65                        61      4       63

PRECIPITATION (IN)
  YESTERDAY        0.00          1.14 1897   0.04  -0.04     0.04
  MONTH TO DATE    0.84                      1.22  -0.38     1.22
  SINCE OCT 1     53.31                     36.97  16.34    48.85
  SINCE JAN 1     29.50                     20.94   8.56    23.78

DEGREE DAYS
 HEATING
  YESTERDAY        0                         5     -5        2
  MONTH TO DATE   97                       138    -41       90
  SINCE JUL 1   4602                      4840   -238     3794

 COOLING
  YESTERDAY        0                         1     -1        0
  MONTH TO DATE   14                         3     11       52
  SINCE JAN 1     38                         9     29       71
..................................................................


WIND (MPH)
  HIGHEST WIND SPEED    18   HIGHEST WIND DIRECTION     N (360)
  HIGHEST GUST SPEED    24   HIGHEST GUST DIRECTION     N (360)
  AVERAGE WIND SPEED     9.0


SKY COVER
  POSSIBLE SUNSHINE  MM
  AVERAGE SKY COVER 0.0


WEATHER CONDITIONS
 THE FOLLOWING WEATHER WAS RECORDED YESTERDAY.
  NO SIGNIFICANT WEATHER WAS OBSERVED.


RELATIVE HUMIDITY (PERCENT)
 HIGHEST    86           300 AM
 LOWEST     20           400 PM
 AVERAGE    53

..........................................................


THE MCMINNVILLE OR CLIMATE NORMALS FOR TODAY
                         NORMAL    RECORD    YEAR
 MAXIMUM TEMPERATURE (F)   75       101      1992
 MINIMUM TEMPERATURE (F)   48        34      1920


SUNRISE AND SUNSET
JUNE 23 2017..........SUNRISE   426 AM PST   SUNSET   804 PM PST
JUNE 24 2017..........SUNRISE   426 AM PST   SUNSET   804 PM PST


-  INDICATES NEGATIVE NUMBERS.
R  INDICATES RECORD WAS SET OR TIED.
MM INDICATES DATA IS MISSING.
T  INDICATES TRACE AMOUNT.




$$
