000
CDUS44 KMOB 240645
CLIMOB


CLIMATE REPORT
NATIONAL WEATHER SERVICE MOBILE AL
1245 AM CST SAT FEB 24 2018


...................................

...THE MOBILE CLIMATE SUMMARY FOR FEBRUARY 23 2018...

CLIMATE NORMAL PERIOD 1981 TO 2010
CLIMATE RECORD PERIOD 1842 TO 2018


WEATHER ITEM   OBSERVED TIME   RECORD YEAR NORMAL DEPARTURE LAST
                VALUE   (LST)  VALUE       VALUE  FROM      YEAR
                                                  NORMAL
..................................................................
TEMPERATURE (F)
 YESTERDAY
  MAXIMUM         80    229 PM  81    1980  66     14       79
                                      1925
  MINIMUM         65    414 AM  26    1989  45     20       56
                                      1964
  AVERAGE         73                        56     17       68

PRECIPITATION (IN)
  YESTERDAY        0.01          2.74 1888   0.19  -0.18     0.00
  MONTH TO DATE    5.05                      4.20   0.85     1.25
  SINCE MAR 1     80.18                     65.23  14.95    65.32
  SINCE JAN 1      8.61                      9.85  -1.24    12.18

SNOWFALL (IN)
  YESTERDAY        0.0          MM      MM   0.0    0.0      0.0
  MONTH TO DATE    0.0                       0.1   -0.1      0.0
  SINCE MAR 1      1.1                       0.2    0.9      0.0
  SINCE JUL 1      1.1                       0.1    1.0      0.0
  SNOW DEPTH       0

DEGREE DAYS
 HEATING
  YESTERDAY        0                        10    -10        0
  MONTH TO DATE   93                       276   -183      105
  SINCE DEC 1   1041                      1139    -98      619
  SINCE JUL 1   1257                      1397   -140      753

 COOLING
  YESTERDAY        8                         0      8        3
  MONTH TO DATE   78                         0     78       21
  SINCE DEC 1     96                        22     74      108
  SINCE JAN 1     80                         7     73       67
..................................................................


WIND (MPH)
  HIGHEST WIND SPEED    18   HIGHEST WIND DIRECTION     S (160)
  HIGHEST GUST SPEED    24   HIGHEST GUST DIRECTION     S (160)
  AVERAGE WIND SPEED    10.0


SKY COVER
  POSSIBLE SUNSHINE  MM
  AVERAGE SKY COVER 0.9


WEATHER CONDITIONS
 THE FOLLOWING WEATHER WAS RECORDED YESTERDAY.
  LIGHT RAIN
  FOG
  HAZE


RELATIVE HUMIDITY (PERCENT)
 HIGHEST   100           500 AM
 LOWEST     62           200 PM
 AVERAGE    81

..........................................................


THE MOBILE CLIMATE NORMALS FOR TODAY
                         NORMAL    RECORD    YEAR
 MAXIMUM TEMPERATURE (F)   66        80      1944
                                             1927
 MINIMUM TEMPERATURE (F)   45        19      1989


SUNRISE AND SUNSET
FEBRUARY 24 2018......SUNRISE   625 AM CST   SUNSET   548 PM CST
FEBRUARY 25 2018......SUNRISE   624 AM CST   SUNSET   549 PM CST


-  INDICATES NEGATIVE NUMBERS.
R  INDICATES RECORD WAS SET OR TIED.
MM INDICATES DATA IS MISSING.
T  INDICATES TRACE AMOUNT.




$$
