000
CDUS44 KMOB 290716
CLIMOB


CLIMATE REPORT
NATIONAL WEATHER SERVICE MOBILE AL
216 AM CDT FRI AUG 29 2014


...................................

...THE MOBILE CLIMATE SUMMARY FOR AUGUST 28 2014...

CLIMATE NORMAL PERIOD 1981 TO 2010
CLIMATE RECORD PERIOD 1842 TO 2014


WEATHER ITEM   OBSERVED TIME   RECORD YEAR NORMAL DEPARTURE LAST
                VALUE   (LST)  VALUE       VALUE  FROM      YEAR
                                                  NORMAL
..................................................................
TEMPERATURE (F)
 YESTERDAY
  MAXIMUM         90    113 PM  97    2000  90      0       90
                                      1954
                                      1909
  MINIMUM         72   1159 PM  66    2013  72      0       66
                                      1992
                                      1952
  AVERAGE         81                        81      0       78

PRECIPITATION (IN)
  YESTERDAY        1.03          4.15 2012   0.18   0.85     0.00
  MONTH TO DATE    2.81                      6.42  -3.61     9.87
  SINCE MAR 1     50.26                     35.85  14.41    37.44
  SINCE JAN 1     57.38                     46.62  10.76    51.62

DEGREE DAYS
 COOLING
  YESTERDAY       16                        16      0       13
  MONTH TO DATE  484                       471     13      448
  SINCE JUN 1   1357                      1437    -80     1416
  SINCE JAN 1   1695                      1882   -187     1780
..................................................................


WIND (MPH)
  HIGHEST WIND SPEED    13   HIGHEST WIND DIRECTION    NW (330)
  HIGHEST GUST SPEED    20   HIGHEST GUST DIRECTION     N (350)
  AVERAGE WIND SPEED     1.8


SKY COVER
  POSSIBLE SUNSHINE  MM
  AVERAGE SKY COVER 0.4


WEATHER CONDITIONS
 THE FOLLOWING WEATHER WAS RECORDED YESTERDAY.
  HEAVY RAIN
  RAIN
  LIGHT RAIN
  FOG
  FOG W/VISIBILITY <= 1/4 MILE


RELATIVE HUMIDITY (PERCENT)
 HIGHEST   100          1200 AM
 LOWEST     50           100 PM
 AVERAGE    75

..........................................................


THE MOBILE CLIMATE NORMALS FOR TODAY
                         NORMAL    RECORD    YEAR
 MAXIMUM TEMPERATURE (F)   90       105      2000
 MINIMUM TEMPERATURE (F)   72        61      1992


SUNRISE AND SUNSET
AUGUST 29 2014........SUNRISE   628 AM CDT   SUNSET   720 PM CDT
AUGUST 30 2014........SUNRISE   628 AM CDT   SUNSET   718 PM CDT


-  INDICATES NEGATIVE NUMBERS.
R  INDICATES RECORD WAS SET OR TIED.
MM INDICATES DATA IS MISSING.
T  INDICATES TRACE AMOUNT.




$$
