000
CDUS44 KMOB 212342
CLIMOB


CLIMATE REPORT
NATIONAL WEATHER SERVICE MOBILE AL
540 PM CST FRI NOV 21 2014


...................................

...THE MOBILE CLIMATE SUMMARY FOR NOVEMBER 21 2014...
VALID TODAY AS OF 0500 PM LOCAL TIME.

CLIMATE NORMAL PERIOD 1981 TO 2010
CLIMATE RECORD PERIOD 1842 TO 2014


WEATHER ITEM   OBSERVED TIME   RECORD YEAR NORMAL DEPARTURE LAST
                VALUE   (LST)  VALUE       VALUE  FROM      YEAR
                                                  NORMAL
..................................................................
TEMPERATURE (F)
 TODAY
  MAXIMUM         69    125 PM  82    1994  69      0       71
  MINIMUM         38    528 AM  25    1887  47     -9       54
  AVERAGE         54                        58     -4       63

PRECIPITATION (IN)
  TODAY            0.00          2.39 1977   0.17  -0.17     0.00
  MONTH TO DATE    1.31                      3.63  -2.32     1.25
  SINCE MAR 1     60.15                     48.82  11.33    45.55
  SINCE JAN 1     67.27                     59.59   7.68    59.73

DEGREE DAYS
 HEATING
  TODAY           11                         8      3        2
  MONTH TO DATE  273                       120    153      108
  SINCE SEP 1    313                       175    138      138
  SINCE JUL 1    313                       175    138      138

 COOLING
  TODAY            0                         1     -1        0
  MONTH TO DATE    5                        33    -28       11
  SINCE SEP 1    553                       568    -15      661
  SINCE JAN 1   2301                      2495   -194     2491
..................................................................


WIND (MPH)
  HIGHEST WIND SPEED    15   HIGHEST WIND DIRECTION     E (90)
  HIGHEST GUST SPEED    20   HIGHEST GUST DIRECTION     E (100)
  AVERAGE WIND SPEED     4.5


SKY COVER
  POSSIBLE SUNSHINE  MM
  AVERAGE SKY COVER 0.0


WEATHER CONDITIONS
 THE FOLLOWING WEATHER WAS RECORDED TODAY.
  FOG


RELATIVE HUMIDITY (PERCENT)
 HIGHEST   100           200 AM
 LOWEST     42           100 PM
 AVERAGE    71

..........................................................


THE MOBILE CLIMATE NORMALS FOR TOMORROW
                         NORMAL    RECORD    YEAR
 MAXIMUM TEMPERATURE (F)   69        81      1973
 MINIMUM TEMPERATURE (F)   47        26      2000


SUNRISE AND SUNSET
NOVEMBER 21 2014......SUNRISE   624 AM CST   SUNSET   453 PM CST
NOVEMBER 22 2014......SUNRISE   625 AM CST   SUNSET   453 PM CST


-  INDICATES NEGATIVE NUMBERS.
R  INDICATES RECORD WAS SET OR TIED.
MM INDICATES DATA IS MISSING.
T  INDICATES TRACE AMOUNT.




$$
