000
CDUS44 KMOB 280645
CLIMOB


CLIMATE REPORT
NATIONAL WEATHER SERVICE MOBILE AL
145 AM CDT SAT MAR 28 2015


...................................

...THE MOBILE CLIMATE SUMMARY FOR MARCH 27 2015...

CLIMATE NORMAL PERIOD 1981 TO 2010
CLIMATE RECORD PERIOD 1842 TO 2015


WEATHER ITEM   OBSERVED TIME   RECORD YEAR NORMAL DEPARTURE LAST
                VALUE   (LST)  VALUE       VALUE  FROM      YEAR
                                                  NORMAL
..................................................................
TEMPERATURE (F)
 YESTERDAY
  MAXIMUM         68    250 PM  91    1910  74     -6       70
  MINIMUM         47   1151 PM  26    1955  51     -4       44
  AVERAGE         58                        62     -4       57

PRECIPITATION (IN)
  YESTERDAY        T             4.10 1946   0.20  -0.20     0.10
  MONTH TO DATE    3.96                      5.37  -1.41     3.05
  SINCE MAR 1      3.96                      5.37  -1.41     3.05
  SINCE JAN 1     10.01                     16.14  -6.13    10.17

SNOWFALL (IN)
  YESTERDAY       MM            MM      MM   0.0   MM        0.0
  MONTH TO DATE    0.0                       0.1   -0.1      0.0
  SINCE MAR 1      0.0                       0.1   -0.1      0.0
  SINCE JUL 1      T                         0.2   -0.2      1.3
  SNOW DEPTH       0

DEGREE DAYS
 HEATING
  YESTERDAY        7                         4      3        8
  MONTH TO DATE   91                       172    -81      253
  SINCE MAR 1     91                       172    -81      253
  SINCE JUL 1   1793                      1614    179     1956

 COOLING
  YESTERDAY        0                         2     -2        0
  MONTH TO DATE   83                        29     54        1
  SINCE MAR 1     83                        29     54        1
  SINCE JAN 1     87                        45     42       13
..................................................................


WIND (MPH)
  HIGHEST WIND SPEED    21   HIGHEST WIND DIRECTION     N (340)
  HIGHEST GUST SPEED    29   HIGHEST GUST DIRECTION    NW (330)
  AVERAGE WIND SPEED    12.4


SKY COVER
  POSSIBLE SUNSHINE  MM
  AVERAGE SKY COVER 0.5


WEATHER CONDITIONS
 THE FOLLOWING WEATHER WAS RECORDED YESTERDAY.
  FOG
  HAZE


RELATIVE HUMIDITY (PERCENT)
 HIGHEST    96           400 AM
 LOWEST     24           300 PM
 AVERAGE    60

..........................................................


THE MOBILE CLIMATE NORMALS FOR TODAY
                         NORMAL    RECORD    YEAR
 MAXIMUM TEMPERATURE (F)   74        84      1987
                                             1884
 MINIMUM TEMPERATURE (F)   51        32      1937


SUNRISE AND SUNSET
MARCH 28 2015.........SUNRISE   647 AM CDT   SUNSET   709 PM CDT
MARCH 29 2015.........SUNRISE   646 AM CDT   SUNSET   710 PM CDT


-  INDICATES NEGATIVE NUMBERS.
R  INDICATES RECORD WAS SET OR TIED.
MM INDICATES DATA IS MISSING.
T  INDICATES TRACE AMOUNT.




$$
