000
CDUS44 KMOB 290626
CLIMOB


CLIMATE REPORT
NATIONAL WEATHER SERVICE MOBILE AL
126 AM CDT FRI JUL 29 2016


...................................

...THE MOBILE CLIMATE SUMMARY FOR JULY 28 2016...

CLIMATE NORMAL PERIOD 1981 TO 2010
CLIMATE RECORD PERIOD 1842 TO 2016


WEATHER ITEM   OBSERVED TIME   RECORD YEAR NORMAL DEPARTURE LAST
                VALUE   (LST)  VALUE       VALUE  FROM      YEAR
                                                  NORMAL
..................................................................
TEMPERATURE (F)
 YESTERDAY
  MAXIMUM         91    334 PM 100    1968  91      0       96
  MINIMUM         73    520 AM  67    1994  73      0       76
  AVERAGE         82                        82      0       86

PRECIPITATION (IN)
  YESTERDAY        0.00          1.53 1950   0.24  -0.24     0.00
  MONTH TO DATE    6.36                      6.53  -0.17     6.09
  SINCE MAR 1     32.54                     28.71   3.83    37.06
  SINCE JAN 1     41.99                     39.48   2.51    43.11

DEGREE DAYS
 COOLING
  YESTERDAY       17                        17      0       21
  MONTH TO DATE  507                       474     33      517
  SINCE JUN 1    987                       918     69      995
  SINCE JAN 1   1446                      1363     83     1595
..................................................................


WIND (MPH)
  HIGHEST WIND SPEED    16   HIGHEST WIND DIRECTION     S (190)
  HIGHEST GUST SPEED    18   HIGHEST GUST DIRECTION     S (200)
  AVERAGE WIND SPEED     5.4


SKY COVER
  POSSIBLE SUNSHINE  MM
  AVERAGE SKY COVER 0.3


WEATHER CONDITIONS
 THE FOLLOWING WEATHER WAS RECORDED YESTERDAY.
  NO SIGNIFICANT WEATHER WAS OBSERVED.


RELATIVE HUMIDITY (PERCENT)
 HIGHEST    94          1100 PM
 LOWEST     52           400 PM
 AVERAGE    73

..........................................................


THE MOBILE CLIMATE NORMALS FOR TODAY
                         NORMAL    RECORD    YEAR
 MAXIMUM TEMPERATURE (F)   91       100      1877
 MINIMUM TEMPERATURE (F)   73        66      1994


SUNRISE AND SUNSET
JULY 29 2016..........SUNRISE   609 AM CDT   SUNSET   749 PM CDT
JULY 30 2016..........SUNRISE   610 AM CDT   SUNSET   749 PM CDT


-  INDICATES NEGATIVE NUMBERS.
R  INDICATES RECORD WAS SET OR TIED.
MM INDICATES DATA IS MISSING.
T  INDICATES TRACE AMOUNT.




$$
