000
CDUS44 KMOB 290645
CLIMOB


CLIMATE REPORT
NATIONAL WEATHER SERVICE MOBILE AL
1245 AM CST SAT NOV 29 2014


...................................

...THE MOBILE CLIMATE SUMMARY FOR NOVEMBER 28 2014...

CLIMATE NORMAL PERIOD 1981 TO 2010
CLIMATE RECORD PERIOD 1842 TO 2014


WEATHER ITEM   OBSERVED TIME   RECORD YEAR NORMAL DEPARTURE LAST
                VALUE   (LST)  VALUE       VALUE  FROM      YEAR
                                                  NORMAL
..................................................................
TEMPERATURE (F)
 YESTERDAY
  MAXIMUM         60    336 PM  80    2005  67     -7       49
  MINIMUM         34    654 AM  25    2013  45    -11       25
                                      1938
  AVERAGE         47                        56     -9       37

PRECIPITATION (IN)
  YESTERDAY        0.00          2.15 1976   0.17  -0.17     0.00
  MONTH TO DATE    1.48                      4.79  -3.31     3.43
  SINCE MAR 1     60.32                     49.98  10.34    47.73
  SINCE JAN 1     67.44                     60.75   6.69    61.91

SNOWFALL (IN)
  YESTERDAY        0.0           0.0  2002   0.0    0.0      0.0
                                      2001
                                      2000
  MONTH TO DATE    0.0                       0.0    0.0      0.0
  SINCE MAR 1      0.0                       0.1   -0.1      0.0
  SINCE JUL 1      0.0                       0.0    0.0      0.0
  SNOW DEPTH       0

DEGREE DAYS
 HEATING
  YESTERDAY       18                        10      8       28
  MONTH TO DATE  340                       182    158      217
  SINCE SEP 1    380                       237    143      247
  SINCE JUL 1    380                       237    143      247

 COOLING
  YESTERDAY        0                         1     -1        0
  MONTH TO DATE    8                        40    -32       15
  SINCE SEP 1    556                       575    -19      665
  SINCE JAN 1   2304                      2502   -198     2495
..................................................................


WIND (MPH)
  HIGHEST WIND SPEED    13   HIGHEST WIND DIRECTION    NE (50)
  HIGHEST GUST SPEED    15   HIGHEST GUST DIRECTION    NE (60)
  AVERAGE WIND SPEED     4.3


SKY COVER
  POSSIBLE SUNSHINE  MM
  AVERAGE SKY COVER 0.0


WEATHER CONDITIONS
 THE FOLLOWING WEATHER WAS RECORDED YESTERDAY.
  NO SIGNIFICANT WEATHER WAS OBSERVED.


RELATIVE HUMIDITY (PERCENT)
 HIGHEST    89           600 AM
 LOWEST     28           300 PM
 AVERAGE    59

..........................................................


THE MOBILE CLIMATE NORMALS FOR TODAY
                         NORMAL    RECORD    YEAR
 MAXIMUM TEMPERATURE (F)   67        79      1949
                                             1919
                                             1905
 MINIMUM TEMPERATURE (F)   45        25      1976
                                             1959
                                             1955


SUNRISE AND SUNSET
NOVEMBER 29 2014......SUNRISE   631 AM CST   SUNSET   451 PM CST
NOVEMBER 30 2014......SUNRISE   632 AM CST   SUNSET   451 PM CST


-  INDICATES NEGATIVE NUMBERS.
R  INDICATES RECORD WAS SET OR TIED.
MM INDICATES DATA IS MISSING.
T  INDICATES TRACE AMOUNT.




$$
