000
CDUS44 KMOB 230645
CLIMOB


CLIMATE REPORT
NATIONAL WEATHER SERVICE MOBILE AL
145 AM CDT THU OCT 23 2014


...................................

...THE MOBILE CLIMATE SUMMARY FOR OCTOBER 22 2014...

CLIMATE NORMAL PERIOD 1981 TO 2010
CLIMATE RECORD PERIOD 1842 TO 2014


WEATHER ITEM   OBSERVED TIME   RECORD YEAR NORMAL DEPARTURE LAST
                VALUE   (LST)  VALUE       VALUE  FROM      YEAR
                                                  NORMAL
..................................................................
TEMPERATURE (F)
 YESTERDAY
  MAXIMUM         77    329 PM  91    1963  78     -1       80
  MINIMUM         51   1124 PM  38    2011  56     -5       57
                                      1987
  AVERAGE         64                        66     -2       69

PRECIPITATION (IN)
  YESTERDAY        0.00          3.28 1919   0.11  -0.11     0.00
  MONTH TO DATE    3.02                      2.56   0.46     2.08
  SINCE MAR 1     58.83                     44.06  14.77    44.19
  SINCE JAN 1     65.95                     54.83  11.12    58.37

DEGREE DAYS
 HEATING
  YESTERDAY        1                         2     -1        0
  MONTH TO DATE   17                        24     -7        4
  SINCE SEP 1     17                        26     -9        4
  SINCE JUL 1     17                        26     -9        4

 COOLING
  YESTERDAY        0                         4     -4        4
  MONTH TO DATE  115                       129    -14      177
  SINCE SEP 1    529                       506     23      627
  SINCE JAN 1   2277                      2433   -156     2457
..................................................................


WIND (MPH)
  HIGHEST WIND SPEED    15   HIGHEST WIND DIRECTION     N (20)
  HIGHEST GUST SPEED    20   HIGHEST GUST DIRECTION     N (360)
  AVERAGE WIND SPEED     8.0


SKY COVER
  POSSIBLE SUNSHINE  MM
  AVERAGE SKY COVER 0.0


WEATHER CONDITIONS
 THE FOLLOWING WEATHER WAS RECORDED YESTERDAY.
  NO SIGNIFICANT WEATHER WAS OBSERVED.


RELATIVE HUMIDITY (PERCENT)
 HIGHEST   100           100 AM
 LOWEST     38           100 PM
 AVERAGE    69

..........................................................


THE MOBILE CLIMATE NORMALS FOR TODAY
                         NORMAL    RECORD    YEAR
 MAXIMUM TEMPERATURE (F)   77        90      1941
 MINIMUM TEMPERATURE (F)   55        38      1937


SUNRISE AND SUNSET
OCTOBER 23 2014.......SUNRISE   701 AM CDT   SUNSET   613 PM CDT
OCTOBER 24 2014.......SUNRISE   702 AM CDT   SUNSET   612 PM CDT


-  INDICATES NEGATIVE NUMBERS.
R  INDICATES RECORD WAS SET OR TIED.
MM INDICATES DATA IS MISSING.
T  INDICATES TRACE AMOUNT.




$$
