892
CDUS44 KMOB 180645
CLIMOB


CLIMATE REPORT
NATIONAL WEATHER SERVICE MOBILE AL
145 AM CDT FRI AUG 18 2017


...................................

...THE MOBILE CLIMATE SUMMARY FOR AUGUST 17 2017...

CLIMATE NORMAL PERIOD 1981 TO 2010
CLIMATE RECORD PERIOD 1842 TO 2017


WEATHER ITEM   OBSERVED TIME   RECORD YEAR NORMAL DEPARTURE LAST
                VALUE   (LST)  VALUE       VALUE  FROM      YEAR
                                                  NORMAL
..................................................................
TEMPERATURE (F)
 YESTERDAY
  MAXIMUM         94    354 PM  99    2000  91      3       92
                                      1952
  MINIMUM         74    537 AM  66    2004  73      1       76
                                      1889
  AVERAGE         84                        82      2       84

PRECIPITATION (IN)
  YESTERDAY        0.00          5.12 1969   0.22  -0.22     0.00
  MONTH TO DATE    6.16                      4.16   2.00     3.65
  SINCE MAR 1     43.62                     33.59  10.03    36.58
  SINCE JAN 1     55.83                     44.36  11.47    46.03

DEGREE DAYS
 COOLING
  YESTERDAY       19                        17      2       19
  MONTH TO DATE  284                       289     -5      292
  SINCE JUN 1   1246                      1255     -9     1335
  SINCE JAN 1   1847                      1700    147     1794
..................................................................


WIND (MPH)
  HIGHEST WIND SPEED    13   HIGHEST WIND DIRECTION     S (200)
  HIGHEST GUST SPEED    16   HIGHEST GUST DIRECTION     S (200)
  AVERAGE WIND SPEED     4.2


SKY COVER
  POSSIBLE SUNSHINE  MM
  AVERAGE SKY COVER 0.2


WEATHER CONDITIONS
 THE FOLLOWING WEATHER WAS RECORDED YESTERDAY.
  NO SIGNIFICANT WEATHER WAS OBSERVED.


RELATIVE HUMIDITY (PERCENT)
 HIGHEST    94           100 AM
 LOWEST     49           300 PM
 AVERAGE    72

..........................................................


THE MOBILE CLIMATE NORMALS FOR TODAY
                         NORMAL    RECORD    YEAR
 MAXIMUM TEMPERATURE (F)   91       101      1909
 MINIMUM TEMPERATURE (F)   73        65      2004
                                             1879


SUNRISE AND SUNSET
AUGUST 18 2017........SUNRISE   621 AM CDT   SUNSET   732 PM CDT
AUGUST 19 2017........SUNRISE   622 AM CDT   SUNSET   731 PM CDT


-  INDICATES NEGATIVE NUMBERS.
R  INDICATES RECORD WAS SET OR TIED.
MM INDICATES DATA IS MISSING.
T  INDICATES TRACE AMOUNT.




$$
