000
CDUS44 KMOB 300645
CLIMOB


CLIMATE REPORT
NATIONAL WEATHER SERVICE MOBILE AL
145 AM CDT FRI SEP 30 2016


...................................

...THE MOBILE CLIMATE SUMMARY FOR SEPTEMBER 29 2016...

CLIMATE NORMAL PERIOD 1981 TO 2010
CLIMATE RECORD PERIOD 1842 TO 2016


WEATHER ITEM   OBSERVED TIME   RECORD YEAR NORMAL DEPARTURE LAST
                VALUE   (LST)  VALUE       VALUE  FROM      YEAR
                                                  NORMAL
..................................................................
TEMPERATURE (F)
 YESTERDAY
  MAXIMUM         84    149 PM  94    1904  84      0       84
  MINIMUM         59   1147 PM  42    1967  64     -5       71
  AVERAGE         72                        74     -2       78

PRECIPITATION (IN)
  YESTERDAY        0.00          4.10 1898   0.16  -0.16     0.00
  MONTH TO DATE    5.24                      4.96   0.28     9.84
  SINCE MAR 1     42.76                     41.35   1.41    50.86
  SINCE JAN 1     52.21                     52.12   0.09    56.91

DEGREE DAYS
 HEATING
  YESTERDAY        0                         0      0        0
  MONTH TO DATE    0                         0      0        0
  SINCE SEP 1      0                         0      0        0
  SINCE JUL 1      0                         0      0        0

 COOLING
  YESTERDAY        7                         9     -2       13
  MONTH TO DATE  464                       368     96      370
  SINCE SEP 1    464                       368     96      370
  SINCE JAN 1   2514                      2295    219     2550
..................................................................


WIND (MPH)
  HIGHEST WIND SPEED    13   HIGHEST WIND DIRECTION     N (340)
  HIGHEST GUST SPEED    17   HIGHEST GUST DIRECTION     N (350)
  AVERAGE WIND SPEED     5.6


SKY COVER
  POSSIBLE SUNSHINE  MM
  AVERAGE SKY COVER 0.2


WEATHER CONDITIONS
 THE FOLLOWING WEATHER WAS RECORDED YESTERDAY.
  NO SIGNIFICANT WEATHER WAS OBSERVED.


RELATIVE HUMIDITY (PERCENT)
 HIGHEST   100           500 AM
 LOWEST     43           400 PM
 AVERAGE    72

..........................................................


THE MOBILE CLIMATE NORMALS FOR TODAY
                         NORMAL    RECORD    YEAR
 MAXIMUM TEMPERATURE (F)   84        93      1933
 MINIMUM TEMPERATURE (F)   63        45      1967


SUNRISE AND SUNSET
SEPTEMBER 30 2016.....SUNRISE   646 AM CDT   SUNSET   639 PM CDT
OCTOBER  1 2016.......SUNRISE   647 AM CDT   SUNSET   638 PM CDT


-  INDICATES NEGATIVE NUMBERS.
R  INDICATES RECORD WAS SET OR TIED.
MM INDICATES DATA IS MISSING.
T  INDICATES TRACE AMOUNT.




$$
