000
CDUS44 KMOB 160649
CLIMOB


CLIMATE REPORT
NATIONAL WEATHER SERVICE MOBILE AL
139 AM CDT TUE SEP 16 2014


...................................

...THE MOBILE CLIMATE SUMMARY FOR SEPTEMBER 15 2014...

CLIMATE NORMAL PERIOD 1981 TO 2010
CLIMATE RECORD PERIOD 1842 TO 2014


WEATHER ITEM   OBSERVED TIME   RECORD YEAR NORMAL DEPARTURE LAST
                VALUE   (LST)  VALUE       VALUE  FROM      YEAR
                                                  NORMAL
..................................................................
TEMPERATURE (F)
 YESTERDAY
  MAXIMUM         89   1206 PM  97    1972  87      2       92
  MINIMUM         73    602 AM  54    1985  69      4       68
  AVERAGE         81                        78      3       80

PRECIPITATION (IN)
  YESTERDAY        0.00          3.88 1913   0.18  -0.18     0.00
  MONTH TO DATE    3.00                      2.63   0.37     2.90
  SINCE MAR 1     53.28                     39.02  14.26    40.42
  SINCE JAN 1     60.40                     49.79  10.61    54.60

DEGREE DAYS
 HEATING
  YESTERDAY        0                         0      0        0
  MONTH TO DATE    0                         0      0        0
  SINCE SEP 1      0                         0      0        0
  SINCE JUL 1      0                         0      0        0

 COOLING
  YESTERDAY       16                        13      3       15
  MONTH TO DATE  248                       216     32      251
  SINCE SEP 1    248                       216     32      251
  SINCE JAN 1   1996                      2143   -147     2081
..................................................................


WIND (MPH)
  HIGHEST WIND SPEED    10   HIGHEST WIND DIRECTION     S (170)
  HIGHEST GUST SPEED    13   HIGHEST GUST DIRECTION     S (160)
  AVERAGE WIND SPEED     3.7


SKY COVER
  POSSIBLE SUNSHINE  MM
  AVERAGE SKY COVER 0.4


WEATHER CONDITIONS
 THE FOLLOWING WEATHER WAS RECORDED YESTERDAY.
  THUNDERSTORM


RELATIVE HUMIDITY (PERCENT)
 HIGHEST   100          1200 AM
 LOWEST     63          1100 AM
 AVERAGE    82

..........................................................


THE MOBILE CLIMATE NORMALS FOR TODAY
                         NORMAL    RECORD    YEAR
 MAXIMUM TEMPERATURE (F)   87       101      1927
 MINIMUM TEMPERATURE (F)   68        55      1961


SUNRISE AND SUNSET
SEPTEMBER 16 2014.....SUNRISE   638 AM CDT   SUNSET   657 PM CDT
SEPTEMBER 17 2014.....SUNRISE   638 AM CDT   SUNSET   656 PM CDT


-  INDICATES NEGATIVE NUMBERS.
R  INDICATES RECORD WAS SET OR TIED.
MM INDICATES DATA IS MISSING.
T  INDICATES TRACE AMOUNT.




$$
