000
CDUS44 KMOB 280645
CLIMOB


CLIMATE REPORT
NATIONAL WEATHER SERVICE MOBILE AL
145 AM CDT WED JUN 28 2017


...................................

...THE MOBILE CLIMATE SUMMARY FOR JUNE 27 2017...

CLIMATE NORMAL PERIOD 1981 TO 2010
CLIMATE RECORD PERIOD 1842 TO 2017


WEATHER ITEM   OBSERVED TIME   RECORD YEAR NORMAL DEPARTURE LAST
                VALUE   (LST)  VALUE       VALUE  FROM      YEAR
                                                  NORMAL
..................................................................
TEMPERATURE (F)
 YESTERDAY
  MAXIMUM         87    256 PM 100    1988  90     -3       92
                                      1952
  MINIMUM         70    421 AM  61    1974  72     -2       74
  AVERAGE         79                        81     -2       83

PRECIPITATION (IN)
  YESTERDAY        0.00          6.15 1888   0.22  -0.22      T
  MONTH TO DATE   11.95                      5.42   6.53     4.78
  SINCE MAR 1     31.73                     21.49  10.24    23.49
  SINCE JAN 1     43.94                     32.26  11.68    32.94

DEGREE DAYS
 COOLING
  YESTERDAY       14                        16     -2       18
  MONTH TO DATE  375                       395    -20      430
  SINCE JUN 1    375                       395    -20      430
  SINCE JAN 1    976                       840    136      889
..................................................................


WIND (MPH)
  HIGHEST WIND SPEED    13   HIGHEST WIND DIRECTION    NE (40)
  HIGHEST GUST SPEED    17   HIGHEST GUST DIRECTION    NE (50)
  AVERAGE WIND SPEED     4.7


SKY COVER
  POSSIBLE SUNSHINE  MM
  AVERAGE SKY COVER 0.6


WEATHER CONDITIONS
 THE FOLLOWING WEATHER WAS RECORDED YESTERDAY.
  NO SIGNIFICANT WEATHER WAS OBSERVED.


RELATIVE HUMIDITY (PERCENT)
 HIGHEST    82          1000 PM
 LOWEST     50           300 PM
 AVERAGE    66

..........................................................


THE MOBILE CLIMATE NORMALS FOR TODAY
                         NORMAL    RECORD    YEAR
 MAXIMUM TEMPERATURE (F)   90       100      1969
                                             1954
                                             1877
 MINIMUM TEMPERATURE (F)   72        62      1958


SUNRISE AND SUNSET
JUNE 28 2017..........SUNRISE   553 AM CDT   SUNSET   800 PM CDT
JUNE 29 2017..........SUNRISE   553 AM CDT   SUNSET   800 PM CDT


-  INDICATES NEGATIVE NUMBERS.
R  INDICATES RECORD WAS SET OR TIED.
MM INDICATES DATA IS MISSING.
T  INDICATES TRACE AMOUNT.




$$
