911
CDUS46 KSTO 230843
CLIMOD


CLIMATE REPORT
NATIONAL WEATHER SERVICE SACRAMENTO, CA
1243 AM PST THU FEB 23 2017


...................................

...THE MODESTO CA CLIMATE SUMMARY FOR FEBRUARY 22 2017...

CLIMATE NORMAL PERIOD 1981 TO 2010
CLIMATE RECORD PERIOD 1931 TO 2017


WEATHER ITEM   OBSERVED TIME   RECORD YEAR NORMAL DEPARTURE LAST
                VALUE   (LST)  VALUE       VALUE  FROM      YEAR
                                                  NORMAL
..................................................................
TEMPERATURE (F)
 YESTERDAY
  MAXIMUM         58    314 PM  73    1985  65     -7       69
  MINIMUM         42   1055 PM  32    1975  44     -2       42
  AVERAGE         50

PRECIPITATION (IN)
  YESTERDAY        0.00          0.61 2000   0.08  -0.08     0.00
  MONTH TO DATE    3.48                      1.89   1.59     0.55
  SINCE OCT 1     14.03                      8.58   5.45     9.99
  SINCE JAN 1      9.00                      4.50   4.50     5.58

SNOWFALL (IN)
  YESTERDAY        0.0          MM      MM
  MONTH TO DATE    0.0
  SINCE DEC 1      0.0
  SINCE JUL 1      0.0
  SNOW DEPTH       0

DEGREE DAYS
 HEATING
  YESTERDAY       15                        10      5        9
  MONTH TO DATE  185                       277    -92      221
  SINCE DEC 1   1203                      1348   -145     1180
  SINCE JUL 1   1416                      1709   -293     1551

 COOLING
  YESTERDAY        0                         0      0        0
  MONTH TO DATE    0                         0      0        0
  SINCE DEC 1      0                         0      0        0
  SINCE JAN 1      0                         0      0        0
..................................................................


WIND (MPH)
  RESULTANT WIND SPEED   8   RESULTANT WIND DIRECTION  NW (310)
  HIGHEST WIND SPEED    24   HIGHEST WIND DIRECTION    NW (300)
  HIGHEST GUST SPEED    31   HIGHEST GUST DIRECTION    NW (300)


SKY COVER
  POSSIBLE SUNSHINE  MM
  AVERAGE SKY COVER 0.1


WEATHER CONDITIONS
 THE FOLLOWING WEATHER WAS RECORDED YESTERDAY.
  NO SIGNIFICANT WEATHER WAS OBSERVED.


RELATIVE HUMIDITY (PERCENT)
 HIGHEST    86           100 AM
 LOWEST     43           200 PM
 AVERAGE    65

..........................................................


THE MODESTO CA CLIMATE NORMALS FOR TODAY
                         NORMAL    RECORD    YEAR
 MAXIMUM TEMPERATURE (F)   65        74      2014
                                             1985
 MINIMUM TEMPERATURE (F)   44        31      1960


SUNRISE AND SUNSET
FEBRUARY 23 2017......SUNRISE   643 AM PST   SUNSET   552 PM PST
FEBRUARY 24 2017......SUNRISE   641 AM PST   SUNSET   553 PM PST


-  INDICATES NEGATIVE NUMBERS.
R  INDICATES RECORD WAS SET OR TIED.
MM INDICATES DATA IS MISSING.
T  INDICATES TRACE AMOUNT.




$$
