000
CDUS46 KSTO 280833
CLIMOD


CLIMATE REPORT
NATIONAL WEATHER SERVICE SACRAMENTO, CA
133 AM PDT WED SEP 28 2016


...................................

...THE MODESTO CA CLIMATE SUMMARY FOR SEPTEMBER 27 2016...

CLIMATE NORMAL PERIOD 1981 TO 2010
CLIMATE RECORD PERIOD 1931 TO 2016


WEATHER ITEM   OBSERVED TIME   RECORD YEAR NORMAL DEPARTURE LAST
                VALUE   (LST)  VALUE       VALUE  FROM      YEAR
                                                  NORMAL
..................................................................
TEMPERATURE (F)
 YESTERDAY
  MAXIMUM         99    254 PM 100    1963  86     13       92
  MINIMUM         59    557 AM  42    1934  57      2       64
  AVERAGE         79

PRECIPITATION (IN)
  YESTERDAY        0.00          0.19 1938   0.01  -0.01     0.00
  MONTH TO DATE    T                         0.21  -0.21      T
  SINCE OCT 1     15.61                     13.06   2.55    10.25
  SINCE JAN 1     11.20                      8.98   2.22     2.85

SNOWFALL (IN)
  YESTERDAY        0.0          MM      MM
  MONTH TO DATE    0.0
  SINCE SEP 1      0.0
  SINCE JUL 1      0.0
  SNOW DEPTH       0

DEGREE DAYS
 HEATING
  YESTERDAY        0                         0      0        0
  MONTH TO DATE    3                         0      3        0
  SINCE SEP 1      3                         0      3        0
  SINCE JUL 1      3                         0      3        0

 COOLING
  YESTERDAY       14                         7      7       13
  MONTH TO DATE  265                       255     10      320
  SINCE SEP 1    265                       255     10      320
  SINCE JAN 1   1882                      1591    291     1867
..................................................................


WIND (MPH)
  RESULTANT WIND SPEED   1   RESULTANT WIND DIRECTION  NE (50)
  HIGHEST WIND SPEED    10   HIGHEST WIND DIRECTION    NW (330)
  HIGHEST GUST SPEED    14   HIGHEST GUST DIRECTION    NW (310)


SKY COVER
  POSSIBLE SUNSHINE  MM
  AVERAGE SKY COVER 0.2


WEATHER CONDITIONS
 THE FOLLOWING WEATHER WAS RECORDED YESTERDAY.
  HAZE


RELATIVE HUMIDITY (PERCENT)
 HIGHEST    80           600 AM
 LOWEST     12           300 PM
 AVERAGE    46

..........................................................


THE MODESTO CA CLIMATE NORMALS FOR TODAY
                         NORMAL    RECORD    YEAR
 MAXIMUM TEMPERATURE (F)   86        99      2010
 MINIMUM TEMPERATURE (F)   57        43      1931


SUNRISE AND SUNSET
SEPTEMBER 28 2016.....SUNRISE   657 AM PDT   SUNSET   651 PM PDT
SEPTEMBER 29 2016.....SUNRISE   658 AM PDT   SUNSET   649 PM PDT


-  INDICATES NEGATIVE NUMBERS.
R  INDICATES RECORD WAS SET OR TIED.
MM INDICATES DATA IS MISSING.
T  INDICATES TRACE AMOUNT.




$$
