000
CDUS43 KBIS 300823
CLIMOT


CLIMATE REPORT
NATIONAL WEATHER SERVICE BISMARCK ND
323 AM CDT TUE JUN 30 2015


...................................

...THE MINOT ND CLIMATE SUMMARY FOR JUNE 29 2015...

CLIMATE NORMAL PERIOD 1981 TO 2010
CLIMATE RECORD PERIOD 1897 TO 2015


WEATHER ITEM   OBSERVED TIME   RECORD YEAR NORMAL DEPARTURE LAST
                VALUE   (LST)  VALUE       VALUE  FROM      YEAR
                                                  NORMAL
..................................................................
TEMPERATURE (F)
 YESTERDAY
  MAXIMUM         89    501 PM 103    1910  79     10       72
  MINIMUM         65    459 AM  37    1922  56      9       59
  AVERAGE         77                        67     10       66

PRECIPITATION (IN)
  YESTERDAY        0.00          2.35 2005   0.12  -0.12     0.08
  MONTH TO DATE    4.03                      3.47   0.56     5.16
  SINCE JUN 1      4.03                      3.47   0.56     5.16
  SINCE JAN 1      8.16                      8.86  -0.70     8.97

DEGREE DAYS
 COOLING
  YESTERDAY       12                         4      8        1
  MONTH TO DATE   71                        69      2       22
  SINCE JUN 1     71                        69      2       22
  SINCE JAN 1     78                        85     -7       63
..................................................................


WIND (MPH)
  HIGHEST WIND SPEED    14   HIGHEST WIND DIRECTION    SW (220)
  HIGHEST GUST SPEED    17   HIGHEST GUST DIRECTION     W (280)
  AVERAGE WIND SPEED     8.5


SKY COVER
  POSSIBLE SUNSHINE  MM
  AVERAGE SKY COVER 0.3


WEATHER CONDITIONS
 THE FOLLOWING WEATHER WAS RECORDED YESTERDAY.
  HAZE


RELATIVE HUMIDITY (PERCENT)
 HIGHEST    78           500 AM
 LOWEST     32           400 PM
 AVERAGE    55

..........................................................


THE MINOT ND CLIMATE NORMALS FOR TODAY
                         NORMAL    RECORD    YEAR
 MAXIMUM TEMPERATURE (F)   79       103      1921
 MINIMUM TEMPERATURE (F)   56        39      1918


SUNRISE AND SUNSET
JUNE 30 2015..........SUNRISE   548 AM CDT   SUNSET   949 PM CDT
JULY  1 2015..........SUNRISE   548 AM CDT   SUNSET   949 PM CDT


-  INDICATES NEGATIVE NUMBERS.
R  INDICATES RECORD WAS SET OR TIED.
MM INDICATES DATA IS MISSING.
T  INDICATES TRACE AMOUNT.




$$
