000
CDUS43 KBIS 280726
CLIMOT


CLIMATE REPORT
NATIONAL WEATHER SERVICE BISMARCK ND
225 AM CDT FRI APR 28 2017


...................................

...THE MINOT ND CLIMATE SUMMARY FOR APRIL 27 2017...

CLIMATE NORMAL PERIOD 1981 TO 2010
CLIMATE RECORD PERIOD 1897 TO 2017


WEATHER ITEM   OBSERVED TIME   RECORD YEAR NORMAL DEPARTURE LAST
                VALUE   (LST)  VALUE       VALUE  FROM      YEAR
                                                  NORMAL
..................................................................
TEMPERATURE (F)
 YESTERDAY
  MAXIMUM         53    529 PM  91    1910  61     -8       59
  MINIMUM         21    552 AM  10    1909  36    -15       43
  AVERAGE         37                        48    -11       51

PRECIPITATION (IN)
  YESTERDAY        0.00          3.89 1984   0.05  -0.05     0.00
  MONTH TO DATE    0.29                      0.97  -0.68     2.17
  SINCE MAR 1      0.60                      1.81  -1.21     2.58
  SINCE JAN 1      0.73                      2.72  -1.99     3.16

DEGREE DAYS
 HEATING
  YESTERDAY       28                        17     11       14
  MONTH TO DATE  570                       605    -35      544
  SINCE MAR 1   1721                      1744    -23     1340
  SINCE JUL 1   7657                      8320   -663     6772

 COOLING
  YESTERDAY        0                         0      0        0
  MONTH TO DATE    0                         0      0        0
  SINCE MAR 1      0                         0      0        0
  SINCE JAN 1      0                         0      0        0
..................................................................


WIND (MPH)
  HIGHEST WIND SPEED    17   HIGHEST WIND DIRECTION     N (10)
  HIGHEST GUST SPEED    23   HIGHEST GUST DIRECTION    NW (330)
  AVERAGE WIND SPEED     8.8


SKY COVER
  POSSIBLE SUNSHINE  MM
  AVERAGE SKY COVER 0.0


WEATHER CONDITIONS
 THE FOLLOWING WEATHER WAS RECORDED YESTERDAY.
  NO SIGNIFICANT WEATHER WAS OBSERVED.


RELATIVE HUMIDITY (PERCENT)
 HIGHEST    92           200 AM
 LOWEST     19           300 PM
 AVERAGE    56

..........................................................


THE MINOT ND CLIMATE NORMALS FOR TODAY
                         NORMAL    RECORD    YEAR
 MAXIMUM TEMPERATURE (F)   61        92      2001
                                             1952
 MINIMUM TEMPERATURE (F)   37        13      1958


SUNRISE AND SUNSET
APRIL 28 2017.........SUNRISE   631 AM CDT   SUNSET   855 PM CDT
APRIL 29 2017.........SUNRISE   629 AM CDT   SUNSET   857 PM CDT


-  INDICATES NEGATIVE NUMBERS.
R  INDICATES RECORD WAS SET OR TIED.
MM INDICATES DATA IS MISSING.
T  INDICATES TRACE AMOUNT.




$$
