000
CDUS43 KBIS 270725
CLIMOT


CLIMATE REPORT
NATIONAL WEATHER SERVICE BISMARCK ND
224 AM CDT MON MAR 27 2017


...................................

...THE MINOT ND CLIMATE SUMMARY FOR MARCH 26 2017...

CLIMATE NORMAL PERIOD 1981 TO 2010
CLIMATE RECORD PERIOD 1897 TO 2017


WEATHER ITEM   OBSERVED TIME   RECORD YEAR NORMAL DEPARTURE LAST
                VALUE   (LST)  VALUE       VALUE  FROM      YEAR
                                                  NORMAL
..................................................................
TEMPERATURE (F)
 YESTERDAY
  MAXIMUM         61    351 PM  73    1946  43     18       50
  MINIMUM         35    712 AM -15    1964  24     11       14
  AVERAGE         48                        33     15       32

PRECIPITATION (IN)
  YESTERDAY        0.00          0.69 1950   0.03  -0.03     0.00
  MONTH TO DATE    0.29                      0.66  -0.37     0.10
  SINCE MAR 1      0.29                      0.66  -0.37     0.10
  SINCE JAN 1      0.42                      1.57  -1.15     0.68

DEGREE DAYS
 HEATING
  YESTERDAY       17                        32    -15       33
  MONTH TO DATE 1058                       984     74      690
  SINCE MAR 1   1058                       984     74      690
  SINCE JUL 1   6994                      7560   -566     6122

 COOLING
  YESTERDAY        0                         0      0        0
  MONTH TO DATE    0                         0      0        0
  SINCE MAR 1      0                         0      0        0
  SINCE JAN 1      0                         0      0        0
..................................................................


WIND (MPH)
  HIGHEST WIND SPEED    16   HIGHEST WIND DIRECTION     E (110)
  HIGHEST GUST SPEED    21   HIGHEST GUST DIRECTION    SE (120)
  AVERAGE WIND SPEED     6.4


SKY COVER
  POSSIBLE SUNSHINE  MM
  AVERAGE SKY COVER 0.4


WEATHER CONDITIONS
 THE FOLLOWING WEATHER WAS RECORDED YESTERDAY.
  NO SIGNIFICANT WEATHER WAS OBSERVED.


RELATIVE HUMIDITY (PERCENT)
 HIGHEST    89           700 AM
 LOWEST     46           400 PM
 AVERAGE    68

..........................................................


THE MINOT ND CLIMATE NORMALS FOR TODAY
                         NORMAL    RECORD    YEAR
 MAXIMUM TEMPERATURE (F)   43        78      1946
 MINIMUM TEMPERATURE (F)   24       -11      1921


SUNRISE AND SUNSET
MARCH 27 2017.........SUNRISE   733 AM CDT   SUNSET   809 PM CDT
MARCH 28 2017.........SUNRISE   731 AM CDT   SUNSET   810 PM CDT


-  INDICATES NEGATIVE NUMBERS.
R  INDICATES RECORD WAS SET OR TIED.
MM INDICATES DATA IS MISSING.
T  INDICATES TRACE AMOUNT.




$$
