000
CDUS43 KBIS 160737
CLIMOT


CLIMATE REPORT
NATIONAL WEATHER SERVICE BISMARCK ND
136 AM CST SAT DEC 16 2017


...................................

...THE MINOT ND CLIMATE SUMMARY FOR DECEMBER 15 2017...

CLIMATE NORMAL PERIOD 1981 TO 2010
CLIMATE RECORD PERIOD 1897 TO 2017


WEATHER ITEM   OBSERVED TIME   RECORD YEAR NORMAL DEPARTURE LAST
                VALUE   (LST)  VALUE       VALUE  FROM      YEAR
                                                  NORMAL
..................................................................
TEMPERATURE (F)
 YESTERDAY
  MAXIMUM         44    755 PM  56    1939  23     21        6
  MINIMUM         29    339 AM -28    1917   7     22      -11
  AVERAGE         37                        15     22       -2

PRECIPITATION (IN)
  YESTERDAY        T             0.30 1915   0.01  -0.01     0.00
  MONTH TO DATE    T                         0.18  -0.18     0.43
  SINCE DEC 1      T                         0.18  -0.18     0.43
  SINCE JAN 1      7.55                     16.99  -9.44    18.54

DEGREE DAYS
 HEATING
  YESTERDAY       28                        50    -22       67
  MONTH TO DATE  518                       713   -195      859
  SINCE DEC 1    518                       713   -195      859
  SINCE JUL 1   2396                      2771   -375     2374
..................................................................


WIND (MPH)
  HIGHEST WIND SPEED    18   HIGHEST WIND DIRECTION     W (290)
  HIGHEST GUST SPEED    23   HIGHEST GUST DIRECTION     W (290)
  AVERAGE WIND SPEED     8.9


SKY COVER
  POSSIBLE SUNSHINE  MM
  AVERAGE SKY COVER 0.9


WEATHER CONDITIONS
 THE FOLLOWING WEATHER WAS RECORDED YESTERDAY.
  LIGHT RAIN


RELATIVE HUMIDITY (PERCENT)
 HIGHEST    78           600 AM
 LOWEST     53           700 PM
 AVERAGE    66

..........................................................


THE MINOT ND CLIMATE NORMALS FOR TODAY
                         NORMAL    RECORD    YEAR
 MAXIMUM TEMPERATURE (F)   23        54      1962
                                             1939
 MINIMUM TEMPERATURE (F)    7       -24      1922
                                             1914


SUNRISE AND SUNSET
DECEMBER 16 2017......SUNRISE   830 AM CST   SUNSET   451 PM CST
DECEMBER 17 2017......SUNRISE   831 AM CST   SUNSET   452 PM CST


-  INDICATES NEGATIVE NUMBERS.
R  INDICATES RECORD WAS SET OR TIED.
MM INDICATES DATA IS MISSING.
T  INDICATES TRACE AMOUNT.




$$
