000
CDUS43 KBIS 020029
CLIMOT


CLIMATE REPORT
NATIONAL WEATHER SERVICE BISMARCK ND
729 PM CDT SAT AUG 1 2015


...................................

...THE MINOT ND CLIMATE SUMMARY FOR AUGUST 1 2015...
VALID TODAY AS OF 0700 PM LOCAL TIME.

CLIMATE NORMAL PERIOD 1981 TO 2010
CLIMATE RECORD PERIOD 1897 TO 2015


WEATHER ITEM   OBSERVED TIME   RECORD YEAR NORMAL DEPARTURE LAST
                VALUE   (LST)  VALUE       VALUE  FROM      YEAR
                                                  NORMAL
..................................................................
TEMPERATURE (F)
 TODAY
  MAXIMUM         90    452 PM  99    1989  83      7       82
  MINIMUM         52    527 AM  33    1923  58     -6       55
  AVERAGE         71                        71      0       69

PRECIPITATION (IN)
  TODAY            0.00          1.65 1931   0.07  -0.07     0.00
  MONTH TO DATE    0.00                      0.07  -0.07     0.00
  SINCE JUN 1      6.07                      6.08  -0.01     7.06
  SINCE JAN 1     10.20                     11.47  -1.27    10.87

DEGREE DAYS
 HEATING
  TODAY            0                         1     -1        0
  MONTH TO DATE    0                         1     -1        0
  SINCE JUN 1     73                       131    -58      121
  SINCE JUL 1     11                        25    -14       30

 COOLING
  TODAY            6                         6      0        4
  MONTH TO DATE    6                         6      0        4
  SINCE JUN 1    275                       248     27      135
  SINCE JAN 1    282                       264     18      176
..................................................................


WIND (MPH)
  RESULTANT WIND SPEED   4   RESULTANT WIND DIRECTION   S (180)
  HIGHEST WIND SPEED    15   HIGHEST WIND DIRECTION     S (160)
  HIGHEST GUST SPEED    20   HIGHEST GUST DIRECTION     S (170)
  AVERAGE WIND SPEED     5.4


SKY COVER
  POSSIBLE SUNSHINE  MM
  AVERAGE SKY COVER 0.2


WEATHER CONDITIONS
 THE FOLLOWING WEATHER WAS RECORDED TODAY.
  NO SIGNIFICANT WEATHER WAS OBSERVED.


RELATIVE HUMIDITY (PERCENT)
 HIGHEST    89           300 AM
 LOWEST     21           300 PM
 AVERAGE    55

..........................................................


THE MINOT ND CLIMATE NORMALS FOR TOMORROW
                         NORMAL    RECORD    YEAR
 MAXIMUM TEMPERATURE (F)   83        98      1989
                                             1904
 MINIMUM TEMPERATURE (F)   58        36      1923


SUNRISE AND SUNSET
AUGUST  1 2015........SUNRISE   620 AM CDT   SUNSET   922 PM CDT
AUGUST  2 2015........SUNRISE   621 AM CDT   SUNSET   920 PM CDT


-  INDICATES NEGATIVE NUMBERS.
R  INDICATES RECORD WAS SET OR TIED.
MM INDICATES DATA IS MISSING.
T  INDICATES TRACE AMOUNT.




$$
