000
CDUS43 KBIS 130035
CLIMOT


CLIMATE REPORT
NATIONAL WEATHER SERVICE BISMARCK ND
634 PM CST FRI FEB 12 2016


...................................

...THE MINOT ND CLIMATE SUMMARY FOR FEBRUARY 12 2016...
VALID TODAY AS OF 0600 PM LOCAL TIME.

CLIMATE NORMAL PERIOD 1981 TO 2010
CLIMATE RECORD PERIOD 1897 TO 2016


WEATHER ITEM   OBSERVED TIME   RECORD YEAR NORMAL DEPARTURE LAST
                VALUE   (LST)  VALUE       VALUE  FROM      YEAR
                                                  NORMAL
..................................................................
TEMPERATURE (F)
 TODAY
  MAXIMUM         16   1211 AM  59    1924  25     -9       21
  MINIMUM         -4    806 AM -39    1936   8    -12       -9
  AVERAGE          6                        16    -10        6

PRECIPITATION (IN)
  TODAY            T             0.40 1902   0.01  -0.01      T
  MONTH TO DATE    0.05                      0.15  -0.10     0.07
  SINCE DEC 1      0.57                      1.04  -0.47     0.32
  SINCE JAN 1      0.26                      0.66  -0.40     0.31

DEGREE DAYS
 HEATING
  TODAY           59                        49     10       59
  MONTH TO DATE  480                       602   -122      660
  SINCE DEC 1   3163                      3776   -613     3566
  SINCE JUL 1   4864                      5834   -970     5745

 COOLING
  TODAY            0                         0      0        0
  MONTH TO DATE    0                         0      0        0
  SINCE DEC 1      0                         0      0        0
  SINCE JAN 1      0                         0      0        0
..................................................................


WIND (MPH)
  RESULTANT WIND SPEED   6   RESULTANT WIND DIRECTION  NW (330)
  HIGHEST WIND SPEED    18   HIGHEST WIND DIRECTION     N (350)
  HIGHEST GUST SPEED    23   HIGHEST GUST DIRECTION     N (350)
  AVERAGE WIND SPEED     7.4


SKY COVER
  POSSIBLE SUNSHINE  MM
  AVERAGE SKY COVER 0.2


WEATHER CONDITIONS
 THE FOLLOWING WEATHER WAS RECORDED TODAY.
  LIGHT SNOW


RELATIVE HUMIDITY (PERCENT)
 HIGHEST    69           300 AM
 LOWEST     41           300 PM
 AVERAGE    55

..........................................................


THE MINOT ND CLIMATE NORMALS FOR TOMORROW
                         NORMAL    RECORD    YEAR
 MAXIMUM TEMPERATURE (F)   25        50      1924
 MINIMUM TEMPERATURE (F)    8       -32      1916


SUNRISE AND SUNSET
FEBRUARY 12 2016......SUNRISE   758 AM CST   SUNSET   602 PM CST
FEBRUARY 13 2016......SUNRISE   756 AM CST   SUNSET   603 PM CST


-  INDICATES NEGATIVE NUMBERS.
R  INDICATES RECORD WAS SET OR TIED.
MM INDICATES DATA IS MISSING.
T  INDICATES TRACE AMOUNT.




$$
