000
CDUS43 KBIS 270745
CLIMOT


CLIMATE REPORT
NATIONAL WEATHER SERVICE BISMARCK ND
144 AM CST MON FEB 27 2017


...................................

...THE MINOT ND CLIMATE SUMMARY FOR FEBRUARY 26 2017...

CLIMATE NORMAL PERIOD 1981 TO 2010
CLIMATE RECORD PERIOD 1897 TO 2017


WEATHER ITEM   OBSERVED TIME   RECORD YEAR NORMAL DEPARTURE LAST
                VALUE   (LST)  VALUE       VALUE  FROM      YEAR
                                                  NORMAL
..................................................................
TEMPERATURE (F)
 YESTERDAY
  MAXIMUM         23    234 PM  57    2016  29     -6       57
  MINIMUM         -1    732 AM -34    1919  12    -13       29
  AVERAGE         11                        20     -9       43

PRECIPITATION (IN)
  YESTERDAY        T             0.66 1958   0.02  -0.02     0.00
  MONTH TO DATE    0.04                      0.37  -0.33     0.37
  SINCE DEC 1      0.73                      1.26  -0.53     0.89
  SINCE JAN 1      0.11                      0.88  -0.77     0.58

DEGREE DAYS
 HEATING
  YESTERDAY       54                        45      9       22
  MONTH TO DATE 1093                      1257   -164      946
  SINCE DEC 1   4309                      4431   -122     3629
  SINCE JUL 1   5824                      6489   -665     5330
..................................................................


WIND (MPH)
  HIGHEST WIND SPEED    13   HIGHEST WIND DIRECTION    SW (210)
  HIGHEST GUST SPEED    15   HIGHEST GUST DIRECTION    SW (220)
  AVERAGE WIND SPEED     7.8


SKY COVER
  POSSIBLE SUNSHINE  MM
  AVERAGE SKY COVER 0.4


WEATHER CONDITIONS
 THE FOLLOWING WEATHER WAS RECORDED YESTERDAY.
  LIGHT SNOW


RELATIVE HUMIDITY (PERCENT)
 HIGHEST    95           200 AM
 LOWEST     57           100 PM
 AVERAGE    76

..........................................................


THE MINOT ND CLIMATE NORMALS FOR TODAY
                         NORMAL    RECORD    YEAR
 MAXIMUM TEMPERATURE (F)   29        65      1988
 MINIMUM TEMPERATURE (F)   13       -31      1919


SUNRISE AND SUNSET
FEBRUARY 27 2017......SUNRISE   730 AM CST   SUNSET   627 PM CST
FEBRUARY 28 2017......SUNRISE   728 AM CST   SUNSET   628 PM CST


-  INDICATES NEGATIVE NUMBERS.
R  INDICATES RECORD WAS SET OR TIED.
MM INDICATES DATA IS MISSING.
T  INDICATES TRACE AMOUNT.




$$
