000
CDUS41 KPHI 300628
CLIMPO


CLIMATE REPORT
NATIONAL WEATHER SERVICE MOUNT HOLLY NJ
227 AM EDT SAT MAY 30 2015


...................................

...THE MOUNT POCONO PA CLIMATE SUMMARY FOR MAY 29 2015...

CLIMATE NORMAL PERIOD 1981 TO 2010
CLIMATE RECORD PERIOD 1901 TO 2015


WEATHER ITEM   OBSERVED TIME   RECORD YEAR NORMAL DEPARTURE LAST
                VALUE   (LST)  VALUE       VALUE  FROM      YEAR
                                                  NORMAL
..................................................................
TEMPERATURE (F)
 YESTERDAY
  MAXIMUM         79    533 PM  89    1911  69     10       57
  MINIMUM         55    519 AM  28    1936  49      6       45
  AVERAGE         67                        59      8       51

PRECIPITATION (IN)
  YESTERDAY        0.00          2.77 1984   0.16  -0.16     0.00
  MONTH TO DATE    0.72                      4.05  -3.33     4.31
  SINCE MAR 1      5.95                     11.90  -5.95    12.37
  SINCE JAN 1      9.30                     17.16  -7.86    18.76

SNOWFALL (IN)
  YESTERDAY       MM            MM      MM  MM     MM       MM
  MONTH TO DATE   MM                        MM     MM       MM
  SINCE MAR 1     MM                        MM     MM       MM
  SINCE JUL 1     MM                        MM     MM       MM
  SNOW DEPTH      MM

DEGREE DAYS
 HEATING
  YESTERDAY        0                         7     -7       14
  MONTH TO DATE  168                       307   -139      240
  SINCE MAR 1   1859                      1878    -19     2014
  SINCE JUL 1   7294                      7001    293     7441

 COOLING
  YESTERDAY        2                         1      1        0
  MONTH TO DATE   48                        11     37        7
  SINCE MAR 1     48                        15     33        7
  SINCE JAN 1     48                        15     33        7
..................................................................


WIND (MPH)
  HIGHEST WIND SPEED    13   HIGHEST WIND DIRECTION    SW (220)
  HIGHEST GUST SPEED    16   HIGHEST GUST DIRECTION     N (20)
  AVERAGE WIND SPEED     7.0


SKY COVER
  POSSIBLE SUNSHINE  MM
  AVERAGE SKY COVER 0.0


WEATHER CONDITIONS
 THE FOLLOWING WEATHER WAS RECORDED YESTERDAY.
  NO SIGNIFICANT WEATHER WAS OBSERVED.


RELATIVE HUMIDITY (PERCENT)
 HIGHEST    78          1100 PM
 LOWEST     37           400 PM
 AVERAGE    58

..........................................................


THE MOUNT POCONO PA CLIMATE NORMALS FOR TODAY
                         NORMAL    RECORD    YEAR
 MAXIMUM TEMPERATURE (F)   69        88      1911
 MINIMUM TEMPERATURE (F)   49        26      1936


SUNRISE AND SUNSET
MAY 30 2015...........SUNRISE   532 AM EDT   SUNSET   826 PM EDT
MAY 31 2015...........SUNRISE   532 AM EDT   SUNSET   827 PM EDT


-  INDICATES NEGATIVE NUMBERS.
R  INDICATES RECORD WAS SET OR TIED.
MM INDICATES DATA IS MISSING.
T  INDICATES TRACE AMOUNT.




$$
