000
CDUS41 KPHI 140630
CLIMPO


CLIMATE REPORT
NATIONAL WEATHER SERVICE MOUNT HOLLY NJ
126 AM EST SUN FEB 14 2016


...................................

...THE MOUNT POCONO PA CLIMATE SUMMARY FOR FEBRUARY 13 2016...

CLIMATE NORMAL PERIOD 1981 TO 2010
CLIMATE RECORD PERIOD 1901 TO 2016


WEATHER ITEM   OBSERVED TIME   RECORD YEAR NORMAL DEPARTURE LAST
                VALUE   (LST)  VALUE       VALUE  FROM      YEAR
                                                  NORMAL
..................................................................
TEMPERATURE (F)
 YESTERDAY
  MAXIMUM         13    459 AM  55    1951  34    -21       11
  MINIMUM         -5    913 PM -20    1967  18    -23       -7
  AVERAGE          4                        26    -22        2

PRECIPITATION (IN)
  YESTERDAY        0.03          0.84 1993   0.09  -0.06     0.01
  MONTH TO DATE    0.83                      1.01  -0.18     1.15
  SINCE DEC 1      7.89                      7.73   0.16     5.67
  SINCE JAN 1      4.06                      3.86   0.20     2.87

SNOWFALL (IN)
  YESTERDAY       MM            MM      MM  MM     MM       MM
  MONTH TO DATE   MM                        MM     MM       MM
  SINCE DEC 1     MM                        MM     MM       MM
  SINCE JUL 1     MM                        MM     MM       MM
  SNOW DEPTH      MM

DEGREE DAYS
 HEATING
  YESTERDAY       61                        39     22       63
  MONTH TO DATE  494                       525    -31      597
  SINCE DEC 1   2458                      2977   -519     3031
  SINCE JUL 1   3725                      4556   -831     4598

 COOLING
  YESTERDAY        0                         0      0        0
  MONTH TO DATE    0                         0      0        0
  SINCE DEC 1      0                         0      0        0
  SINCE JAN 1      0                         0      0        0
..................................................................


WIND (MPH)
  HIGHEST WIND SPEED    29   HIGHEST WIND DIRECTION    NW (310)
  HIGHEST GUST SPEED    43   HIGHEST GUST DIRECTION     W (290)
  AVERAGE WIND SPEED    16.2


SKY COVER
  POSSIBLE SUNSHINE  MM
  AVERAGE SKY COVER 0.9


WEATHER CONDITIONS
 THE FOLLOWING WEATHER WAS RECORDED YESTERDAY.
  HEAVY SNOW
  LIGHT SNOW
  HAZE
  BLOWING SNOW


RELATIVE HUMIDITY (PERCENT)
 HIGHEST    84          1200 AM
 LOWEST     44           200 PM
 AVERAGE    64

..........................................................


THE MOUNT POCONO PA CLIMATE NORMALS FOR TODAY
                         NORMAL    RECORD    YEAR
 MAXIMUM TEMPERATURE (F)   34        54      1946
 MINIMUM TEMPERATURE (F)   18       -12      1970


SUNRISE AND SUNSET
FEBRUARY 14 2016......SUNRISE   658 AM EST   SUNSET   534 PM EST
FEBRUARY 15 2016......SUNRISE   657 AM EST   SUNSET   535 PM EST


-  INDICATES NEGATIVE NUMBERS.
R  INDICATES RECORD WAS SET OR TIED.
MM INDICATES DATA IS MISSING.
T  INDICATES TRACE AMOUNT.




$$
