000
CDUS41 KPHI 242129
CLIMPO


CLIMATE REPORT
NATIONAL WEATHER SERVICE MOUNT HOLLY NJ
529 PM EDT THU APR 24 2014


...................................

...THE MOUNT POCONO PA CLIMATE SUMMARY FOR APRIL 24 2014...
VALID TODAY AS OF 0500 PM LOCAL TIME.

CLIMATE NORMAL PERIOD 1981 TO 2010
CLIMATE RECORD PERIOD 1901 TO 2014


WEATHER ITEM   OBSERVED TIME   RECORD YEAR NORMAL DEPARTURE LAST
                VALUE   (LST)  VALUE       VALUE  FROM      YEAR
                                                  NORMAL
..................................................................
TEMPERATURE (F)
 TODAY
  MAXIMUM         52    359 PM  83    1960  59     -7       66
  MINIMUM         31    536 AM  17    1914  38     -7       38
  AVERAGE         42                        49     -7       52

PRECIPITATION (IN)
  TODAY            0.00          2.02 1977   0.10  -0.10     0.08
  MONTH TO DATE    2.82                      3.33  -0.51     2.16
  SINCE MAR 1      5.03                      7.16  -2.13     5.49
  SINCE JAN 1     11.42                     12.42  -1.00     9.02

SNOWFALL (IN)
  TODAY           MM            MM      MM  MM     MM       MM
  MONTH TO DATE   MM                        MM     MM       MM
  SINCE MAR 1     MM                        MM     MM       MM
  SINCE JUL 1     MM                        MM     MM       MM
  SNOW DEPTH      MM

DEGREE DAYS
 HEATING
  TODAY           23                        17      6       13
  MONTH TO DATE  481                       503    -22      479
  SINCE MAR 1   1657                      1478    179     1523
  SINCE JUL 1   7084                      6601    483     6351

 COOLING
  TODAY            0                         0      0        0
  MONTH TO DATE    0                         0      0        1
  SINCE MAR 1      0                         0      0        1
  SINCE JAN 1      0                         0      0        1
..................................................................


WIND (MPH)
  HIGHEST WIND SPEED    29   HIGHEST WIND DIRECTION    NW (320)
  HIGHEST GUST SPEED    40   HIGHEST GUST DIRECTION    NW (330)
  AVERAGE WIND SPEED    16.3


SKY COVER
  POSSIBLE SUNSHINE  MM
  AVERAGE SKY COVER 0.0


WEATHER CONDITIONS
 THE FOLLOWING WEATHER WAS RECORDED TODAY.
  NO SIGNIFICANT WEATHER WAS OBSERVED.


RELATIVE HUMIDITY (PERCENT)
 HIGHEST    64          1200 AM
 LOWEST     17           200 PM
 AVERAGE    41

..........................................................


THE MOUNT POCONO PA CLIMATE NORMALS FOR TOMORROW
                         NORMAL    RECORD    YEAR
 MAXIMUM TEMPERATURE (F)   59        88      1915
 MINIMUM TEMPERATURE (F)   39        10      1919


SUNRISE AND SUNSET
APRIL 24 2014.........SUNRISE   609 AM EDT   SUNSET   751 PM EDT
APRIL 25 2014.........SUNRISE   608 AM EDT   SUNSET   752 PM EDT


-  INDICATES NEGATIVE NUMBERS.
R  INDICATES RECORD WAS SET OR TIED.
MM INDICATES DATA IS MISSING.
T  INDICATES TRACE AMOUNT.




$$
