000
CDUS41 KPHI 280633
CLIMPO


CLIMATE REPORT
NATIONAL WEATHER SERVICE MOUNT HOLLY NJ
232 AM EDT SUN AUG 28 2016


...................................

...THE MOUNT POCONO PA CLIMATE SUMMARY FOR AUGUST 27 2016...

CLIMATE NORMAL PERIOD 1981 TO 2010
CLIMATE RECORD PERIOD 1901 TO 2016


WEATHER ITEM   OBSERVED TIME   RECORD YEAR NORMAL DEPARTURE LAST
                VALUE   (LST)  VALUE       VALUE  FROM      YEAR
                                                  NORMAL
..................................................................
TEMPERATURE (F)
 YESTERDAY
  MAXIMUM         79    332 PM  92    1948  75      4       69
  MINIMUM         58    126 AM  34    1910  56      2       51
  AVERAGE         69                        65      4       60

PRECIPITATION (IN)
  YESTERDAY        0.00          1.36 1927   0.10  -0.10     0.00
  MONTH TO DATE    3.93                      4.06  -0.13     5.14
  SINCE JUN 1     12.16                     13.08  -0.92    16.97
  SINCE JAN 1     29.59                     30.58  -0.99    27.97

SNOWFALL (IN)
  YESTERDAY       MM            MM      MM  MM     MM       MM
  MONTH TO DATE   MM                        MM     MM       MM
  SINCE JUN 1     MM                        MM     MM       MM
  SINCE JUL 1     MM                        MM     MM       MM
  SNOW DEPTH      MM

DEGREE DAYS
 HEATING
  YESTERDAY        0                         2     -2        5
  MONTH TO DATE   15                        31    -16       21
  SINCE JUN 1    123                       153    -30      118
  SINCE JUL 1     31                        53    -22       34

 COOLING
  YESTERDAY        4                         2      2        0
  MONTH TO DATE  120                        90     30       77
  SINCE JUN 1    307                       273     34      271
  SINCE JAN 1    336                       292     44      328
..................................................................


WIND (MPH)
  HIGHEST WIND SPEED    12   HIGHEST WIND DIRECTION    NE (60)
  HIGHEST GUST SPEED    16   HIGHEST GUST DIRECTION    SE (120)
  AVERAGE WIND SPEED     3.7


SKY COVER
  POSSIBLE SUNSHINE  MM
  AVERAGE SKY COVER 0.0


WEATHER CONDITIONS
 THE FOLLOWING WEATHER WAS RECORDED YESTERDAY.
  NO SIGNIFICANT WEATHER WAS OBSERVED.


RELATIVE HUMIDITY (PERCENT)
 HIGHEST    97           300 AM
 LOWEST     48           300 PM
 AVERAGE    73

..........................................................


THE MOUNT POCONO PA CLIMATE NORMALS FOR TODAY
                         NORMAL    RECORD    YEAR
 MAXIMUM TEMPERATURE (F)   74        90      1953
 MINIMUM TEMPERATURE (F)   56        33      1941


SUNRISE AND SUNSET
AUGUST 28 2016........SUNRISE   625 AM EDT   SUNSET   740 PM EDT
AUGUST 29 2016........SUNRISE   626 AM EDT   SUNSET   738 PM EDT


-  INDICATES NEGATIVE NUMBERS.
R  INDICATES RECORD WAS SET OR TIED.
MM INDICATES DATA IS MISSING.
T  INDICATES TRACE AMOUNT.




$$
