000
CDUS41 KPHI 040629
CLIMPO


CLIMATE REPORT
NATIONAL WEATHER SERVICE MOUNT HOLLY NJ
229 AM EDT FRI SEP 4 2015


...................................

...THE MOUNT POCONO PA CLIMATE SUMMARY FOR SEPTEMBER 3 2015...

CLIMATE NORMAL PERIOD 1981 TO 2010
CLIMATE RECORD PERIOD 1901 TO 2015


WEATHER ITEM   OBSERVED TIME   RECORD YEAR NORMAL DEPARTURE LAST
                VALUE   (LST)  VALUE       VALUE  FROM      YEAR
                                                  NORMAL
..................................................................
TEMPERATURE (F)
 YESTERDAY
  MAXIMUM         85    342 PM  94    1953  73     12       78
  MINIMUM         62   1216 AM  34    1967  54      8       55
  AVERAGE         74                        63     11       67

PRECIPITATION (IN)
  YESTERDAY        T             2.10 1935   0.15  -0.15     0.00
  MONTH TO DATE    T                         0.45  -0.45     0.02
  SINCE SEP 1      T                         0.45  -0.45     0.02
  SINCE JAN 1     28.02                     31.43  -3.41    28.44

SNOWFALL (IN)
  YESTERDAY       MM            MM      MM  MM     MM       MM
  MONTH TO DATE   MM                        MM     MM       MM
  SINCE SEP 1     MM                        MM     MM       MM
  SINCE JUL 1     MM                        MM     MM       MM
  SNOW DEPTH      MM

DEGREE DAYS
 HEATING
  YESTERDAY        0                         3     -3        0
  MONTH TO DATE    0                         9     -9        0
  SINCE SEP 1      0                         9     -9        0
  SINCE JUL 1     41                        72    -31       76

 COOLING
  YESTERDAY        9                         1      8        2
  MONTH TO DATE   19                         3     16       18
  SINCE SEP 1     19                         3     16       18
  SINCE JAN 1    359                       299     60      236
..................................................................


WIND (MPH)
  HIGHEST WIND SPEED    16   HIGHEST WIND DIRECTION    NE (30)
  HIGHEST GUST SPEED    21   HIGHEST GUST DIRECTION    NW (320)
  AVERAGE WIND SPEED     6.3


SKY COVER
  POSSIBLE SUNSHINE  MM
  AVERAGE SKY COVER 0.2


WEATHER CONDITIONS
 THE FOLLOWING WEATHER WAS RECORDED YESTERDAY.
  THUNDERSTORM
  LIGHT RAIN
  FOG
  HAZE


RELATIVE HUMIDITY (PERCENT)
 HIGHEST    93          1200 AM
 LOWEST     51           200 PM
 AVERAGE    72

..........................................................


THE MOUNT POCONO PA CLIMATE NORMALS FOR TODAY
                         NORMAL    RECORD    YEAR
 MAXIMUM TEMPERATURE (F)   72        88      1973
 MINIMUM TEMPERATURE (F)   54        31      1908


SUNRISE AND SUNSET
SEPTEMBER  4 2015.....SUNRISE   631 AM EDT   SUNSET   730 PM EDT
SEPTEMBER  5 2015.....SUNRISE   632 AM EDT   SUNSET   728 PM EDT


-  INDICATES NEGATIVE NUMBERS.
R  INDICATES RECORD WAS SET OR TIED.
MM INDICATES DATA IS MISSING.
T  INDICATES TRACE AMOUNT.




$$
