000
CDUS41 KPHI 150547
CLIMPO


CLIMATE REPORT
NATIONAL WEATHER SERVICE MOUNT HOLLY NJ
1246 AM EST FRI DEC 15 2017


...................................

...THE MOUNT POCONO PA CLIMATE SUMMARY FOR DECEMBER 14 2017...

CLIMATE NORMAL PERIOD 1981 TO 2010
CLIMATE RECORD PERIOD 1901 TO 2017


WEATHER ITEM   OBSERVED TIME   RECORD YEAR NORMAL DEPARTURE LAST
                VALUE   (LST)  VALUE       VALUE  FROM      YEAR
                                                  NORMAL
..................................................................
TEMPERATURE (F)
 YESTERDAY
  MAXIMUM         20    214 PM  61    2015  34    -14       30
  MINIMUM          7   1159 PM  -9    2005  22    -15       19
  AVERAGE         14                        28    -14       25

PRECIPITATION (IN)
  YESTERDAY        0.05          2.65 1917   0.12  -0.07     0.00
  MONTH TO DATE    0.58                      1.93  -1.35     1.33
  SINCE DEC 1      0.58                      1.93  -1.35     1.33
  SINCE JAN 1     41.67                     46.84  -5.17    39.23

DEGREE DAYS
 HEATING
  YESTERDAY       51                        37     14       40
  MONTH TO DATE  519                       487     32      494
  SINCE DEC 1    519                       487     32      494
  SINCE JUL 1   1957                      2066   -109     1887

 COOLING
  YESTERDAY        0                         0      0        0
  MONTH TO DATE    0                         0      0        0
  SINCE DEC 1      0                         0      0        0
  SINCE JAN 1    287                       314    -27      397
..................................................................


WIND (MPH)
  HIGHEST WIND SPEED    28   HIGHEST WIND DIRECTION     W (280)
  HIGHEST GUST SPEED    36   HIGHEST GUST DIRECTION     W (270)
  AVERAGE WIND SPEED    10.6


SKY COVER
  POSSIBLE SUNSHINE  MM
  AVERAGE SKY COVER 0.6


WEATHER CONDITIONS
 THE FOLLOWING WEATHER WAS RECORDED YESTERDAY.
  LIGHT SNOW
  FOG


RELATIVE HUMIDITY (PERCENT)
 HIGHEST   100           200 AM
 LOWEST     54           400 PM
 AVERAGE    77

..........................................................


THE MOUNT POCONO PA CLIMATE NORMALS FOR TODAY
                         NORMAL    RECORD    YEAR
 MAXIMUM TEMPERATURE (F)   34        59      1901
 MINIMUM TEMPERATURE (F)   21        -9      1902


SUNRISE AND SUNSET
DECEMBER 15 2017......SUNRISE   720 AM EST   SUNSET   434 PM EST
DECEMBER 16 2017......SUNRISE   721 AM EST   SUNSET   434 PM EST


-  INDICATES NEGATIVE NUMBERS.
R  INDICATES RECORD WAS SET OR TIED.
MM INDICATES DATA IS MISSING.
T  INDICATES TRACE AMOUNT.




$$
