000
CDUS41 KBTV 200552
CLIMPV


CLIMATE REPORT
NATIONAL WEATHER SERVICE BURLINGTON VT
150 AM EDT SAT SEP 20 2014


...................................

...THE MONTPELIER VT CLIMATE SUMMARY FOR SEPTEMBER 19 2014...

CLIMATE NORMAL PERIOD 1981 TO 2010
CLIMATE RECORD PERIOD 1948 TO 2014


WEATHER ITEM   OBSERVED TIME   RECORD YEAR NORMAL DEPARTURE LAST
                VALUE   (LST)  VALUE       VALUE  FROM      YEAR
                                                  NORMAL
..................................................................
TEMPERATURE (F)
 YESTERDAY
  MAXIMUM         55    358 PM  87    1955  67    -12       73
  MINIMUM         30    523 AM  29    1959  45    -15       40
  AVERAGE         43                        56    -13       57

PRECIPITATION (IN)
  YESTERDAY        0.00          1.01        0.11  -0.11     0.02
  MONTH TO DATE    1.47                      1.83  -0.36     3.64
  SINCE SEP 1      1.47                      1.83  -0.36     3.64
  SINCE JAN 1     26.56                     26.63  -0.07    28.93

DEGREE DAYS
 HEATING
  YESTERDAY       22                         9     13        8
  MONTH TO DATE  187                       119     68      165
  SINCE SEP 1    187                       119     68      165
  SINCE JUL 1    300                       227     73      258

 COOLING
  YESTERDAY        0                         0      0        0
  MONTH TO DATE   20                        16      4       29
  SINCE SEP 1     20                        16      4       29
  SINCE JAN 1    186                       260    -74      323
..................................................................


WIND (MPH)
  HIGHEST WIND SPEED    12   HIGHEST WIND DIRECTION     S (180)
  HIGHEST GUST SPEED    15   HIGHEST GUST DIRECTION     S (180)
  AVERAGE WIND SPEED     3.7


SKY COVER
  AVERAGE SKY COVER 0.3


WEATHER CONDITIONS
 THE FOLLOWING WEATHER WAS RECORDED YESTERDAY.
  FOG
  FOG W/VISIBILITY <= 1/4 MILE


RELATIVE HUMIDITY (PERCENT)
 HIGHEST   100           300 AM
 LOWEST     26           400 PM
 AVERAGE    63

..........................................................


THE MONTPELIER VT CLIMATE NORMALS FOR TODAY
                         NORMAL    RECORD    YEAR
 MAXIMUM TEMPERATURE (F)   67        85      1983
 MINIMUM TEMPERATURE (F)   45        29      1964


SUNRISE AND SUNSET
SEPTEMBER 20 2014.....SUNRISE   635 AM EDT   SUNSET   651 PM EDT
SEPTEMBER 21 2014.....SUNRISE   636 AM EDT   SUNSET   650 PM EDT


-  INDICATES NEGATIVE NUMBERS.
R  INDICATES RECORD WAS SET OR TIED.
MM INDICATES DATA IS MISSING.
T  INDICATES TRACE AMOUNT.




$$
