000
CDUS41 KBTV 270537
CLIMPV


CLIMATE REPORT
NATIONAL WEATHER SERVICE BURLINGTON VT
1235 AM EST THU NOV 27 2014


...................................

...THE MONTPELIER VT CLIMATE SUMMARY FOR NOVEMBER 26 2014...

CLIMATE NORMAL PERIOD 1981 TO 2010
CLIMATE RECORD PERIOD 1948 TO 2014


WEATHER ITEM   OBSERVED TIME   RECORD YEAR NORMAL DEPARTURE LAST
                VALUE   (LST)  VALUE       VALUE  FROM      YEAR
                                                  NORMAL
..................................................................
TEMPERATURE (F)
 YESTERDAY
  MAXIMUM         40   1222 AM  61    1979  39      1       32
  MINIMUM         27   1159 PM  -3    1949  23      4       26
  AVERAGE         34                        31      3       29

PRECIPITATION (IN)
  YESTERDAY        0.62          1.56        0.11   0.51      T
  MONTH TO DATE    1.70                      2.77  -1.07     1.53
  SINCE SEP 1      7.63                      9.33  -1.70     8.65
  SINCE JAN 1     32.72                     34.13  -1.41    33.94

DEGREE DAYS
 HEATING
  YESTERDAY       31                        34     -3       36
  MONTH TO DATE  767                       750     17      828
  SINCE SEP 1   1536                      1598    -62     1670
  SINCE JUL 1   1649                      1706    -57     1763

 COOLING
  YESTERDAY        0                         0      0        0
  MONTH TO DATE    0                         0      0        0
  SINCE SEP 1     22                        20      2       29
  SINCE JAN 1    188                       264    -76      323
..................................................................


WIND (MPH)
  HIGHEST WIND SPEED    15   HIGHEST WIND DIRECTION    NW (310)
  HIGHEST GUST SPEED    21   HIGHEST GUST DIRECTION    NW (310)
  AVERAGE WIND SPEED     6.2


SKY COVER
  AVERAGE SKY COVER 0.8


WEATHER CONDITIONS
 THE FOLLOWING WEATHER WAS RECORDED YESTERDAY.
  HEAVY SNOW
  SNOW
  LIGHT SNOW
  FOG
  FOG W/VISIBILITY <= 1/4 MILE


RELATIVE HUMIDITY (PERCENT)
 HIGHEST   100           200 PM
 LOWEST     54          1200 AM
 AVERAGE    77

..........................................................


THE MONTPELIER VT CLIMATE NORMALS FOR TODAY
                         NORMAL    RECORD    YEAR
 MAXIMUM TEMPERATURE (F)   39        59      2006
                                             1976
 MINIMUM TEMPERATURE (F)   23        -7      1949


SUNRISE AND SUNSET
NOVEMBER 27 2014......SUNRISE   701 AM EST   SUNSET   415 PM EST
NOVEMBER 28 2014......SUNRISE   702 AM EST   SUNSET   414 PM EST


-  INDICATES NEGATIVE NUMBERS.
R  INDICATES RECORD WAS SET OR TIED.
MM INDICATES DATA IS MISSING.
T  INDICATES TRACE AMOUNT.




$$
