000
CDUS41 KBTV 010556
CLIMPV


CLIMATE REPORT
NATIONAL WEATHER SERVICE BURLINGTON VT
1252 AM EST SUN FEB 1 2015


...................................

...THE MONTPELIER VT CLIMATE SUMMARY FOR JANUARY 31 2015...

CLIMATE NORMAL PERIOD 1981 TO 2010
CLIMATE RECORD PERIOD 1948 TO 2015


WEATHER ITEM   OBSERVED TIME   RECORD YEAR NORMAL DEPARTURE LAST
                VALUE   (LST)  VALUE       VALUE  FROM      YEAR
                                                  NORMAL
..................................................................
TEMPERATURE (F)
 YESTERDAY
  MAXIMUM          6    319 PM  56    1988  27    -21       32
  MINIMUM         -8    819 AM -15    1951   7    -15       17
  AVERAGE         -1                        17    -18       25

PRECIPITATION (IN)
  YESTERDAY        T             1.08        0.09  -0.09     0.00
  MONTH TO DATE    1.78                      2.45  -0.67     1.83
  SINCE DEC 1      5.35                      5.19   0.16     3.88
  SINCE JAN 1      1.78                      2.45  -0.67     1.83

DEGREE DAYS
 HEATING
  YESTERDAY       66                        48     18       40
  MONTH TO DATE 1651                      1500    151     1549
  SINCE DEC 1   2850                      2799     51     2903
  SINCE JUL 1   4668                      4645     23     4807

 COOLING
  YESTERDAY        0                         0      0        0
  MONTH TO DATE    0                         0      0        0
  SINCE DEC 1      0                         0      0        0
  SINCE JAN 1      0                         0      0        0
..................................................................


WIND (MPH)
  HIGHEST WIND SPEED    22   HIGHEST WIND DIRECTION    NW (310)
  HIGHEST GUST SPEED    29   HIGHEST GUST DIRECTION    NW (310)
  AVERAGE WIND SPEED    11.3


SKY COVER
  AVERAGE SKY COVER 0.3


WEATHER CONDITIONS
 THE FOLLOWING WEATHER WAS RECORDED YESTERDAY.
  LIGHT SNOW
  FOG
  HAZE


RELATIVE HUMIDITY (PERCENT)
 HIGHEST    87           100 AM
 LOWEST     42           300 PM
 AVERAGE    65

..........................................................


THE MONTPELIER VT CLIMATE NORMALS FOR TODAY
                         NORMAL    RECORD    YEAR
 MAXIMUM TEMPERATURE (F)   27        55      1989
 MINIMUM TEMPERATURE (F)    7       -22      1962


SUNRISE AND SUNSET
FEBRUARY  1 2015......SUNRISE   708 AM EST   SUNSET   500 PM EST
FEBRUARY  2 2015......SUNRISE   707 AM EST   SUNSET   501 PM EST


-  INDICATES NEGATIVE NUMBERS.
R  INDICATES RECORD WAS SET OR TIED.
MM INDICATES DATA IS MISSING.
T  INDICATES TRACE AMOUNT.




$$
