000
CDUS41 KBTV 220538
CLIMPV


CLIMATE REPORT
NATIONAL WEATHER SERVICE BURLINGTON VT
137 AM EDT FRI MAY 22 2015


...................................

...THE MONTPELIER VT CLIMATE SUMMARY FOR MAY 21 2015...

CLIMATE NORMAL PERIOD 1981 TO 2010
CLIMATE RECORD PERIOD 1948 TO 2015


WEATHER ITEM   OBSERVED TIME   RECORD YEAR NORMAL DEPARTURE LAST
                VALUE   (LST)  VALUE       VALUE  FROM      YEAR
                                                  NORMAL
..................................................................
TEMPERATURE (F)
 YESTERDAY
  MAXIMUM         65    256 PM  86    2009  67     -2       72
                                      1977
  MINIMUM         34    417 AM  26    1964  44    -10       37
  AVERAGE         50                        55     -5       55

PRECIPITATION (IN)
  YESTERDAY        0.00          1.84        0.10  -0.10     0.00
  MONTH TO DATE    2.01                      2.20  -0.19     2.06
  SINCE MAR 1      4.91                      7.25  -2.34     7.21
  SINCE JAN 1      7.78                     11.74  -3.96    11.52

DEGREE DAYS
 HEATING
  YESTERDAY       15                        10      5       10
  MONTH TO DATE  164                       271   -107      245
  SINCE MAR 1   2238                      2067    171     2424
  SINCE JUL 1   8576                      7975    601     8589

 COOLING
  YESTERDAY        0                         0      0        0
  MONTH TO DATE    9                         0      9        1
  SINCE MAR 1      9                         1      8        1
  SINCE JAN 1      9                         1      8        1
..................................................................


WIND (MPH)
  HIGHEST WIND SPEED    15   HIGHEST WIND DIRECTION     S (190)
  HIGHEST GUST SPEED    20   HIGHEST GUST DIRECTION    SW (220)
  AVERAGE WIND SPEED     3.3


SKY COVER
  AVERAGE SKY COVER 0.5


WEATHER CONDITIONS
 THE FOLLOWING WEATHER WAS RECORDED YESTERDAY.
  NO SIGNIFICANT WEATHER WAS OBSERVED.


RELATIVE HUMIDITY (PERCENT)
 HIGHEST    89           400 AM
 LOWEST     23           200 PM
 AVERAGE    56

..........................................................


THE MONTPELIER VT CLIMATE NORMALS FOR TODAY
                         NORMAL    RECORD    YEAR
 MAXIMUM TEMPERATURE (F)   68        90      1994
 MINIMUM TEMPERATURE (F)   44        29      2002


SUNRISE AND SUNSET
MAY 22 2015...........SUNRISE   517 AM EDT   SUNSET   817 PM EDT
MAY 23 2015...........SUNRISE   516 AM EDT   SUNSET   818 PM EDT


-  INDICATES NEGATIVE NUMBERS.
R  INDICATES RECORD WAS SET OR TIED.
MM INDICATES DATA IS MISSING.
T  INDICATES TRACE AMOUNT.




$$
