000
CDUS41 KBTV 120529
CLIMPV


CLIMATE REPORT
NATIONAL WEATHER SERVICE BURLINGTON VT
124 AM EDT SAT JUL 12 2014


...................................

...THE MONTPELIER VT CLIMATE SUMMARY FOR JULY 11 2014...

CLIMATE NORMAL PERIOD 1981 TO 2010
CLIMATE RECORD PERIOD 1948 TO 2014


WEATHER ITEM   OBSERVED TIME   RECORD YEAR NORMAL DEPARTURE LAST
                VALUE   (LST)  VALUE       VALUE  FROM      YEAR
                                                  NORMAL
..................................................................
TEMPERATURE (F)
 YESTERDAY
  MAXIMUM         77    204 PM  89    1987  79     -2       77
  MINIMUM         47    458 AM  44    1954  56     -9       56
  AVERAGE         62                        67     -5       67

PRECIPITATION (IN)
  YESTERDAY        0.00          1.78        0.13  -0.13     0.09
  MONTH TO DATE    0.70                      1.33  -0.63     3.48
  SINCE JUN 1      4.72                      5.13  -0.41    11.83
  SINCE JAN 1     17.32                     18.04  -0.72    21.10

DEGREE DAYS
 COOLING
  YESTERDAY        0                         4     -4        2
  MONTH TO DATE   58                        34     24       73
  SINCE JUN 1     88                        87      1      141
  SINCE JAN 1     89                        97     -8      152
..................................................................


WIND (MPH)
  HIGHEST WIND SPEED     9   HIGHEST WIND DIRECTION    NW (310)
  HIGHEST GUST SPEED    13   HIGHEST GUST DIRECTION    NW (330)
  AVERAGE WIND SPEED     2.1


SKY COVER
  AVERAGE SKY COVER 0.2


WEATHER CONDITIONS
 THE FOLLOWING WEATHER WAS RECORDED YESTERDAY.
  FOG
  FOG W/VISIBILITY <= 1/4 MILE


RELATIVE HUMIDITY (PERCENT)
 HIGHEST   100           500 AM
 LOWEST     38          1100 AM
 AVERAGE    69

..........................................................


THE MONTPELIER VT CLIMATE NORMALS FOR TODAY
                         NORMAL    RECORD    YEAR
 MAXIMUM TEMPERATURE (F)   79        91      1987
 MINIMUM TEMPERATURE (F)   56        43      1985


SUNRISE AND SUNSET
JULY 12 2014..........SUNRISE   518 AM EDT   SUNSET   833 PM EDT
JULY 13 2014..........SUNRISE   519 AM EDT   SUNSET   833 PM EDT


-  INDICATES NEGATIVE NUMBERS.
R  INDICATES RECORD WAS SET OR TIED.
MM INDICATES DATA IS MISSING.
T  INDICATES TRACE AMOUNT.




$$
