000
CDUS41 KBTV 200604
CLIMPV


CLIMATE REPORT
NATIONAL WEATHER SERVICE BURLINGTON VT
104 AM EST THU NOV 20 2014


...................................

...THE MONTPELIER VT CLIMATE SUMMARY FOR NOVEMBER 19 2014...

CLIMATE NORMAL PERIOD 1981 TO 2010
CLIMATE RECORD PERIOD 1948 TO 2014


WEATHER ITEM   OBSERVED TIME   RECORD YEAR NORMAL DEPARTURE LAST
                VALUE   (LST)  VALUE       VALUE  FROM      YEAR
                                                  NORMAL
..................................................................
TEMPERATURE (F)
 YESTERDAY
  MAXIMUM         27    210 PM  68    1953  42    -15       38
  MINIMUM         17    711 PM   5    1956  26     -9       25
  AVERAGE         22                        34    -12       32

PRECIPITATION (IN)
  YESTERDAY        0.03          0.82        0.11  -0.08      T
  MONTH TO DATE    1.07                      2.03  -0.96     1.45
  SINCE SEP 1      7.00                      8.59  -1.59     8.57
  SINCE JAN 1     32.09                     33.39  -1.30    33.86

DEGREE DAYS
 HEATING
  YESTERDAY       43                        31     12       33
  MONTH TO DATE  566                       523     43      546
  SINCE SEP 1   1335                      1371    -36     1388
  SINCE JUL 1   1448                      1479    -31     1481

 COOLING
  YESTERDAY        0                         0      0        0
  MONTH TO DATE    0                         0      0        0
  SINCE SEP 1     22                        20      2       29
  SINCE JAN 1    188                       264    -76      323
..................................................................


WIND (MPH)
  HIGHEST WIND SPEED    18   HIGHEST WIND DIRECTION     W (250)
  HIGHEST GUST SPEED    30   HIGHEST GUST DIRECTION     W (290)
  AVERAGE WIND SPEED     7.4


SKY COVER
  AVERAGE SKY COVER 0.7


WEATHER CONDITIONS
 THE FOLLOWING WEATHER WAS RECORDED YESTERDAY.
  SNOW
  LIGHT SNOW
  FOG
  HAZE


RELATIVE HUMIDITY (PERCENT)
 HIGHEST    91           700 AM
 LOWEST     50          1200 PM
 AVERAGE    71

..........................................................


THE MONTPELIER VT CLIMATE NORMALS FOR TODAY
                         NORMAL    RECORD    YEAR
 MAXIMUM TEMPERATURE (F)   42        72      1991
 MINIMUM TEMPERATURE (F)   26         7      1986


SUNRISE AND SUNSET
NOVEMBER 20 2014......SUNRISE   652 AM EST   SUNSET   419 PM EST
NOVEMBER 21 2014......SUNRISE   653 AM EST   SUNSET   418 PM EST


-  INDICATES NEGATIVE NUMBERS.
R  INDICATES RECORD WAS SET OR TIED.
MM INDICATES DATA IS MISSING.
T  INDICATES TRACE AMOUNT.




$$
