000
CDUS41 KBTV 230533
CLIMPV


CLIMATE REPORT
NATIONAL WEATHER SERVICE BURLINGTON VT
131 AM EDT SAT AUG 23 2014


...................................

...THE MONTPELIER VT CLIMATE SUMMARY FOR AUGUST 22 2014...

CLIMATE NORMAL PERIOD 1981 TO 2010
CLIMATE RECORD PERIOD 1948 TO 2014


WEATHER ITEM   OBSERVED TIME   RECORD YEAR NORMAL DEPARTURE LAST
                VALUE   (LST)  VALUE       VALUE  FROM      YEAR
                                                  NORMAL
..................................................................
TEMPERATURE (F)
 YESTERDAY
  MAXIMUM         63    408 PM  91    1955  76    -13       83
  MINIMUM         57    637 AM  39    1957  53      4       60
  AVERAGE         60                        65     -5       72

PRECIPITATION (IN)
  YESTERDAY        0.13          1.13        0.11   0.02     0.48
  MONTH TO DATE    2.72                      3.08  -0.36     1.93
  SINCE JUN 1     12.42                     10.96   1.46    15.62
  SINCE JAN 1     25.02                     23.87   1.15    24.89

DEGREE DAYS
 HEATING
  YESTERDAY        5                         2      3        0
  MONTH TO DATE   60                        40     20       62
  SINCE JUN 1    203                       201      2      225
  SINCE JUL 1    103                        80     23       77

 COOLING
  YESTERDAY        0                         2     -2        7
  MONTH TO DATE   20                        60    -40       25
  SINCE JUN 1    151                       218    -67      254
  SINCE JAN 1    152                       228    -76      265
..................................................................


WIND (MPH)
  HIGHEST WIND SPEED     9   HIGHEST WIND DIRECTION     S (170)
  HIGHEST GUST SPEED    13   HIGHEST GUST DIRECTION    SE (150)
  AVERAGE WIND SPEED     2.3


SKY COVER
  AVERAGE SKY COVER 1.0


WEATHER CONDITIONS
 THE FOLLOWING WEATHER WAS RECORDED YESTERDAY.
  LIGHT RAIN
  FOG


RELATIVE HUMIDITY (PERCENT)
 HIGHEST   100          1200 AM
 LOWEST     90          1000 AM
 AVERAGE    95

..........................................................


THE MONTPELIER VT CLIMATE NORMALS FOR TODAY
                         NORMAL    RECORD    YEAR
 MAXIMUM TEMPERATURE (F)   76        84      1972
 MINIMUM TEMPERATURE (F)   53        37      1988


SUNRISE AND SUNSET
AUGUST 23 2014........SUNRISE   603 AM EDT   SUNSET   742 PM EDT
AUGUST 24 2014........SUNRISE   604 AM EDT   SUNSET   740 PM EDT


-  INDICATES NEGATIVE NUMBERS.
R  INDICATES RECORD WAS SET OR TIED.
MM INDICATES DATA IS MISSING.
T  INDICATES TRACE AMOUNT.




$$
