000
CDUS41 KBTV 180532
CLIMPV


CLIMATE REPORT
NATIONAL WEATHER SERVICE BURLINGTON VT
1230 AM EST MON DEC 18 2017


...................................

...THE MONTPELIER VT CLIMATE SUMMARY FOR DECEMBER 17 2017...

CLIMATE NORMAL PERIOD 1981 TO 2010
CLIMATE RECORD PERIOD 1948 TO 2017


WEATHER ITEM   OBSERVED TIME   RECORD YEAR NORMAL DEPARTURE LAST
                VALUE   (LST)  VALUE       VALUE  FROM      YEAR
                                                  NORMAL
..................................................................
TEMPERATURE (F)
 YESTERDAY
  MAXIMUM         14    302 PM  56    1984  31    -17       21
  MINIMUM         -7    737 AM -20    2013  14    -21       -1
  AVERAGE          4                        22    -18       10

PRECIPITATION (IN)
  YESTERDAY        0.00          2.62        0.09  -0.09     0.15
  MONTH TO DATE    0.85                      1.64  -0.79     1.18
  SINCE DEC 1      0.85                      1.64  -0.79     1.18
  SINCE JAN 1     41.78                     36.17   5.61    33.09

DEGREE DAYS
 HEATING
  YESTERDAY       61                        43     18       55
  MONTH TO DATE  706                       670     36      721
  SINCE DEC 1    706                       670     36      721
  SINCE JUL 1   2340                      2516   -176     2310

 COOLING
  YESTERDAY        0                         0      0        0
  MONTH TO DATE    0                         0      0        0
  SINCE DEC 1      0                         0      0        0
  SINCE JAN 1    243                       264    -21      300
..................................................................


WIND (MPH)
  HIGHEST WIND SPEED    12   HIGHEST WIND DIRECTION     N (340)
  HIGHEST GUST SPEED    15   HIGHEST GUST DIRECTION    NW (320)
  AVERAGE WIND SPEED     1.8


SKY COVER
  AVERAGE SKY COVER 0.0


WEATHER CONDITIONS
 THE FOLLOWING WEATHER WAS RECORDED YESTERDAY.
  NO SIGNIFICANT WEATHER WAS OBSERVED.


RELATIVE HUMIDITY (PERCENT)
 HIGHEST   100           100 AM
 LOWEST     58           300 PM
 AVERAGE    79

..........................................................


THE MONTPELIER VT CLIMATE NORMALS FOR TODAY
                         NORMAL    RECORD    YEAR
 MAXIMUM TEMPERATURE (F)   31        50      1949
 MINIMUM TEMPERATURE (F)   13       -10      1988


SUNRISE AND SUNSET
DECEMBER 18 2017......SUNRISE   721 AM EST   SUNSET   413 PM EST
DECEMBER 19 2017......SUNRISE   721 AM EST   SUNSET   414 PM EST


-  INDICATES NEGATIVE NUMBERS.
R  INDICATES RECORD WAS SET OR TIED.
MM INDICATES DATA IS MISSING.
T  INDICATES TRACE AMOUNT.




$$
