000
CDUS43 KMPX 200643
CLIMPX


CLIMATE REPORT
NATIONAL WEATHER SERVICE CHANHASSEN MN
1243 AM CST TUE FEB 20 2018


...................................

...THE CHANHASSEN MN CLIMATE SUMMARY FOR FEBRUARY 19 2018...

CLIMATE NORMAL PERIOD 1981 TO 2010
CLIMATE RECORD PERIOD 1995 TO 2018


WEATHER ITEM   OBSERVED TIME   RECORD YEAR NORMAL DEPARTURE LAST
                VALUE   (LST)  VALUE       VALUE  FROM      YEAR
                                                  NORMAL
..................................................................
TEMPERATURE (F)
 YESTERDAY
  MAXIMUM         25        MM  59    2017  29     -4       59
  MINIMUM         17        MM -13    2015  12      5       29
  AVERAGE         21                        20      1       44

PRECIPITATION (IN)
  YESTERDAY        0.12          0.36 2016   0.03   0.09     0.00
  MONTH TO DATE    0.32                      0.59  -0.27     0.04
  SINCE DEC 1      2.39                      2.71  -0.32     3.17
  SINCE JAN 1      1.74                      1.46   0.28     0.92

SNOWFALL (IN)
  YESTERDAY        0.6 R         T    2013   0.4    0.2      0.0
                                      2004
                                      2003
  MONTH TO DATE    4.0                       6.6   -2.6       T
  SINCE DEC 1     29.5                      30.8   -1.3     27.3
  SINCE JUL 1     31.3                      36.6   -5.3     32.4
  SNOW DEPTH       4

DEGREE DAYS
 HEATING
  YESTERDAY       44                        45     -1       21
  MONTH TO DATE 1047                       899    148      720
  SINCE DEC 1   4087                      3923    164     3575
  SINCE JUL 1   5700                      5630     70     4798

 COOLING
  YESTERDAY        0                         0      0        0
  MONTH TO DATE    0                         0      0        0
  SINCE DEC 1      0                         0      0        0
  SINCE JAN 1      0                         0      0        0
..................................................................


WIND (MPH)
  HIGHEST WIND SPEED    MM   HIGHEST WIND DIRECTION    MM
  HIGHEST GUST SPEED    MM   HIGHEST GUST DIRECTION    MM
  AVERAGE WIND SPEED    MM


SKY COVER
  POSSIBLE SUNSHINE  MM
  AVERAGE SKY COVER  MM


WEATHER CONDITIONS
 THE FOLLOWING WEATHER WAS RECORDED YESTERDAY.
  NO SIGNIFICANT WEATHER WAS OBSERVED.


RELATIVE HUMIDITY (PERCENT)
 HIGHEST    MM
 LOWEST     MM
 AVERAGE    MM

..........................................................


THE CHANHASSEN MN CLIMATE NORMALS FOR TODAY
                         NORMAL    RECORD    YEAR
 MAXIMUM TEMPERATURE (F)   29        54      2017
 MINIMUM TEMPERATURE (F)   12       -14      2008


SUNRISE AND SUNSET
FEBRUARY 20 2018......SUNRISE   707 AM CST   SUNSET   550 PM CST
FEBRUARY 21 2018......SUNRISE   705 AM CST   SUNSET   551 PM CST


-  INDICATES NEGATIVE NUMBERS.
R  INDICATES RECORD WAS SET OR TIED.
MM INDICATES DATA IS MISSING.
T  INDICATES TRACE AMOUNT.




$$
