000
CDUS43 KMPX 270652
CLIMPX


CLIMATE REPORT
NATIONAL WEATHER SERVICE CHANHASSEN MN
1252 AM CST SAT DEC 27 2014


...................................

...THE CHANHASSEN MN CLIMATE SUMMARY FOR DECEMBER 26 2014...

CLIMATE NORMAL PERIOD 1981 TO 2010
CLIMATE RECORD PERIOD 1995 TO 2014


WEATHER ITEM   OBSERVED TIME   RECORD YEAR NORMAL DEPARTURE LAST
                VALUE   (LST)  VALUE       VALUE  FROM      YEAR
                                                  NORMAL
..................................................................
TEMPERATURE (F)
 YESTERDAY
  MAXIMUM         31        MM  49    2011  23      8       25
  MINIMUM         26        MM  -1    2000   7     19        7
  AVERAGE         29                        15     14       16

PRECIPITATION (IN)
  YESTERDAY        0.10R         0.09 1999   0.04   0.06     0.01
                                      1999
                                      2007
  MONTH TO DATE    0.70                      1.06  -0.36     1.20
  SINCE DEC 1      0.70                      1.06  -0.36     1.20
  SINCE JAN 1     36.16                     30.97   5.19    35.02

SNOWFALL (IN)
  YESTERDAY        1.6           2.5  1999   0.4    1.2      0.4
  MONTH TO DATE    2.8                      11.8   -9.0     15.8
  SINCE DEC 1      2.8                      11.8   -9.0     15.8
  SINCE JUL 1     10.9                      17.6   -6.7     17.6
  SNOW DEPTH       0

DEGREE DAYS
 HEATING
  YESTERDAY       36                        50    -14       49
  MONTH TO DATE 1004                      1202   -198     1421
  SINCE DEC 1   1004                      1202   -198     1421
  SINCE JUL 1   2941                      2909     32     3143

 COOLING
  YESTERDAY        0                         0      0        0
  MONTH TO DATE    0                         0      0        0
  SINCE DEC 1      0                         0      0        0
  SINCE JAN 1    514                       605    -91      667
..................................................................


WIND (MPH)
  HIGHEST WIND SPEED    MM   HIGHEST WIND DIRECTION    MM
  HIGHEST GUST SPEED    MM   HIGHEST GUST DIRECTION    MM
  AVERAGE WIND SPEED    MM


SKY COVER
  POSSIBLE SUNSHINE  MM
  AVERAGE SKY COVER  MM


WEATHER CONDITIONS
 THE FOLLOWING WEATHER WAS RECORDED YESTERDAY.
  NO SIGNIFICANT WEATHER WAS OBSERVED.


RELATIVE HUMIDITY (PERCENT)
 HIGHEST    MM
 LOWEST     MM
 AVERAGE    MM

..........................................................


THE CHANHASSEN MN CLIMATE NORMALS FOR TODAY
                         NORMAL    RECORD    YEAR
 MAXIMUM TEMPERATURE (F)   23        44      2003
 MINIMUM TEMPERATURE (F)    7         3      2000


SUNRISE AND SUNSET
DECEMBER 27 2014......SUNRISE   751 AM CST   SUNSET   440 PM CST
DECEMBER 28 2014......SUNRISE   751 AM CST   SUNSET   440 PM CST


-  INDICATES NEGATIVE NUMBERS.
R  INDICATES RECORD WAS SET OR TIED.
MM INDICATES DATA IS MISSING.
T  INDICATES TRACE AMOUNT.




$$
