000
CDUS43 KMPX 110810
CLIMPX


CLIMATE REPORT
NATIONAL WEATHER SERVICE CHANHASSEN MN
309 AM CDT FRI JUL 11 2014


...................................

...THE CHANHASSEN MN CLIMATE SUMMARY FOR JULY 10 2014...

CLIMATE NORMAL PERIOD 1981 TO 2010
CLIMATE RECORD PERIOD 1995 TO 2014


WEATHER ITEM   OBSERVED NORMAL DEPARTURE LAST
                VALUE   VALUE  FROM      YEAR
                               NORMAL
...............................................
TEMPERATURE (F)
 YESTERDAY
  MAXIMUM         83     82      1       79
  MINIMUM         56     62     -6       61
  AVERAGE         70     72     -2       70

PRECIPITATION (IN)
  YESTERDAY        T      0.12  -0.12     0.00
  MONTH TO DATE    0.84   1.22  -0.38     0.81
  SINCE JUN 1     11.26   5.24   6.02     7.09
  SINCE JAN 1     27.16  15.49  11.67    22.59

SNOWFALL (IN)
  YESTERDAY        0.0    0.0    0.0      0.0
  MONTH TO DATE    0.0    0.0    0.0      0.0
  SINCE JUN 1      0.0    0.0    0.0      0.0
  SINCE JUL 1      0.0    0.0    0.0      0.0
  SNOW DEPTH       0

DEGREE DAYS
 HEATING
  YESTERDAY        0      0      0        0
  MONTH TO DATE    4      0      4        0
  SINCE JUN 1     37     49    -12       62
  SINCE JUL 1      4      0      4        0

 COOLING
  YESTERDAY        5      7     -2        5
  MONTH TO DATE   39     70    -31       98
  SINCE JUN 1    151    197    -46      210
  SINCE JAN 1    188    230    -42      233
...............................................







THE CHANHASSEN MN CLIMATE NORMALS FOR TODAY
                         NORMAL
 MAXIMUM TEMPERATURE (F)   82
 MINIMUM TEMPERATURE (F)   62



-  INDICATES NEGATIVE NUMBERS.
R  INDICATES RECORD WAS SET OR TIED.
MM INDICATES DATA IS MISSING.
T  INDICATES TRACE AMOUNT.




$$
