114
CDUS41 KLWX 282123
CLIMRB


CLIMATE REPORT
NATIONAL WEATHER SERVICE BALTIMORE MD/WASHINGTON DC
523 PM EDT WED JUN 28 2017


...................................

...THE MARTINSBURG WV CLIMATE SUMMARY FOR JUNE 28 2017...
VALID TODAY AS OF 0500 PM LOCAL TIME.

CLIMATE NORMAL PERIOD 1981 TO 2010
CLIMATE RECORD PERIOD 1926 TO 2017


WEATHER ITEM   OBSERVED TIME   RECORD YEAR NORMAL DEPARTURE LAST
                VALUE   (LST)  VALUE       VALUE  FROM      YEAR
                                                  NORMAL
..................................................................
TEMPERATURE (F)
 TODAY
  MAXIMUM         80    254 PM 100    1943  85     -5       89
  MINIMUM         50    428 AM  46    1927  62    -12       66
  AVERAGE         65                        74     -9       78

PRECIPITATION (IN)
  TODAY            0.00          1.20 1937   0.11  -0.11     0.02
  MONTH TO DATE    1.11                      3.52  -2.41     2.10
  SINCE JUN 1      1.11                      3.52  -2.41     2.10
  SINCE JAN 1     18.33                     19.25  -0.92    13.69

DEGREE DAYS
 HEATING
  TODAY            0                         0      0        0
  MONTH TO DATE   10                        22    -12        5
  SINCE JUN 1     10                        22    -12        5
  SINCE JUL 1   4136                      5247  -1111     4478

 COOLING
  TODAY            0                         9     -9       13
  MONTH TO DATE  205                       165     40      209
  SINCE JUN 1    205                       165     40      209
  SINCE JAN 1    312                       222     90      282
..................................................................


WIND (MPH)
  HIGHEST WIND SPEED    10   HIGHEST WIND DIRECTION    NW (320)
  HIGHEST GUST SPEED    18   HIGHEST GUST DIRECTION     S (180)
  AVERAGE WIND SPEED     3.5


SKY COVER
  POSSIBLE SUNSHINE  MM
  AVERAGE SKY COVER 0.0


WEATHER CONDITIONS
 THE FOLLOWING WEATHER WAS RECORDED TODAY.
  NO SIGNIFICANT WEATHER WAS OBSERVED.


RELATIVE HUMIDITY (PERCENT)
 HIGHEST    89           600 AM
 LOWEST     27          1200 PM
 AVERAGE    58

..........................................................


THE MARTINSBURG WV CLIMATE NORMALS FOR TOMORROW
                         NORMAL    RECORD    YEAR
 MAXIMUM TEMPERATURE (F)   85       102      2012
 MINIMUM TEMPERATURE (F)   62        51      1970


SUNRISE AND SUNSET
JUNE 28 2017..........SUNRISE   547 AM EDT   SUNSET   843 PM EDT
JUNE 29 2017..........SUNRISE   548 AM EDT   SUNSET   843 PM EDT


-  INDICATES NEGATIVE NUMBERS.
R  INDICATES RECORD WAS SET OR TIED.
MM INDICATES DATA IS MISSING.
T  INDICATES TRACE AMOUNT.




$$
