000
CDUS41 KLWX 182130
CLIMRB


CLIMATE REPORT
NATIONAL WEATHER SERVICE BALTIMORE MD/WASHINGTON DC
529 PM EDT FRI APR 18 2014


...................................

...THE MARTINSBURG WV CLIMATE SUMMARY FOR APRIL 18 2014...
VALID TODAY AS OF 0500 PM LOCAL TIME.

CLIMATE NORMAL PERIOD 1981 TO 2010
CLIMATE RECORD PERIOD 1926 TO 2014


WEATHER ITEM   OBSERVED TIME   RECORD YEAR NORMAL DEPARTURE LAST
                VALUE   (LST)  VALUE       VALUE  FROM      YEAR
                                                  NORMAL
..................................................................
TEMPERATURE (F)
 TODAY
  MAXIMUM         57    359 PM  92    1976  65     -8       76
  MINIMUM         34    616 AM  23    1928  42     -8       60
  AVERAGE         46                        53     -7       68

PRECIPITATION (IN)
  TODAY            0.00          0.75 1939   0.11  -0.11      T
  MONTH TO DATE    1.23                      1.99  -0.76     0.79
  SINCE MAR 1      3.35                      5.51  -2.16     3.01
  SINCE JAN 1      7.10                     10.29  -3.19     7.83

DEGREE DAYS
 HEATING
  TODAY           19                        12      7        0
  MONTH TO DATE  230                       263    -33      184
  SINCE MAR 1   1065                       977     88      962
  SINCE JUL 1   5158                      4933    225     4597

 COOLING
  TODAY            0                         0      0        3
  MONTH TO DATE    7                         0      7       31
  SINCE MAR 1      7                         1      6       31
  SINCE JAN 1      7                         1      6       31
..................................................................


WIND (MPH)
  HIGHEST WIND SPEED    12   HIGHEST WIND DIRECTION    SE (150)
  HIGHEST GUST SPEED    15   HIGHEST GUST DIRECTION     S (160)
  AVERAGE WIND SPEED     3.5


SKY COVER
  POSSIBLE SUNSHINE  MM
  AVERAGE SKY COVER 0.0


WEATHER CONDITIONS
 THE FOLLOWING WEATHER WAS RECORDED TODAY.
  HAZE


RELATIVE HUMIDITY (PERCENT)
 HIGHEST    82           600 AM
 LOWEST     40           400 PM
 AVERAGE    61

..........................................................


THE MARTINSBURG WV CLIMATE NORMALS FOR TOMORROW
                         NORMAL    RECORD    YEAR
 MAXIMUM TEMPERATURE (F)   65        91      1976
 MINIMUM TEMPERATURE (F)   42        25      1928


SUNRISE AND SUNSET
APRIL 18 2014.........SUNRISE   630 AM EDT   SUNSET   753 PM EDT
APRIL 19 2014.........SUNRISE   629 AM EDT   SUNSET   754 PM EDT


-  INDICATES NEGATIVE NUMBERS.
R  INDICATES RECORD WAS SET OR TIED.
MM INDICATES DATA IS MISSING.
T  INDICATES TRACE AMOUNT.




$$
