000
CDUS41 KLWX 282122
CLIMRB


CLIMATE REPORT
NATIONAL WEATHER SERVICE BALTIMORE MD/WASHINGTON DC
522 PM EDT WED SEP 28 2016


...................................

...THE MARTINSBURG WV CLIMATE SUMMARY FOR SEPTEMBER 28 2016...
VALID TODAY AS OF 0500 PM LOCAL TIME.

CLIMATE NORMAL PERIOD 1981 TO 2010
CLIMATE RECORD PERIOD 1926 TO 2016


WEATHER ITEM   OBSERVED TIME   RECORD YEAR NORMAL DEPARTURE LAST
                VALUE   (LST)  VALUE       VALUE  FROM      YEAR
                                                  NORMAL
..................................................................
TEMPERATURE (F)
 TODAY
  MAXIMUM         68   1237 PM  89    1954  72     -4       77
  MINIMUM         54    225 AM  29    1947  49      5       63
  AVERAGE         61                        60      1       70

PRECIPITATION (IN)
  TODAY            0.13          3.19 2004   0.11   0.02      T
  MONTH TO DATE    1.20                      3.32  -2.12     1.74
  SINCE SEP 1      1.20                      3.32  -2.12     1.74
  SINCE JAN 1     18.05                     29.56 -11.51    20.69

DEGREE DAYS
 HEATING
  TODAY            4                         6     -2        0
  MONTH TO DATE   11                        73    -62       26
  SINCE SEP 1     11                        73    -62       26
  SINCE JUL 1     11                        80    -69       26

 COOLING
  TODAY            0                         1     -1        5
  MONTH TO DATE  199                        91    108      136
  SINCE SEP 1    199                        91    108      136
  SINCE JAN 1   1271                       883    388     1105
..................................................................


WIND (MPH)
  HIGHEST WIND SPEED    14   HIGHEST WIND DIRECTION     E (80)
  HIGHEST GUST SPEED    19   HIGHEST GUST DIRECTION     E (100)
  AVERAGE WIND SPEED     4.1


SKY COVER
  POSSIBLE SUNSHINE  MM
  AVERAGE SKY COVER 0.9


WEATHER CONDITIONS
 THE FOLLOWING WEATHER WAS RECORDED TODAY.
  LIGHT RAIN
  FOG


RELATIVE HUMIDITY (PERCENT)
 HIGHEST    93          1200 AM
 LOWEST     73           100 PM
 AVERAGE    83

..........................................................


THE MARTINSBURG WV CLIMATE NORMALS FOR TOMORROW
                         NORMAL    RECORD    YEAR
 MAXIMUM TEMPERATURE (F)   71        93      1953
 MINIMUM TEMPERATURE (F)   48        32      1947


SUNRISE AND SUNSET
SEPTEMBER 28 2016.....SUNRISE   706 AM EDT   SUNSET   658 PM EDT
SEPTEMBER 29 2016.....SUNRISE   707 AM EDT   SUNSET   657 PM EDT


-  INDICATES NEGATIVE NUMBERS.
R  INDICATES RECORD WAS SET OR TIED.
MM INDICATES DATA IS MISSING.
T  INDICATES TRACE AMOUNT.




$$
