000
CDUS41 KLWX 190522
CLIMRB


CLIMATE REPORT
NATIONAL WEATHER SERVICE BALTIMORE MD/WASHINGTON DC
122 AM EDT THU OCT 19 2017


...................................

...THE MARTINSBURG WV CLIMATE SUMMARY FOR OCTOBER 18 2017...

CLIMATE NORMAL PERIOD 1981 TO 2010
CLIMATE RECORD PERIOD 1926 TO 2017


WEATHER ITEM   OBSERVED TIME   RECORD YEAR NORMAL DEPARTURE LAST
                VALUE   (LST)  VALUE       VALUE  FROM      YEAR
                                                  NORMAL
..................................................................
TEMPERATURE (F)
 YESTERDAY
  MAXIMUM         69    409 PM  87    1928  65      4       83
  MINIMUM         35    637 AM  27    1982  41     -6       52
  AVERAGE         52                        53     -1       68

PRECIPITATION (IN)
  YESTERDAY        0.00          2.47 1996   0.10  -0.10     0.00
  MONTH TO DATE    2.52                      1.79   0.73     0.52
  SINCE SEP 1      3.98                      5.36  -1.38     4.81
  SINCE JAN 1     30.92                     31.60  -0.68    21.66

DEGREE DAYS
 HEATING
  YESTERDAY       13                        12      1        0
  MONTH TO DATE   79                       171    -92      119
  SINCE SEP 1    139                       255   -116      139
  SINCE JUL 1    141                       262   -121      139

 COOLING
  YESTERDAY        0                         0      0        3
  MONTH TO DATE   53                         8     45        6
  SINCE SEP 1    178                       101     77      205
  SINCE JAN 1   1074                       893    181     1277
..................................................................


WIND (MPH)
  HIGHEST WIND SPEED    10   HIGHEST WIND DIRECTION     S (170)
  HIGHEST GUST SPEED    14   HIGHEST GUST DIRECTION    SE (140)
  AVERAGE WIND SPEED     2.3


SKY COVER
  POSSIBLE SUNSHINE  MM
  AVERAGE SKY COVER 0.0


WEATHER CONDITIONS
 THE FOLLOWING WEATHER WAS RECORDED YESTERDAY.
  NO SIGNIFICANT WEATHER WAS OBSERVED.


RELATIVE HUMIDITY (PERCENT)
 HIGHEST   100           700 AM
 LOWEST     36           300 PM
 AVERAGE    68

..........................................................


THE MARTINSBURG WV CLIMATE NORMALS FOR TODAY
                         NORMAL    RECORD    YEAR
 MAXIMUM TEMPERATURE (F)   64        85      2016
 MINIMUM TEMPERATURE (F)   41        25      2015
                                             1976


SUNRISE AND SUNSET
OCTOBER 19 2017.......SUNRISE   726 AM EDT   SUNSET   627 PM EDT
OCTOBER 20 2017.......SUNRISE   727 AM EDT   SUNSET   625 PM EDT


-  INDICATES NEGATIVE NUMBERS.
R  INDICATES RECORD WAS SET OR TIED.
MM INDICATES DATA IS MISSING.
T  INDICATES TRACE AMOUNT.




$$
