000
CDUS41 KLWX 290529
CLIMRB


CLIMATE REPORT
NATIONAL WEATHER SERVICE BALTIMORE MD/WASHINGTON DC
128 AM EDT FRI JUL 29 2016


...................................

...THE MARTINSBURG WV CLIMATE SUMMARY FOR JULY 28 2016...

CLIMATE NORMAL PERIOD 1981 TO 2010
CLIMATE RECORD PERIOD 1926 TO 2016


WEATHER ITEM   OBSERVED TIME   RECORD YEAR NORMAL DEPARTURE LAST
                VALUE   (LST)  VALUE       VALUE  FROM      YEAR
                                                  NORMAL
..................................................................
TEMPERATURE (F)
 YESTERDAY
  MAXIMUM         88   1125 AM 101    1952  85      3       90
  MINIMUM         70   1159 PM  48    1962  64      6       68
  AVERAGE         79                        75      4       79

PRECIPITATION (IN)
  YESTERDAY       MM             2.90 1934   0.12  MM        0.00
  MONTH TO DATE    0.84                      3.30  -2.46     2.20
  SINCE JUN 1      2.94                      7.06  -4.12     6.46
  SINCE JAN 1     14.53                     22.79  -8.26    17.40

DEGREE DAYS
 HEATING
  YESTERDAY        0                         0      0        0
  MONTH TO DATE    0                         0      0        0
  SINCE JUN 1      5                        24    -19       15
  SINCE JUL 1      0                         0      0        0

 COOLING
  YESTERDAY       14                        10      4       14
  MONTH TO DATE  362                       276     86      276
  SINCE JUN 1    578                       459    119      525
  SINCE JAN 1    651                       516    135      673
..................................................................


WIND (MPH)
  HIGHEST WIND SPEED    16   HIGHEST WIND DIRECTION    NW (310)
  HIGHEST GUST SPEED    22   HIGHEST GUST DIRECTION    NW (310)
  AVERAGE WIND SPEED     3.3


SKY COVER
  POSSIBLE SUNSHINE  MM
  AVERAGE SKY COVER 0.5


WEATHER CONDITIONS
 THE FOLLOWING WEATHER WAS RECORDED YESTERDAY.
  HEAVY RAIN
  RAIN
  LIGHT RAIN
  FOG


RELATIVE HUMIDITY (PERCENT)
 HIGHEST    97           400 AM
 LOWEST     61          1000 AM
 AVERAGE    79

..........................................................


THE MARTINSBURG WV CLIMATE NORMALS FOR TODAY
                         NORMAL    RECORD    YEAR
 MAXIMUM TEMPERATURE (F)   85       103      1941
 MINIMUM TEMPERATURE (F)   64        53      2014
                                             1989


SUNRISE AND SUNSET
JULY 29 2016..........SUNRISE   609 AM EDT   SUNSET   827 PM EDT
JULY 30 2016..........SUNRISE   610 AM EDT   SUNSET   826 PM EDT


-  INDICATES NEGATIVE NUMBERS.
R  INDICATES RECORD WAS SET OR TIED.
MM INDICATES DATA IS MISSING.
T  INDICATES TRACE AMOUNT.




$$
