000
CDUS41 KLWX 280527
CLIMRB


CLIMATE REPORT
NATIONAL WEATHER SERVICE BALTIMORE MD/WASHINGTON DC
125 AM EDT FRI APR 28 2017


...................................

...THE MARTINSBURG WV CLIMATE SUMMARY FOR APRIL 27 2017...

CLIMATE NORMAL PERIOD 1981 TO 2010
CLIMATE RECORD PERIOD 1926 TO 2017


WEATHER ITEM   OBSERVED TIME   RECORD YEAR NORMAL DEPARTURE LAST
                VALUE   (LST)  VALUE       VALUE  FROM      YEAR
                                                  NORMAL
..................................................................
TEMPERATURE (F)
 YESTERDAY
  MAXIMUM         81    329 PM  91    2009  68     13       69
                                      1957
  MINIMUM         54    314 AM  27    1926  44     10       48
  AVERAGE         68                        56     12       59

PRECIPITATION (IN)
  YESTERDAY        T             1.50 1937   0.12  -0.12     0.02
  MONTH TO DATE    2.35                      3.00  -0.65     0.70
  SINCE MAR 1      5.13                      6.52  -1.39     2.45
  SINCE JAN 1      9.51                     11.30  -1.79     6.54

DEGREE DAYS
 HEATING
  YESTERDAY        0                         9     -9        6
  MONTH TO DATE  202                       358   -156      337
  SINCE MAR 1    884                      1072   -188      830
  SINCE JUL 1   3962                      5028  -1066     4245

 COOLING
  YESTERDAY        3                         0      3        0
  MONTH TO DATE   28                         0     28       10
  SINCE MAR 1     31                         1     30       12
  SINCE JAN 1     31                         1     30       12
..................................................................


WIND (MPH)
  HIGHEST WIND SPEED    21   HIGHEST WIND DIRECTION     S (160)
  HIGHEST GUST SPEED    29   HIGHEST GUST DIRECTION    SE (150)
  AVERAGE WIND SPEED     6.9


SKY COVER
  POSSIBLE SUNSHINE  MM
  AVERAGE SKY COVER 0.4


WEATHER CONDITIONS
 THE FOLLOWING WEATHER WAS RECORDED YESTERDAY.
  LIGHT RAIN
  FOG
  HAZE


RELATIVE HUMIDITY (PERCENT)
 HIGHEST   100           400 AM
 LOWEST     48           400 PM
 AVERAGE    74

..........................................................


THE MARTINSBURG WV CLIMATE NORMALS FOR TODAY
                         NORMAL    RECORD    YEAR
 MAXIMUM TEMPERATURE (F)   68        92      1935
 MINIMUM TEMPERATURE (F)   44        30      1947


SUNRISE AND SUNSET
APRIL 28 2017.........SUNRISE   617 AM EDT   SUNSET   803 PM EDT
APRIL 29 2017.........SUNRISE   615 AM EDT   SUNSET   804 PM EDT


-  INDICATES NEGATIVE NUMBERS.
R  INDICATES RECORD WAS SET OR TIED.
MM INDICATES DATA IS MISSING.
T  INDICATES TRACE AMOUNT.




$$
