000
CDUS41 KLWX 230526
CLIMRB


CLIMATE REPORT
NATIONAL WEATHER SERVICE BALTIMORE MD/WASHINGTON DC
1225 AM EST THU FEB 23 2017


...................................

...THE MARTINSBURG WV CLIMATE SUMMARY FOR FEBRUARY 22 2017...

CLIMATE NORMAL PERIOD 1981 TO 2010
CLIMATE RECORD PERIOD 1926 TO 2017


WEATHER ITEM   OBSERVED TIME   RECORD YEAR NORMAL DEPARTURE LAST
                VALUE   (LST)  VALUE       VALUE  FROM      YEAR
                                                  NORMAL
..................................................................
TEMPERATURE (F)
 YESTERDAY
  MAXIMUM         67    432 PM  75    1974  45     22       51
  MINIMUM         41    336 AM   2    1963  26     15       34
  AVERAGE         54                        35     19       43

PRECIPITATION (IN)
  YESTERDAY        0.00          1.09 2003   0.09  -0.09     0.00
  MONTH TO DATE    0.66                      1.81  -1.15     1.86
  SINCE DEC 1      5.92                      6.96  -1.04     5.88
  SINCE JAN 1      4.13                      4.25  -0.12     3.22

DEGREE DAYS
 HEATING
  YESTERDAY       11                        30    -19       22
  MONTH TO DATE  497                       700   -203      704
  SINCE DEC 1   2188                      2713   -525     2388
  SINCE JUL 1   2992                      3783   -791     3246

 COOLING
  YESTERDAY        0                         0      0        0
  MONTH TO DATE    0                         0      0        0
  SINCE DEC 1      0                         0      0        0
  SINCE JAN 1      0                         0      0        0
..................................................................


WIND (MPH)
  HIGHEST WIND SPEED    10   HIGHEST WIND DIRECTION    SE (150)
  HIGHEST GUST SPEED    12   HIGHEST GUST DIRECTION    SE (140)
  AVERAGE WIND SPEED     1.0


SKY COVER
  POSSIBLE SUNSHINE  MM
  AVERAGE SKY COVER 0.2


WEATHER CONDITIONS
 THE FOLLOWING WEATHER WAS RECORDED YESTERDAY.
  NO SIGNIFICANT WEATHER WAS OBSERVED.


RELATIVE HUMIDITY (PERCENT)
 HIGHEST    82           800 AM
 LOWEST     45           300 PM
 AVERAGE    64

..........................................................


THE MARTINSBURG WV CLIMATE NORMALS FOR TODAY
                         NORMAL    RECORD    YEAR
 MAXIMUM TEMPERATURE (F)   45        72      1985
 MINIMUM TEMPERATURE (F)   26        -1      1964


SUNRISE AND SUNSET
FEBRUARY 23 2017......SUNRISE   653 AM EST   SUNSET   558 PM EST
FEBRUARY 24 2017......SUNRISE   652 AM EST   SUNSET   559 PM EST


-  INDICATES NEGATIVE NUMBERS.
R  INDICATES RECORD WAS SET OR TIED.
MM INDICATES DATA IS MISSING.
T  INDICATES TRACE AMOUNT.




$$
