000
CDUS41 KLWX 232127
CLIMRB


CLIMATE REPORT
NATIONAL WEATHER SERVICE BALTIMORE MD/WASHINGTON DC
426 PM EST FRI FEB 23 2018


...................................

...THE MARTINSBURG WV CLIMATE SUMMARY FOR FEBRUARY 23 2018...
VALID TODAY AS OF 0400 PM LOCAL TIME.

CLIMATE NORMAL PERIOD 1981 TO 2010
CLIMATE RECORD PERIOD 1926 TO 2018


WEATHER ITEM   OBSERVED TIME   NORMAL DEPARTURE LAST
                VALUE   (LST)  VALUE  FROM      YEAR
                                      NORMAL
......................................................
TEMPERATURE (F)
 TODAY
  MAXIMUM         46    349 PM  45      1       77
  MINIMUM         39    826 AM  26     13       45
  AVERAGE         43            35      8       61

PRECIPITATION (IN)
  TODAY            0.04          0.09  -0.05     0.00
  MONTH TO DATE    2.63          1.90   0.73     0.66
  SINCE DEC 1      6.35          7.05  -0.70     5.92
  SINCE JAN 1      5.39          4.34   1.05     4.13

DEGREE DAYS
 HEATING
  TODAY           22            30     -8        4
  MONTH TO DATE  586           730   -144      501
  SINCE DEC 1   2581          2743   -162     2192
  SINCE JUL 1   3467          3813   -346     2996

 COOLING
  TODAY            0             0      0        0
  MONTH TO DATE    5             0      5        0
  SINCE DEC 1      5             0      5        0
  SINCE JAN 1      5             0      5        0
......................................................


WIND (MPH)
  HIGHEST WIND SPEED    12   HIGHEST WIND DIRECTION    SE (150)
  HIGHEST GUST SPEED    15   HIGHEST GUST DIRECTION    SE (150)
  AVERAGE WIND SPEED     4.6


SKY COVER
  POSSIBLE SUNSHINE  MM
  AVERAGE SKY COVER 1.0


WEATHER CONDITIONS
 THE FOLLOWING WEATHER WAS RECORDED TODAY.
  LIGHT RAIN
  FOG


RELATIVE HUMIDITY (PERCENT)
 HIGHEST   100          1200 AM
 LOWEST     89           100 PM
 AVERAGE    95

..........................................................


THE MARTINSBURG WV CLIMATE NORMALS FOR TOMORROW
                         NORMAL    RECORD    YEAR
 MAXIMUM TEMPERATURE (F)   46        79      1985
 MINIMUM TEMPERATURE (F)   26         0      2015


SUNRISE AND SUNSET
FEBRUARY 23 2018......SUNRISE   653 AM EST   SUNSET   558 PM EST
FEBRUARY 24 2018......SUNRISE   652 AM EST   SUNSET   559 PM EST


-  INDICATES NEGATIVE NUMBERS.
R  INDICATES RECORD WAS SET OR TIED.
MM INDICATES DATA IS MISSING.
T  INDICATES TRACE AMOUNT.




$$
