000
CDUS41 KLWX 250527
CLIMRB


CLIMATE REPORT
NATIONAL WEATHER SERVICE BALTIMORE MD/WASHINGTON DC
127 AM EDT THU AUG 25 2016


...................................

...THE MARTINSBURG WV CLIMATE SUMMARY FOR AUGUST 24 2016...

CLIMATE NORMAL PERIOD 1981 TO 2010
CLIMATE RECORD PERIOD 1926 TO 2016


WEATHER ITEM   OBSERVED TIME   RECORD YEAR NORMAL DEPARTURE LAST
                VALUE   (LST)  VALUE       VALUE  FROM      YEAR
                                                  NORMAL
..................................................................
TEMPERATURE (F)
 YESTERDAY
  MAXIMUM         85    341 PM 104    1936  83      2       87
  MINIMUM         59    516 AM  44    1952  61     -2       62
  AVERAGE         72                        72      0       75

PRECIPITATION (IN)
  YESTERDAY        0.00          3.90 1933   0.10  -0.10      T
  MONTH TO DATE    2.19                      2.40  -0.21     1.36
  SINCE JUN 1      5.26                      9.83  -4.57     8.01
  SINCE JAN 1     16.85                     25.56  -8.71    18.95

DEGREE DAYS
 HEATING
  YESTERDAY        0                         0      0        0
  MONTH TO DATE    0                         0      0        0
  SINCE JUN 1      5                        25    -20       15
  SINCE JUL 1      0                         1     -1        0

 COOLING
  YESTERDAY        7                         7      0       10
  MONTH TO DATE  289                       202     87      212
  SINCE JUN 1    908                       688    220      777
  SINCE JAN 1    981                       745    236      925
..................................................................


WIND (MPH)
  HIGHEST WIND SPEED    14   HIGHEST WIND DIRECTION     S (160)
  HIGHEST GUST SPEED    17   HIGHEST GUST DIRECTION     S (160)
  AVERAGE WIND SPEED     3.9


SKY COVER
  POSSIBLE SUNSHINE  MM
  AVERAGE SKY COVER 0.1


WEATHER CONDITIONS
 THE FOLLOWING WEATHER WAS RECORDED YESTERDAY.
  FOG


RELATIVE HUMIDITY (PERCENT)
 HIGHEST    97           400 AM
 LOWEST     51           300 PM
 AVERAGE    74

..........................................................


THE MARTINSBURG WV CLIMATE NORMALS FOR TODAY
                         NORMAL    RECORD    YEAR
 MAXIMUM TEMPERATURE (F)   83        98      1943
 MINIMUM TEMPERATURE (F)   61        42      1927


SUNRISE AND SUNSET
AUGUST 25 2016........SUNRISE   634 AM EDT   SUNSET   753 PM EDT
AUGUST 26 2016........SUNRISE   635 AM EDT   SUNSET   751 PM EDT


-  INDICATES NEGATIVE NUMBERS.
R  INDICATES RECORD WAS SET OR TIED.
MM INDICATES DATA IS MISSING.
T  INDICATES TRACE AMOUNT.




$$
