000
CDUS44 KHUN 270721
CLIMSL


CLIMATE REPORT
NATIONAL WEATHER SERVICE HUNTSVILLE AL
220 AM CDT SAT MAY 27 2017


...................................

...THE MUSCLE SHOALS CLIMATE SUMMARY FOR MAY 26 2017...

CLIMATE NORMAL PERIOD 1981 TO 2010
CLIMATE RECORD PERIOD 1893 TO 2017


WEATHER ITEM   OBSERVED TIME   RECORD YEAR NORMAL DEPARTURE LAST
                VALUE   (LST)  VALUE       VALUE  FROM      YEAR
                                                  NORMAL
..................................................................
TEMPERATURE (F)
 YESTERDAY
  MAXIMUM         88    255 PM  97    2012  83      5       92
  MINIMUM         55    350 AM  42    1925  62     -7       63
  AVERAGE         72                        72      0       78

PRECIPITATION (IN)
  YESTERDAY        0.00          3.09 1994   0.16  -0.16     0.00
  MONTH TO DATE    3.27                      4.28  -1.01     1.16
  SINCE MAR 1     12.04                     13.39  -1.35     9.35
  SINCE JAN 1     19.28                     22.66  -3.38    16.48

SNOWFALL (IN)
  YESTERDAY        0.0
  MONTH TO DATE    0.0
  SINCE MAR 1      T
  SINCE JUL 1      T
  SNOW DEPTH       0

DEGREE DAYS
 HEATING
  YESTERDAY        0                         0      0        0
  MONTH TO DATE   34                        29      5       26
  SINCE MAR 1    414                       567   -153      359
  SINCE JUL 1   2094                      3102  -1008     2360

 COOLING
  YESTERDAY        7                         8     -1       13
  MONTH TO DATE  130                       138     -8      116
  SINCE MAR 1    270                       202     68      200
  SINCE JAN 1    278                       203     75      200
..................................................................


WIND (MPH)
  HIGHEST WIND SPEED    23   HIGHEST WIND DIRECTION    SW (220)
  HIGHEST GUST SPEED    28   HIGHEST GUST DIRECTION    SW (220)
  AVERAGE WIND SPEED     7.1


SKY COVER
  POSSIBLE SUNSHINE  MM
  AVERAGE SKY COVER 0.0


WEATHER CONDITIONS
 THE FOLLOWING WEATHER WAS RECORDED YESTERDAY.
  NO SIGNIFICANT WEATHER WAS OBSERVED.


RELATIVE HUMIDITY (PERCENT)
 HIGHEST    93          1200 AM
 LOWEST     36           100 PM
 AVERAGE    65

..........................................................


THE MUSCLE SHOALS CLIMATE NORMALS FOR TODAY
                         NORMAL    RECORD    YEAR
 MAXIMUM TEMPERATURE (F)   84        97      2012
 MINIMUM TEMPERATURE (F)   62        39      1961


SUNRISE AND SUNSET
MAY 27 2017...........SUNRISE   540 AM CDT   SUNSET   756 PM CDT
MAY 28 2017...........SUNRISE   540 AM CDT   SUNSET   756 PM CDT


-  INDICATES NEGATIVE NUMBERS.
R  INDICATES RECORD WAS SET OR TIED.
MM INDICATES DATA IS MISSING.
T  INDICATES TRACE AMOUNT.




$$
