000
CDUS44 KHUN 302125
CLIMSL


CLIMATE REPORT
NATIONAL WEATHER SERVICE HUNTSVILLE AL
425 PM CDT TUE JUN 30 2015


...................................

...THE MUSCLE SHOALS CLIMATE SUMMARY FOR JUNE 30 2015...
VALID TODAY AS OF 0400 PM LOCAL TIME.

CLIMATE NORMAL PERIOD 1981 TO 2010
CLIMATE RECORD PERIOD 1893 TO 2015


WEATHER ITEM   OBSERVED TIME   RECORD YEAR NORMAL DEPARTURE LAST
                VALUE   (LST)  VALUE       VALUE  FROM      YEAR
                                                  NORMAL
..................................................................
TEMPERATURE (F)
 TODAY
  MAXIMUM         85    112 PM 107    2012  90     -5       95
  MINIMUM         70    522 AM  49    1923  69      1       73
  AVERAGE         78                        80     -2       84

PRECIPITATION (IN)
  TODAY            0.03          1.46 1966   0.15  -0.12     0.00
  MONTH TO DATE    2.36                      4.76  -2.40     7.47
  SINCE JUN 1      2.36                      4.76  -2.40     7.47
  SINCE JAN 1     26.25                     28.26  -2.01    24.26

SNOWFALL (IN)
  TODAY            0.0
  MONTH TO DATE    0.0
  SINCE JUN 1      0.0
  SINCE JUL 1      4.2
  SNOW DEPTH       0

DEGREE DAYS
 HEATING
  TODAY            0                         0      0        0
  MONTH TO DATE    0                         0      0        0
  SINCE JUN 1      0                         1     -1        0
  SINCE JUL 1   3233                      3104    129     3395

 COOLING
  TODAY           13                        15     -2       19
  MONTH TO DATE  458                       362     96      401
  SINCE JUN 1    458                       362     96      401
  SINCE JAN 1    712                       606    106      658
..................................................................


WIND (MPH)
  HIGHEST WIND SPEED    20   HIGHEST WIND DIRECTION    SW (240)
  HIGHEST GUST SPEED    24   HIGHEST GUST DIRECTION     W (250)
  AVERAGE WIND SPEED     9.0


SKY COVER
  POSSIBLE SUNSHINE  MM
  AVERAGE SKY COVER 0.5


WEATHER CONDITIONS
 THE FOLLOWING WEATHER WAS RECORDED TODAY.
  THUNDERSTORM
  LIGHT RAIN


RELATIVE HUMIDITY (PERCENT)
 HIGHEST    84           500 AM
 LOWEST     59          1200 PM
 AVERAGE    72

..........................................................


THE MUSCLE SHOALS CLIMATE NORMALS FOR TOMORROW
                         NORMAL    RECORD    YEAR
 MAXIMUM TEMPERATURE (F)   90       106      2012
 MINIMUM TEMPERATURE (F)   69        49      1937


SUNRISE AND SUNSET
JUNE 30 2015..........SUNRISE   540 AM CDT   SUNSET   808 PM CDT
JULY  1 2015..........SUNRISE   541 AM CDT   SUNSET   808 PM CDT


-  INDICATES NEGATIVE NUMBERS.
R  INDICATES RECORD WAS SET OR TIED.
MM INDICATES DATA IS MISSING.
T  INDICATES TRACE AMOUNT.




$$
