294
CDUS44 KHUN 190809
CLIMSL


CLIMATE REPORT
NATIONAL WEATHER SERVICE HUNTSVILLE AL
208 AM CST SUN NOV 19 2017


...................................

...THE MUSCLE SHOALS CLIMATE SUMMARY FOR NOVEMBER 18 2017...

CLIMATE NORMAL PERIOD 1981 TO 2010
CLIMATE RECORD PERIOD 1893 TO 2017


WEATHER ITEM   OBSERVED TIME   RECORD YEAR NORMAL DEPARTURE LAST
                VALUE   (LST)  VALUE       VALUE  FROM      YEAR
                                                  NORMAL
..................................................................
TEMPERATURE (F)
 YESTERDAY
  MAXIMUM         73    235 PM  84    1930  62     11       79
  MINIMUM         47   1159 PM  18    1959  40      7       43
                                      1914
  AVERAGE         60                        51      9       61

PRECIPITATION (IN)
  YESTERDAY        0.49          2.24 1906   0.17   0.32     0.03
  MONTH TO DATE    1.39                      2.50  -1.11     0.03
  SINCE SEP 1      9.67                      9.65   0.02     0.61
  SINCE JAN 1     43.49                     45.36  -1.87    32.24

SNOWFALL (IN)
  YESTERDAY        0.0
  MONTH TO DATE    0.0
  SINCE SEP 1      0.0
  SINCE JUL 1      0.0
  SNOW DEPTH       0

DEGREE DAYS
 HEATING
  YESTERDAY        5                        14     -9        4
  MONTH TO DATE  149                       203    -54      114
  SINCE SEP 1    300                       371    -71      147
  SINCE JUL 1    300                       371    -71      147

 COOLING
  YESTERDAY        0                         0      0        0
  MONTH TO DATE   24                         4     20       20
  SINCE SEP 1    348                       325     23      563
  SINCE JAN 1   1973                      1868    105     2366
..................................................................


WIND (MPH)
  HIGHEST WIND SPEED    38   HIGHEST WIND DIRECTION    NW (300)
  HIGHEST GUST SPEED    49   HIGHEST GUST DIRECTION    NW (310)
  AVERAGE WIND SPEED    16.2


SKY COVER
  POSSIBLE SUNSHINE  MM
  AVERAGE SKY COVER 0.9


WEATHER CONDITIONS
 THE FOLLOWING WEATHER WAS RECORDED YESTERDAY.
  HEAVY RAIN
  LIGHT RAIN


RELATIVE HUMIDITY (PERCENT)
 HIGHEST    86           600 PM
 LOWEST     61           900 PM
 AVERAGE    74

..........................................................


THE MUSCLE SHOALS CLIMATE NORMALS FOR TODAY
                         NORMAL    RECORD    YEAR
 MAXIMUM TEMPERATURE (F)   62        83      1906
 MINIMUM TEMPERATURE (F)   40        17      1903


SUNRISE AND SUNSET
NOVEMBER 19 2017......SUNRISE   629 AM CST   SUNSET   443 PM CST
NOVEMBER 20 2017......SUNRISE   629 AM CST   SUNSET   443 PM CST


-  INDICATES NEGATIVE NUMBERS.
R  INDICATES RECORD WAS SET OR TIED.
MM INDICATES DATA IS MISSING.
T  INDICATES TRACE AMOUNT.




$$
