000
CDUS43 KMKX 010658
CLIMSN


CLIMATE REPORT
NATIONAL WEATHER SERVICE IN MILWAUKEE
157 AM CDT FRI AUG 1 2014


...................................

...THE MADISON WI CLIMATE SUMMARY FOR JULY 31 2014...

CLIMATE NORMAL PERIOD 1981 TO 2010
CLIMATE RECORD PERIOD 1871 TO 2014


WEATHER ITEM   OBSERVED TIME   RECORD YEAR NORMAL DEPARTURE LAST
                VALUE   (LST)  VALUE       VALUE  FROM      YEAR
                                                  NORMAL
..................................................................
TEMPERATURE (F)
 YESTERDAY
  MAXIMUM         83    150 PM  95    2006  81      2       80
                                      2001
                                      1988
  MINIMUM         62   1159 PM  43    1971  61      1       61
  AVERAGE         73                        71      2       71

PRECIPITATION (IN)
  YESTERDAY        0.00          1.78 1955   0.13  -0.13     0.00
  MONTH TO DATE    1.08                      4.18  -3.10     4.00
  SINCE JUN 1     10.63                      8.72   1.91    14.86
  SINCE JAN 1     22.38                     20.55   1.83    34.95

SNOWFALL (IN)
  YESTERDAY        0.0           0.0    MM   0.0    0.0      0.0
  MONTH TO DATE    0.0                       0.0    0.0      0.0
  SINCE JUN 1      0.0                       0.0    0.0      0.0
  SINCE JUL 1      0.0                       0.0    0.0      0.0
  SNOW DEPTH       0

DEGREE DAYS
 HEATING
  YESTERDAY        0                         0      0        0
  MONTH TO DATE   13                         0     13       18
  SINCE JUN 1     22                        70    -48       70
  SINCE JUL 1     13                        10      3       18

 COOLING
  YESTERDAY        8                         6      2        6
  MONTH TO DATE  143                       206    -63      231
  SINCE JUN 1    325                       326     -1      368
  SINCE JAN 1    376                       356     20      421
..................................................................


WIND (MPH)
  HIGHEST WIND SPEED    14   HIGHEST WIND DIRECTION     N (10)
  HIGHEST GUST SPEED    19   HIGHEST GUST DIRECTION    NW (300)
  AVERAGE WIND SPEED     4.8


SKY COVER
  POSSIBLE SUNSHINE  MM
  AVERAGE SKY COVER 0.4


WEATHER CONDITIONS
 THE FOLLOWING WEATHER WAS RECORDED YESTERDAY.
  NO SIGNIFICANT WEATHER WAS OBSERVED.


RELATIVE HUMIDITY (PERCENT)
 HIGHEST    84           500 AM
 LOWEST     43           100 PM
 AVERAGE    64

..........................................................


THE MADISON WI CLIMATE NORMALS FOR TODAY
                         NORMAL    RECORD    YEAR
 MAXIMUM TEMPERATURE (F)   81       101      1988
 MINIMUM TEMPERATURE (F)   61        47      1976


SUNRISE AND SUNSET
AUGUST  1 2014........SUNRISE   548 AM CDT   SUNSET   819 PM CDT
AUGUST  2 2014........SUNRISE   549 AM CDT   SUNSET   818 PM CDT


-  INDICATES NEGATIVE NUMBERS.
R  INDICATES RECORD WAS SET OR TIED.
MM INDICATES DATA IS MISSING.
T  INDICATES TRACE AMOUNT.




$$
