508
CDUS43 KMKX 110651
CLIMSN


CLIMATE REPORT
NATIONAL WEATHER SERVICE IN MILWAUKEE
1251 AM CST SUN DEC 11 2016


...................................

...THE MADISON WI CLIMATE SUMMARY FOR DECEMBER 10 2016...

CLIMATE NORMAL PERIOD 1981 TO 2010
CLIMATE RECORD PERIOD 1871 TO 2016


WEATHER ITEM   OBSERVED TIME   RECORD YEAR NORMAL DEPARTURE LAST
                VALUE   (LST)  VALUE       VALUE  FROM      YEAR
                                                  NORMAL
..................................................................
TEMPERATURE (F)
 YESTERDAY
  MAXIMUM         20   1128 PM  56    2015  32    -12       56
  MINIMUM         12    652 AM -16    1919  18     -6       42
  AVERAGE         16                        24     -8       49

PRECIPITATION (IN)
  YESTERDAY        0.16          1.34 1970   0.07   0.09      T
  MONTH TO DATE    0.63                      0.70  -0.07     0.16
  SINCE DEC 1      0.63                      0.70  -0.07     0.16
  SINCE JAN 1     44.16                     33.44  10.72    36.42

SNOWFALL (IN)
  YESTERDAY        3.7          12.7  1970   0.5    3.2      0.0
  MONTH TO DATE    9.5                       4.2    5.3      1.0
  SINCE DEC 1      9.5                       4.2    5.3      1.0
  SINCE JUL 1      9.5                       8.3    1.2      5.1
  SNOW DEPTH       2

DEGREE DAYS
 HEATING
  YESTERDAY       49                        40      9       16
  MONTH TO DATE  375                       386    -11      268
  SINCE DEC 1    375                       386    -11      268
  SINCE JUL 1   1397                      1965   -568     1459

 COOLING
  YESTERDAY        0                         0      0        0
  MONTH TO DATE    0                         0      0        0
  SINCE DEC 1      0                         0      0        0
  SINCE JAN 1    780                       568    212      666
..................................................................


WIND (MPH)
  HIGHEST WIND SPEED    10   HIGHEST WIND DIRECTION     W (280)
  HIGHEST GUST SPEED    16   HIGHEST GUST DIRECTION     W (290)
  AVERAGE WIND SPEED     5.7


SKY COVER
  POSSIBLE SUNSHINE  MM
  AVERAGE SKY COVER 0.9


WEATHER CONDITIONS
 THE FOLLOWING WEATHER WAS RECORDED YESTERDAY.
  LIGHT SNOW
  FOG
  HAZE


RELATIVE HUMIDITY (PERCENT)
 HIGHEST    91          1000 PM
 LOWEST     61          1100 AM
 AVERAGE    76

..........................................................


THE MADISON WI CLIMATE NORMALS FOR TODAY
                         NORMAL    RECORD    YEAR
 MAXIMUM TEMPERATURE (F)   31        59      1949
 MINIMUM TEMPERATURE (F)   17       -17      1976
                                             1972


SUNRISE AND SUNSET
DECEMBER 11 2016......SUNRISE   719 AM CST   SUNSET   422 PM CST
DECEMBER 12 2016......SUNRISE   720 AM CST   SUNSET   422 PM CST


-  INDICATES NEGATIVE NUMBERS.
R  INDICATES RECORD WAS SET OR TIED.
MM INDICATES DATA IS MISSING.
T  INDICATES TRACE AMOUNT.




$$
