000
CDUS43 KMKX 240650
CLIMSN


CLIMATE REPORT
NATIONAL WEATHER SERVICE IN MILWAUKEE
149 AM CDT SUN SEP 24 2017


...................................

...THE MADISON WI CLIMATE SUMMARY FOR SEPTEMBER 23 2017...

CLIMATE NORMAL PERIOD 1981 TO 2010
CLIMATE RECORD PERIOD 1871 TO 2017


WEATHER ITEM   OBSERVED TIME   RECORD YEAR NORMAL DEPARTURE LAST
                VALUE   (LST)  VALUE       VALUE  FROM      YEAR
                                                  NORMAL
..................................................................
TEMPERATURE (F)
 YESTERDAY
  MAXIMUM         92R   236 PM  90    1937  69     23       70
  MINIMUM         65    629 AM  26    1974  47     18       62
  AVERAGE         79                        58     21       66

PRECIPITATION (IN)
  YESTERDAY        0.00          2.55 1970   0.11  -0.11      T
  MONTH TO DATE    0.55                      2.48  -1.93     7.90
  SINCE SEP 1      0.55                      2.48  -1.93     7.90
  SINCE JAN 1     33.31                     27.30   6.01    36.14

SNOWFALL (IN)
  YESTERDAY        0.0           T    1928   0.0    0.0      0.0
  MONTH TO DATE    0.0                       0.0    0.0      0.0
  SINCE SEP 1      0.0                       0.0    0.0      0.0
  SINCE JUL 1      0.0                       0.0    0.0      0.0
  SNOW DEPTH       0

DEGREE DAYS
 HEATING
  YESTERDAY        0                         8     -8        0
  MONTH TO DATE   76                       106    -30        9
  SINCE SEP 1     76                       106    -30        9
  SINCE JUL 1    101                       143    -42       16

 COOLING
  YESTERDAY       14                         1     13        1
  MONTH TO DATE   82                        47     35       70
  SINCE SEP 1     82                        47     35       70
  SINCE JAN 1    542                       560    -18      765
..................................................................


WIND (MPH)
  HIGHEST WIND SPEED    15   HIGHEST WIND DIRECTION     S (170)
  HIGHEST GUST SPEED    18   HIGHEST GUST DIRECTION     S (170)
  AVERAGE WIND SPEED     4.7


SKY COVER
  POSSIBLE SUNSHINE  MM
  AVERAGE SKY COVER 0.1


WEATHER CONDITIONS
 THE FOLLOWING WEATHER WAS RECORDED YESTERDAY.
  NO SIGNIFICANT WEATHER WAS OBSERVED.


RELATIVE HUMIDITY (PERCENT)
 HIGHEST    93           300 AM
 LOWEST     38           100 PM
 AVERAGE    66

..........................................................


THE MADISON WI CLIMATE NORMALS FOR TODAY
                         NORMAL    RECORD    YEAR
 MAXIMUM TEMPERATURE (F)   68        88      1935
 MINIMUM TEMPERATURE (F)   47        26      1976


SUNRISE AND SUNSET
SEPTEMBER 24 2017.....SUNRISE   647 AM CDT   SUNSET   651 PM CDT
SEPTEMBER 25 2017.....SUNRISE   648 AM CDT   SUNSET   649 PM CDT


-  INDICATES NEGATIVE NUMBERS.
R  INDICATES RECORD WAS SET OR TIED.
MM INDICATES DATA IS MISSING.
T  INDICATES TRACE AMOUNT.




$$
