000
CDUS43 KMKX 220716
CLIMSN


CLIMATE REPORT
NATIONAL WEATHER SERVICE IN MILWAUKEE
113 AM CST SAT NOV 22 2014


...................................

...THE MADISON WI CLIMATE SUMMARY FOR NOVEMBER 21 2014...

CLIMATE NORMAL PERIOD 1981 TO 2010
CLIMATE RECORD PERIOD 1871 TO 2014


WEATHER ITEM   OBSERVED TIME   RECORD YEAR NORMAL DEPARTURE LAST
                VALUE   (LST)  VALUE       VALUE  FROM      YEAR
                                                  NORMAL
..................................................................
TEMPERATURE (F)
 YESTERDAY
  MAXIMUM         32   1154 PM  67    1913  41     -9       43
  MINIMUM          2    642 AM  -7    1880  26    -24       37
  AVERAGE         17                        33    -16       40

PRECIPITATION (IN)
  YESTERDAY        0.00          1.94 1934   0.08  -0.08     0.00
  MONTH TO DATE    0.43                      1.69  -1.26     2.00
  SINCE SEP 1      5.36                      7.22  -1.86     7.08
  SINCE JAN 1     33.17                     32.04   1.13    43.56

SNOWFALL (IN)
  YESTERDAY        0.0           4.2  1945   0.2   -0.2      0.0
  MONTH TO DATE    2.6                       1.7    0.9      0.8
  SINCE SEP 1      2.8                       2.2    0.6      0.8
  SINCE JUL 1      2.8                       2.2    0.6      0.8
  SNOW DEPTH       1

DEGREE DAYS
 HEATING
  YESTERDAY       48                        32     16       25
  MONTH TO DATE  711                       558    153      530
  SINCE SEP 1   1337                      1234    103     1118
  SINCE JUL 1   1354                      1271     83     1148

 COOLING
  YESTERDAY        0                         0      0        0
  MONTH TO DATE    0                         0      0        0
  SINCE SEP 1     44                        55    -11       96
  SINCE JAN 1    620                       568     52      709
..................................................................


WIND (MPH)
  HIGHEST WIND SPEED    21   HIGHEST WIND DIRECTION     S (200)
  HIGHEST GUST SPEED    27   HIGHEST GUST DIRECTION     S (200)
  AVERAGE WIND SPEED     9.1


SKY COVER
  POSSIBLE SUNSHINE  MM
  AVERAGE SKY COVER 0.3


WEATHER CONDITIONS
 THE FOLLOWING WEATHER WAS RECORDED YESTERDAY.
  NO SIGNIFICANT WEATHER WAS OBSERVED.


RELATIVE HUMIDITY (PERCENT)
 HIGHEST    86           300 AM
 LOWEST     36           300 PM
 AVERAGE    61

..........................................................


THE MADISON WI CLIMATE NORMALS FOR TODAY
                         NORMAL    RECORD    YEAR
 MAXIMUM TEMPERATURE (F)   40        64      2010
                                             1913
 MINIMUM TEMPERATURE (F)   25         0      1929


SUNRISE AND SUNSET
NOVEMBER 22 2014......SUNRISE   659 AM CST   SUNSET   428 PM CST
NOVEMBER 23 2014......SUNRISE   700 AM CST   SUNSET   427 PM CST


-  INDICATES NEGATIVE NUMBERS.
R  INDICATES RECORD WAS SET OR TIED.
MM INDICATES DATA IS MISSING.
T  INDICATES TRACE AMOUNT.




$$
