000
CDUS43 KMKX 302121
CLIMSN


CLIMATE REPORT
NATIONAL WEATHER SERVICE IN MILWAUKEE
421 PM CDT THU MAR 30 2017


...................................

...THE MADISON WI CLIMATE SUMMARY FOR MARCH 30 2017...
VALID TODAY AS OF 0400 PM LOCAL TIME.

CLIMATE NORMAL PERIOD 1981 TO 2010
CLIMATE RECORD PERIOD 1871 TO 2017


WEATHER ITEM   OBSERVED TIME   RECORD YEAR NORMAL DEPARTURE LAST
                VALUE   (LST)  VALUE       VALUE  FROM      YEAR
                                                  NORMAL
..................................................................
TEMPERATURE (F)
 TODAY
  MAXIMUM         40    259 PM  78    1967  50    -10       51
  MINIMUM         37    930 AM   2    1969  30      7       44
  AVERAGE         39                        40     -1       48

PRECIPITATION (IN)
  TODAY            0.53          2.78 1998   0.10   0.43     0.63
  MONTH TO DATE    2.83                      2.11   0.72     3.70
  SINCE MAR 1      2.83                      2.11   0.72     3.70
  SINCE JAN 1      7.53                      4.79   2.74     5.20

SNOWFALL (IN)
  TODAY            0.0           3.8  1934   0.1   -0.1      0.0
                                      1926
  MONTH TO DATE    8.3                       6.8    1.5      4.0
  SINCE MAR 1      8.3                       6.8    1.5      4.0
  SINCE JUL 1     44.0                      47.9   -3.9     28.5
  SNOW DEPTH       0

DEGREE DAYS
 HEATING
  TODAY           26                        25      1       17
  MONTH TO DATE  922                       937    -15      749
  SINCE MAR 1    922                       937    -15      749
  SINCE JUL 1   5434                      6423   -989     5349

 COOLING
  TODAY            0                         0      0        0
  MONTH TO DATE    0                         0      0        0
  SINCE MAR 1      0                         0      0        0
  SINCE JAN 1      0                         0      0        0
..................................................................


WIND (MPH)
  HIGHEST WIND SPEED    28   HIGHEST WIND DIRECTION     E (70)
  HIGHEST GUST SPEED    36   HIGHEST GUST DIRECTION    NE (40)
  AVERAGE WIND SPEED    16.9


SKY COVER
  POSSIBLE SUNSHINE  MM
  AVERAGE SKY COVER 1.0


WEATHER CONDITIONS
 THE FOLLOWING WEATHER WAS RECORDED TODAY.
  RAIN
  LIGHT RAIN
  FOG


RELATIVE HUMIDITY (PERCENT)
 HIGHEST    92          1200 AM
 LOWEST     85           200 AM
 AVERAGE    89

..........................................................


THE MADISON WI CLIMATE NORMALS FOR TOMORROW
                         NORMAL    RECORD    YEAR
 MAXIMUM TEMPERATURE (F)   50        82      1981
 MINIMUM TEMPERATURE (F)   30         5      1969
                                             1923


SUNRISE AND SUNSET
MARCH 30 2017.........SUNRISE   642 AM CDT   SUNSET   722 PM CDT
MARCH 31 2017.........SUNRISE   641 AM CDT   SUNSET   723 PM CDT


-  INDICATES NEGATIVE NUMBERS.
R  INDICATES RECORD WAS SET OR TIED.
MM INDICATES DATA IS MISSING.
T  INDICATES TRACE AMOUNT.




$$
