000
CDUS43 KMKX 220657
CLIMSN


CLIMATE REPORT
NATIONAL WEATHER SERVICE IN MILWAUKEE
157 AM CDT FRI MAY 22 2015


...................................

...THE MADISON WI CLIMATE SUMMARY FOR MAY 21 2015...

CLIMATE NORMAL PERIOD 1981 TO 2010
CLIMATE RECORD PERIOD 1871 TO 2015


WEATHER ITEM   OBSERVED TIME   RECORD YEAR NORMAL DEPARTURE LAST
                VALUE   (LST)  VALUE       VALUE  FROM      YEAR
                                                  NORMAL
..................................................................
TEMPERATURE (F)
 YESTERDAY
  MAXIMUM         72    433 PM  89    1972  70      2       84
  MINIMUM         41    432 AM  30    2002  48     -7       54
                                      1997
  AVERAGE         57                        59     -2       69

PRECIPITATION (IN)
  YESTERDAY        0.00          3.66 2004   0.12  -0.12     0.00
  MONTH TO DATE    2.65                      2.31   0.34     1.58
  SINCE MAR 1      7.79                      7.91  -0.12     7.97
  SINCE JAN 1      8.99                     10.59  -1.60     9.86

SNOWFALL (IN)
  YESTERDAY        0.0           T    1969   0.0    0.0      0.0
  MONTH TO DATE    0.0                       0.2   -0.2      0.0
  SINCE MAR 1      4.2                       9.8   -5.6      9.2
  SINCE JUL 1     33.7                      50.9  -17.2     59.2
  SNOW DEPTH       0

DEGREE DAYS
 HEATING
  YESTERDAY        8                         7      1        0
  MONTH TO DATE  149                       207    -58      193
  SINCE MAR 1   1578                      1728   -150     1921
  SINCE JUL 1   7289                      7214     75     8033

 COOLING
  YESTERDAY        0                         1     -1        4
  MONTH TO DATE   26                        11     15       22
  SINCE MAR 1     26                        15     11       22
  SINCE JAN 1     26                        15     11       22
..................................................................


WIND (MPH)
  HIGHEST WIND SPEED    15   HIGHEST WIND DIRECTION     W (270)
  HIGHEST GUST SPEED    21   HIGHEST GUST DIRECTION     W (270)
  AVERAGE WIND SPEED     6.1


SKY COVER
  POSSIBLE SUNSHINE  MM
  AVERAGE SKY COVER 0.4


WEATHER CONDITIONS
 THE FOLLOWING WEATHER WAS RECORDED YESTERDAY.
  NO SIGNIFICANT WEATHER WAS OBSERVED.


RELATIVE HUMIDITY (PERCENT)
 HIGHEST    89           200 AM
 LOWEST     25           400 PM
 AVERAGE    57

..........................................................


THE MADISON WI CLIMATE NORMALS FOR TODAY
                         NORMAL    RECORD    YEAR
 MAXIMUM TEMPERATURE (F)   70        92      1975
 MINIMUM TEMPERATURE (F)   48        27      1967


SUNRISE AND SUNSET
MAY 22 2015...........SUNRISE   527 AM CDT   SUNSET   821 PM CDT
MAY 23 2015...........SUNRISE   527 AM CDT   SUNSET   822 PM CDT


-  INDICATES NEGATIVE NUMBERS.
R  INDICATES RECORD WAS SET OR TIED.
MM INDICATES DATA IS MISSING.
T  INDICATES TRACE AMOUNT.




$$
