000
CDUS43 KMKX 180640
CLIMSN


CLIMATE REPORT
NATIONAL WEATHER SERVICE IN MILWAUKEE
140 AM CDT THU SEP 18 2014


...................................

...THE MADISON WI CLIMATE SUMMARY FOR SEPTEMBER 17 2014...

CLIMATE NORMAL PERIOD 1981 TO 2010
CLIMATE RECORD PERIOD 1871 TO 2014


WEATHER ITEM   OBSERVED TIME   RECORD YEAR NORMAL DEPARTURE LAST
                VALUE   (LST)  VALUE       VALUE  FROM      YEAR
                                                  NORMAL
..................................................................
TEMPERATURE (F)
 YESTERDAY
  MAXIMUM         70    443 PM  90    1955  71     -1       71
  MINIMUM         39    436 AM  36    1980  50    -11       40
  AVERAGE         55                        60     -5       56

PRECIPITATION (IN)
  YESTERDAY        0.00          2.64 1907   0.11  -0.11     0.06
  MONTH TO DATE    1.68                      1.85  -0.17     1.02
  SINCE SEP 1      1.68                      1.85  -0.17     1.02
  SINCE JAN 1     29.49                     26.67   2.82    37.50

SNOWFALL (IN)
  YESTERDAY        0.0           0.0    MM   0.0    0.0      0.0
  MONTH TO DATE    0.0                       0.0    0.0      0.0
  SINCE SEP 1      0.0                       0.0    0.0      0.0
  SINCE JUL 1      0.0                       0.0    0.0      0.0
  SNOW DEPTH       0

DEGREE DAYS
 HEATING
  YESTERDAY       10                         6      4        9
  MONTH TO DATE  108                        63     45       53
  SINCE SEP 1    108                        63     45       53
  SINCE JUL 1    125                       100     25       83

 COOLING
  YESTERDAY        0                         1     -1        0
  MONTH TO DATE   34                        41     -7       77
  SINCE SEP 1     34                        41     -7       77
  SINCE JAN 1    610                       554     56      690
..................................................................


WIND (MPH)
  HIGHEST WIND SPEED     8   HIGHEST WIND DIRECTION    SW (230)
  HIGHEST GUST SPEED    15   HIGHEST GUST DIRECTION    SW (230)
  AVERAGE WIND SPEED     1.4


SKY COVER
  POSSIBLE SUNSHINE  MM
  AVERAGE SKY COVER 0.3


WEATHER CONDITIONS
 THE FOLLOWING WEATHER WAS RECORDED YESTERDAY.
  FOG


RELATIVE HUMIDITY (PERCENT)
 HIGHEST   100           300 AM
 LOWEST     44           400 PM
 AVERAGE    72

..........................................................


THE MADISON WI CLIMATE NORMALS FOR TODAY
                         NORMAL    RECORD    YEAR
 MAXIMUM TEMPERATURE (F)   71        92      1955
 MINIMUM TEMPERATURE (F)   49        33      1959


SUNRISE AND SUNSET
SEPTEMBER 18 2014.....SUNRISE   640 AM CDT   SUNSET   702 PM CDT
SEPTEMBER 19 2014.....SUNRISE   641 AM CDT   SUNSET   700 PM CDT


-  INDICATES NEGATIVE NUMBERS.
R  INDICATES RECORD WAS SET OR TIED.
MM INDICATES DATA IS MISSING.
T  INDICATES TRACE AMOUNT.




$$
