000
CDUS45 KMSO 280737
CLIMSO


CLIMATE REPORT
NATIONAL WEATHER SERVICE MISSOULA, MT
137 AM MDT FRI APR 28 2017


...................................

...THE MISSOULA MT CLIMATE SUMMARY FOR APRIL 27 2017...

CLIMATE NORMAL PERIOD 1981 TO 2010
CLIMATE RECORD PERIOD 1893 TO 2017


WEATHER ITEM   OBSERVED TIME   RECORD YEAR NORMAL DEPARTURE LAST
                VALUE   (LST)  VALUE       VALUE  FROM      YEAR
                                                  NORMAL
..................................................................
TEMPERATURE (F)
 YESTERDAY
  MAXIMUM         50    504 PM  85    1987  62    -12       61
  MINIMUM         37   1159 PM  24    1955  35      2       42
  AVERAGE         44                        48     -4       52

PRECIPITATION (IN)
  YESTERDAY        0.02          1.00 1907   0.04  -0.02     0.00
  MONTH TO DATE    1.36                      1.10   0.26     1.16
  SINCE OCT 1     11.30                      6.58   4.72     6.49
  SINCE JAN 1      6.64                      3.65   2.99     3.10

SNOWFALL (IN)
  YESTERDAY        0.0
  MONTH TO DATE    0.9
  SINCE JAN 1     35.5
  SINCE JUL 1     64.6
  SNOW DEPTH       0

DEGREE DAYS
 HEATING
  YESTERDAY       21                        17      4       13
  MONTH TO DATE  561                       532     29      378
  SINCE MAR 1   1318                      1346    -28     1156
  SINCE JUL 1   7094                      6715    379     6340

 COOLING
  YESTERDAY        0                         0      0        0
  MONTH TO DATE    0                         0      0        0
  SINCE MAR 1      0                         0      0        0
  SINCE JAN 1      0                         0      0        0
..................................................................


WIND (MPH)
  HIGHEST WIND SPEED    24   HIGHEST WIND DIRECTION    NW (310)
  HIGHEST GUST SPEED    30   HIGHEST GUST DIRECTION    NW (310)
  AVERAGE WIND SPEED     8.1


SKY COVER
  POSSIBLE SUNSHINE  MM
  AVERAGE SKY COVER 0.9


WEATHER CONDITIONS
 THE FOLLOWING WEATHER WAS RECORDED YESTERDAY.
  LIGHT RAIN
  FOG


RELATIVE HUMIDITY (PERCENT)
 HIGHEST    92           500 AM
 LOWEST     42           500 PM
 AVERAGE    67

..........................................................


THE MISSOULA MT CLIMATE NORMALS FOR TODAY
                         NORMAL    RECORD    YEAR
 MAXIMUM TEMPERATURE (F)   62        87      1987
 MINIMUM TEMPERATURE (F)   35        20      1955
                                             1907


SUNRISE AND SUNSET
APRIL 28 2017.........SUNRISE   625 AM MDT   SUNSET   843 PM MDT
APRIL 29 2017.........SUNRISE   624 AM MDT   SUNSET   844 PM MDT


-  INDICATES NEGATIVE NUMBERS.
R  INDICATES RECORD WAS SET OR TIED.
MM INDICATES DATA IS MISSING.
T  INDICATES TRACE AMOUNT.




$$
