000
CDUS45 KMSO 072243
CLIMSO


CLIMATE REPORT
NATIONAL WEATHER SERVICE MISSOULA, MT
443 PM MDT TUE JUL 7 2015


...................................

...THE MISSOULA MT CLIMATE SUMMARY FOR JULY 7 2015...
VALID TODAY AS OF 0400 PM LOCAL TIME.

CLIMATE NORMAL PERIOD 1981 TO 2010
CLIMATE RECORD PERIOD 1893 TO 2015


WEATHER ITEM   OBSERVED TIME   RECORD YEAR NORMAL DEPARTURE LAST
                VALUE   (LST)  VALUE       VALUE  FROM      YEAR
                                                  NORMAL
..................................................................
TEMPERATURE (F)
 TODAY
  MAXIMUM         82    201 PM  99    1989  83     -1       89
                                      1968
  MINIMUM         54    613 AM  31    1971  50      4       53
                                      1893
  AVERAGE         68                        67      1       71

PRECIPITATION (IN)
  TODAY            0.00          0.57 1946   0.04  -0.04     0.00
  MONTH TO DATE    T                         0.28  -0.28      T
  SINCE OCT 1      9.74                     11.06  -1.32    10.55
  SINCE JAN 1      4.43                      8.13  -3.70     8.84

SNOWFALL (IN)
  TODAY            0.0
  MONTH TO DATE    0.0
  SINCE JAN 1     13.3
  SINCE JUL 1      0.0
  SNOW DEPTH       0

DEGREE DAYS
 HEATING
  TODAY            0                         2     -2        0
  MONTH TO DATE    0                        15    -15        0
  SINCE JUN 1     47                       175   -128      177
  SINCE JUL 1      0                        15    -15        0

 COOLING
  TODAY            3                         4     -1        6
  MONTH TO DATE   64                        23     41       51
  SINCE JUN 1    206                        60    146       59
  SINCE JAN 1    206                        66    140       59
..................................................................


WIND (MPH)
  HIGHEST WIND SPEED    24   HIGHEST WIND DIRECTION     N (10)
  HIGHEST GUST SPEED    31   HIGHEST GUST DIRECTION     N (360)
  AVERAGE WIND SPEED     9.1


SKY COVER
  POSSIBLE SUNSHINE  MM
  AVERAGE SKY COVER 0.2


WEATHER CONDITIONS
 THE FOLLOWING WEATHER WAS RECORDED TODAY.
  NO SIGNIFICANT WEATHER WAS OBSERVED.


RELATIVE HUMIDITY (PERCENT)
 HIGHEST    51           500 AM
 LOWEST     30           100 PM
 AVERAGE    41

..........................................................


THE MISSOULA MT CLIMATE NORMALS FOR TOMORROW
                         NORMAL    RECORD    YEAR
 MAXIMUM TEMPERATURE (F)   84        99      1943
 MINIMUM TEMPERATURE (F)   51        36      1959


SUNRISE AND SUNSET
JULY  7 2015..........SUNRISE   550 AM MDT   SUNSET   932 PM MDT
JULY  8 2015..........SUNRISE   550 AM MDT   SUNSET   932 PM MDT


-  INDICATES NEGATIVE NUMBERS.
R  INDICATES RECORD WAS SET OR TIED.
MM INDICATES DATA IS MISSING.
T  INDICATES TRACE AMOUNT.




$$
