000
CDUS45 KMSO 160739
CLIMSO


CLIMATE REPORT
NATIONAL WEATHER SERVICE MISSOULA, MT
1239 AM MST TUE JAN 16 2018


...................................

...THE MISSOULA MT CLIMATE SUMMARY FOR JANUARY 15 2018...

CLIMATE NORMAL PERIOD 1981 TO 2010
CLIMATE RECORD PERIOD 1893 TO 2018


WEATHER ITEM   OBSERVED TIME   RECORD YEAR NORMAL DEPARTURE LAST
                VALUE   (LST)  VALUE       VALUE  FROM      YEAR
                                                  NORMAL
..................................................................
TEMPERATURE (F)
 YESTERDAY
  MAXIMUM         39    421 PM  50    1974  33      6        7
  MINIMUM         24    739 AM -12    2017  18      6      -12
  AVERAGE         32                        26      6       -2

PRECIPITATION (IN)
  YESTERDAY        0.00          0.81 1974   0.02  -0.02     0.00
  MONTH TO DATE    0.32                      0.44  -0.12     0.79
  SINCE OCT 1      4.14                      3.37   0.77     5.45
  SINCE JAN 1      0.32                      0.44  -0.12     0.79

SNOWFALL (IN)
  YESTERDAY        0.0
  MONTH TO DATE    3.3
  SINCE JAN 1      3.3
  SINCE JUL 1     30.6
  SNOW DEPTH       6

DEGREE DAYS
 HEATING
  YESTERDAY       33                        39     -6       67
  MONTH TO DATE  573                       605    -32      883
  SINCE DEC 1   1857                      1881    -24     2301
  SINCE JUL 1   3747                      3777    -30     4055

 COOLING
  YESTERDAY        0                         0      0        0
  MONTH TO DATE    0                         0      0        0
  SINCE DEC 1      0                         0      0        0
  SINCE JAN 1      0                         0      0        0
..................................................................


WIND (MPH)
  HIGHEST WIND SPEED    24   HIGHEST WIND DIRECTION    SE (120)
  HIGHEST GUST SPEED    29   HIGHEST GUST DIRECTION    SE (120)
  AVERAGE WIND SPEED    12.7


SKY COVER
  POSSIBLE SUNSHINE  MM
  AVERAGE SKY COVER 0.2


WEATHER CONDITIONS
 THE FOLLOWING WEATHER WAS RECORDED YESTERDAY.
  FOG


RELATIVE HUMIDITY (PERCENT)
 HIGHEST    92          1200 AM
 LOWEST     59           200 PM
 AVERAGE    76

..........................................................


THE MISSOULA MT CLIMATE NORMALS FOR TODAY
                         NORMAL    RECORD    YEAR
 MAXIMUM TEMPERATURE (F)   33        58      1894
 MINIMUM TEMPERATURE (F)   19       -18      1916


SUNRISE AND SUNSET
JANUARY 16 2018.......SUNRISE   817 AM MST   SUNSET   516 PM MST
JANUARY 17 2018.......SUNRISE   816 AM MST   SUNSET   517 PM MST


-  INDICATES NEGATIVE NUMBERS.
R  INDICATES RECORD WAS SET OR TIED.
MM INDICATES DATA IS MISSING.
T  INDICATES TRACE AMOUNT.




$$
