000
CDUS45 KMSO 300757
CLIMSO


CLIMATE REPORT
NATIONAL WEATHER SERVICE MISSOULA, MT
157 AM MDT THU JUL 30 2015


...................................

...THE MISSOULA MT CLIMATE SUMMARY FOR JULY 29 2015...

CLIMATE NORMAL PERIOD 1981 TO 2010
CLIMATE RECORD PERIOD 1893 TO 2015


WEATHER ITEM   OBSERVED TIME   RECORD YEAR NORMAL DEPARTURE LAST
                VALUE   (LST)  VALUE       VALUE  FROM      YEAR
                                                  NORMAL
..................................................................
TEMPERATURE (F)
 YESTERDAY
  MAXIMUM         83    457 PM 101    2007  89     -6       96
  MINIMUM         46    535 AM  37    1894  53     -7       56
  AVERAGE         65                        70     -5       76

PRECIPITATION (IN)
  YESTERDAY        0.00          0.44 1975   0.03  -0.03     0.00
  MONTH TO DATE    1.52                      0.93   0.59     0.24
  SINCE OCT 1     11.26                     11.71  -0.45    10.79
  SINCE JAN 1      5.95                      8.78  -2.83     9.08

SNOWFALL (IN)
  YESTERDAY        0.0
  MONTH TO DATE    0.0
  SINCE JAN 1     13.3
  SINCE JUL 1      0.0
  SNOW DEPTH       0

DEGREE DAYS
 HEATING
  YESTERDAY        0                         1     -1        0
  MONTH TO DATE   21                        40    -19        6
  SINCE JUN 1     68                       200   -132      183
  SINCE JUL 1     21                        40    -19        6

 COOLING
  YESTERDAY        0                         6     -6       11
  MONTH TO DATE  130                       140    -10      211
  SINCE JUN 1    272                       177     95      219
  SINCE JAN 1    272                       183     89      219
..................................................................


WIND (MPH)
  HIGHEST WIND SPEED     9   HIGHEST WIND DIRECTION     S (180)
  HIGHEST GUST SPEED    12   HIGHEST GUST DIRECTION     S (180)
  AVERAGE WIND SPEED     2.4


SKY COVER
  POSSIBLE SUNSHINE  MM
  AVERAGE SKY COVER 0.0


WEATHER CONDITIONS
 THE FOLLOWING WEATHER WAS RECORDED YESTERDAY.
  NO SIGNIFICANT WEATHER WAS OBSERVED.


RELATIVE HUMIDITY (PERCENT)
 HIGHEST    80           400 AM
 LOWEST     20           500 PM
 AVERAGE    50

..........................................................


THE MISSOULA MT CLIMATE NORMALS FOR TODAY
                         NORMAL    RECORD    YEAR
 MAXIMUM TEMPERATURE (F)   89       100      2003
                                             2000
 MINIMUM TEMPERATURE (F)   52        38      1913


SUNRISE AND SUNSET
JULY 30 2015..........SUNRISE   613 AM MDT   SUNSET   911 PM MDT
JULY 31 2015..........SUNRISE   615 AM MDT   SUNSET   910 PM MDT


-  INDICATES NEGATIVE NUMBERS.
R  INDICATES RECORD WAS SET OR TIED.
MM INDICATES DATA IS MISSING.
T  INDICATES TRACE AMOUNT.




$$
