000
CDUS43 KMPX 290625
CLIMSP


CLIMATE REPORT
NATIONAL WEATHER SERVICE CHANHASSEN MN
124 AM CDT SAT AUG 29 2015


...................................

...THE TWIN CITIES MN CLIMATE SUMMARY FOR AUGUST 28 2015...

CLIMATE NORMAL PERIOD 1981 TO 2010
CLIMATE RECORD PERIOD 1871 TO 2015


WEATHER ITEM   OBSERVED TIME   RECORD YEAR NORMAL DEPARTURE LAST
                VALUE   (LST)  VALUE       VALUE  FROM      YEAR
                                                  NORMAL
..................................................................
TEMPERATURE (F)
 YESTERDAY
  MAXIMUM         76    209 PM  94    1955  78     -2       72
                                      1899
  MINIMUM         59   1159 PM  42    1934  60     -1       61
  AVERAGE         68                        69     -1       67

PRECIPITATION (IN)
  YESTERDAY        T             1.11 1950   0.12  -0.12     0.02
  MONTH TO DATE    2.99                      3.94  -0.95     1.45
  SINCE JUN 1     14.71                     12.23   2.48    15.08
  SINCE JAN 1     22.04                     21.81   0.23    29.55

SNOWFALL (IN)
  YESTERDAY        0.0           0.0    MM   0.0    0.0      0.0
  MONTH TO DATE    0.0                       0.0    0.0      0.0
  SINCE JUN 1      0.0                       0.0    0.0      0.0
  SINCE JUL 1      0.0                       0.0    0.0      0.0
  SNOW DEPTH       0

DEGREE DAYS
 HEATING
  YESTERDAY        0                         1     -1        0
  MONTH TO DATE   13                         7      6        0
  SINCE JUN 1     22                        56    -34       28
  SINCE JUL 1     15                        12      3        7

 COOLING
  YESTERDAY        3                         5     -2        2
  MONTH TO DATE  182                       190     -8      242
  SINCE JUN 1    605                       624    -19      621
  SINCE JAN 1    632                       666    -34      673
..................................................................


WIND (MPH)
  HIGHEST WIND SPEED    20   HIGHEST WIND DIRECTION     S (160)
  HIGHEST GUST SPEED    27   HIGHEST GUST DIRECTION     S (170)
  AVERAGE WIND SPEED     8.1


SKY COVER
  POSSIBLE SUNSHINE  MM
  AVERAGE SKY COVER 0.8


WEATHER CONDITIONS
 THE FOLLOWING WEATHER WAS RECORDED YESTERDAY.
  NO SIGNIFICANT WEATHER WAS OBSERVED.


RELATIVE HUMIDITY (PERCENT)
 HIGHEST    87           400 AM
 LOWEST     64           300 PM
 AVERAGE    76

..........................................................


THE TWIN CITIES MN CLIMATE NORMALS FOR TODAY
                         NORMAL    RECORD    YEAR
 MAXIMUM TEMPERATURE (F)   78        96      1969
 MINIMUM TEMPERATURE (F)   60        45      1946
                                             1911


SUNRISE AND SUNSET
AUGUST 29 2015........SUNRISE   631 AM CDT   SUNSET   756 PM CDT
AUGUST 30 2015........SUNRISE   632 AM CDT   SUNSET   754 PM CDT


-  INDICATES NEGATIVE NUMBERS.
R  INDICATES RECORD WAS SET OR TIED.
MM INDICATES DATA IS MISSING.
T  INDICATES TRACE AMOUNT.




$$
