000
CDUS43 KMPX 240758
CLIMSP


CLIMATE REPORT
NATIONAL WEATHER SERVICE CHANHASSEN MN
157 AM CST SAT FEB 24 2018


...................................

...THE TWIN CITIES MN CLIMATE SUMMARY FOR FEBRUARY 23 2018...

CLIMATE NORMAL PERIOD 1981 TO 2010
CLIMATE RECORD PERIOD 1871 TO 2018


WEATHER ITEM   OBSERVED TIME   RECORD YEAR NORMAL DEPARTURE LAST
                VALUE   (LST)  VALUE       VALUE  FROM      YEAR
                                                  NORMAL
..................................................................
TEMPERATURE (F)
 YESTERDAY
  MAXIMUM         32    350 PM  59    1958  32      0       39
  MINIMUM         16   1158 PM -25    1889  16      0       29
  AVERAGE         24                        24      0       34

PRECIPITATION (IN)
  YESTERDAY        0.15          0.63 1977   0.03   0.12     0.00
                                      1909
  MONTH TO DATE    0.82                      0.58   0.24     0.64
  SINCE DEC 1      3.16                      2.64   0.52     3.76
  SINCE JAN 1      2.37                      1.48   0.89     1.62

SNOWFALL (IN)
  YESTERDAY        2.3           6.3  1909   0.4    1.9      0.0
  MONTH TO DATE    9.9                       6.2    3.7      0.3
  SINCE DEC 1     36.7                      30.3    6.4     24.5
  SINCE JUL 1     37.4                      40.2   -2.8     26.8
  SNOW DEPTH       7

DEGREE DAYS
 HEATING
  YESTERDAY       41                        41      0       31
  MONTH TO DATE 1181                      1037    144      768
  SINCE DEC 1   4095                      3972    123     3486
  SINCE JUL 1   5505                      5591    -86     4530

 COOLING
  YESTERDAY        0                         0      0        0
  MONTH TO DATE    0                         0      0        0
  SINCE DEC 1      0                         0      0        0
  SINCE JAN 1      0                         0      0        0
..................................................................


WIND (MPH)
  HIGHEST WIND SPEED    17   HIGHEST WIND DIRECTION     W (280)
  HIGHEST GUST SPEED    21   HIGHEST GUST DIRECTION     W (280)
  AVERAGE WIND SPEED     7.6


SKY COVER
  POSSIBLE SUNSHINE  MM
  AVERAGE SKY COVER 0.6


WEATHER CONDITIONS
 THE FOLLOWING WEATHER WAS RECORDED YESTERDAY.
  SNOW
  LIGHT SNOW
  FOG


RELATIVE HUMIDITY (PERCENT)
 HIGHEST   100          1200 AM
 LOWEST     63           200 PM
 AVERAGE    82

..........................................................


THE TWIN CITIES MN CLIMATE NORMALS FOR TODAY
                         NORMAL    RECORD    YEAR
 MAXIMUM TEMPERATURE (F)   32        59      1880
 MINIMUM TEMPERATURE (F)   16       -20      1967


SUNRISE AND SUNSET
FEBRUARY 24 2018......SUNRISE   659 AM CST   SUNSET   554 PM CST
FEBRUARY 25 2018......SUNRISE   657 AM CST   SUNSET   555 PM CST


-  INDICATES NEGATIVE NUMBERS.
R  INDICATES RECORD WAS SET OR TIED.
MM INDICATES DATA IS MISSING.
T  INDICATES TRACE AMOUNT.




$$
