000
CDUS41 KBTV 190531
CLIMSS


CLIMATE REPORT
NATIONAL WEATHER SERVICE BURLINGTON VT
130 AM EDT FRI SEP 19 2014


...................................

...THE MASSENA NY CLIMATE SUMMARY FOR SEPTEMBER 18 2014...

CLIMATE NORMAL PERIOD 1981 TO 2010
CLIMATE RECORD PERIOD 1948 TO 2014


WEATHER ITEM   OBSERVED TIME   RECORD YEAR NORMAL DEPARTURE LAST
                VALUE   (LST)  VALUE       VALUE  FROM      YEAR
                                                  NORMAL
..................................................................
TEMPERATURE (F)
 YESTERDAY
  MAXIMUM         56    215 PM  86    1955  69    -13       70
  MINIMUM         33R  1159 PM  33    1969  47    -14       38
  AVERAGE         45                        58    -13       54

PRECIPITATION (IN)
  YESTERDAY        0.01          1.33        0.13  -0.12     0.00
  MONTH TO DATE    1.04                      2.12  -1.08     3.73
  SINCE SEP 1      1.04                      2.12  -1.08     3.73
  SINCE JAN 1     26.50                     24.66   1.84    26.85

DEGREE DAYS
 HEATING
  YESTERDAY       20                         8     12       11
  MONTH TO DATE  118                        98     20      133
  SINCE SEP 1    118                        98     20      133
  SINCE JUL 1    178                       173      5      189

 COOLING
  YESTERDAY        0                         1     -1        0
  MONTH TO DATE   39                        23     16       30
  SINCE SEP 1     39                        23     16       30
  SINCE JAN 1    327                       359    -32      417
..................................................................


WIND (MPH)
  HIGHEST WIND SPEED    14   HIGHEST WIND DIRECTION     N (10)
  HIGHEST GUST SPEED    19   HIGHEST GUST DIRECTION     N (10)
  AVERAGE WIND SPEED     6.2


SKY COVER
  AVERAGE SKY COVER 0.5


WEATHER CONDITIONS
 THE FOLLOWING WEATHER WAS RECORDED YESTERDAY.
  LIGHT RAIN


RELATIVE HUMIDITY (PERCENT)
 HIGHEST    93           200 AM
 LOWEST     47           200 PM
 AVERAGE    70

..........................................................


THE MASSENA NY CLIMATE NORMALS FOR TODAY
                         NORMAL    RECORD    YEAR
 MAXIMUM TEMPERATURE (F)   68        87      1955
 MINIMUM TEMPERATURE (F)   46        30      2008
                                             1969


SUNRISE AND SUNSET
SEPTEMBER 19 2014.....SUNRISE   643 AM EDT   SUNSET   703 PM EDT
SEPTEMBER 20 2014.....SUNRISE   644 AM EDT   SUNSET   701 PM EDT


-  INDICATES NEGATIVE NUMBERS.
R  INDICATES RECORD WAS SET OR TIED.
MM INDICATES DATA IS MISSING.
T  INDICATES TRACE AMOUNT.




$$
