000
CDUS41 KBTV 270528
CLIMSS


CLIMATE REPORT
NATIONAL WEATHER SERVICE BURLINGTON VT
125 AM EDT SAT MAY 27 2017


...................................

...THE MASSENA NY CLIMATE SUMMARY FOR MAY 26 2017...

CLIMATE NORMAL PERIOD 1981 TO 2010
CLIMATE RECORD PERIOD 1948 TO 2017


WEATHER ITEM   OBSERVED TIME   RECORD YEAR NORMAL DEPARTURE LAST
                VALUE   (LST)  VALUE       VALUE  FROM      YEAR
                                                  NORMAL
..................................................................
TEMPERATURE (F)
 YESTERDAY
  MAXIMUM         58    254 PM  96    2010  70    -12       79
  MINIMUM         48   1156 PM  32    1972  47      1       52
  AVERAGE         53                        58     -5       66

PRECIPITATION (IN)
  YESTERDAY        0.10          1.43        0.10   0.00      T
  MONTH TO DATE    4.43                      2.56   1.87     0.79
  SINCE MAR 1     10.21                      7.47   2.74     4.68
  SINCE JAN 1     13.64                     11.42   2.22     9.34

DEGREE DAYS
 HEATING
  YESTERDAY       12                         7      5        0
  MONTH TO DATE  305                       285     20      286
  SINCE MAR 1   2076                      2080     -4     2052
  SINCE JUL 1   7002                      8067  -1065     7098

 COOLING
  YESTERDAY        0                         1     -1        1
  MONTH TO DATE   14                         7      7        6
  SINCE MAR 1     16                         8      8        6
  SINCE JAN 1     16                         8      8        6
..................................................................


WIND (MPH)
  HIGHEST WIND SPEED    17   HIGHEST WIND DIRECTION    NE (60)
  HIGHEST GUST SPEED    22   HIGHEST GUST DIRECTION    NE (50)
  AVERAGE WIND SPEED     7.4


SKY COVER
  AVERAGE SKY COVER 1.0


WEATHER CONDITIONS
 THE FOLLOWING WEATHER WAS RECORDED YESTERDAY.
  LIGHT RAIN
  FOG
  FOG W/VISIBILITY <= 1/4 MILE


RELATIVE HUMIDITY (PERCENT)
 HIGHEST   100           500 AM
 LOWEST     86           900 AM
 AVERAGE    93

..........................................................


THE MASSENA NY CLIMATE NORMALS FOR TODAY
                         NORMAL    RECORD    YEAR
 MAXIMUM TEMPERATURE (F)   70        89      2016
                                             1978
 MINIMUM TEMPERATURE (F)   47        30      1954


SUNRISE AND SUNSET
MAY 27 2017...........SUNRISE   519 AM EDT   SUNSET   834 PM EDT
MAY 28 2017...........SUNRISE   519 AM EDT   SUNSET   835 PM EDT


-  INDICATES NEGATIVE NUMBERS.
R  INDICATES RECORD WAS SET OR TIED.
MM INDICATES DATA IS MISSING.
T  INDICATES TRACE AMOUNT.




$$
