000
CDUS41 KBTV 050545
CLIMSS


CLIMATE REPORT
NATIONAL WEATHER SERVICE BURLINGTON VT
1245 AM EST THU MAR 5 2015


...................................

...THE MASSENA NY CLIMATE SUMMARY FOR MARCH 4 2015...

CLIMATE NORMAL PERIOD 1981 TO 2010
CLIMATE RECORD PERIOD 1948 TO 2015


WEATHER ITEM   OBSERVED TIME   RECORD YEAR NORMAL DEPARTURE LAST
                VALUE   (LST)  VALUE       VALUE  FROM      YEAR
                                                  NORMAL
..................................................................
TEMPERATURE (F)
 YESTERDAY
  MAXIMUM         36    305 PM  58    1964  33      3       16
  MINIMUM         22   1159 PM -25    1950  13      9       -5
  AVERAGE         29                        23      6        6

PRECIPITATION (IN)
  YESTERDAY        T             1.56        0.06  -0.06      T
  MONTH TO DATE    0.07                      0.26  -0.19     0.01
  SINCE MAR 1      0.07                      0.26  -0.19     0.01
  SINCE JAN 1      1.49                      4.21  -2.72     2.75

DEGREE DAYS
 HEATING
  YESTERDAY       36                        42     -6       59
  MONTH TO DATE  197                       171     26      238
  SINCE MAR 1    197                       171     26      238
  SINCE JUL 1   6363                      6158    205     6407

 COOLING
  YESTERDAY        0                         0      0        0
  MONTH TO DATE    0                         0      0        0
  SINCE MAR 1      0                         0      0        0
  SINCE JAN 1      0                         0      0        0
..................................................................


WIND (MPH)
  HIGHEST WIND SPEED    26   HIGHEST WIND DIRECTION    SW (220)
  HIGHEST GUST SPEED    34   HIGHEST GUST DIRECTION    SW (210)
  AVERAGE WIND SPEED    16.5


SKY COVER
  AVERAGE SKY COVER 0.9


WEATHER CONDITIONS
 THE FOLLOWING WEATHER WAS RECORDED YESTERDAY.
  LIGHT RAIN
  LT FREEZING RAIN
  FOG


RELATIVE HUMIDITY (PERCENT)
 HIGHEST   100          1200 AM
 LOWEST     39           900 PM
 AVERAGE    70

..........................................................


THE MASSENA NY CLIMATE NORMALS FOR TODAY
                         NORMAL    RECORD    YEAR
 MAXIMUM TEMPERATURE (F)   33        64      1964
 MINIMUM TEMPERATURE (F)   13       -14      2014


SUNRISE AND SUNSET
MARCH  5 2015.........SUNRISE   631 AM EST   SUNSET   552 PM EST
MARCH  6 2015.........SUNRISE   629 AM EST   SUNSET   553 PM EST


-  INDICATES NEGATIVE NUMBERS.
R  INDICATES RECORD WAS SET OR TIED.
MM INDICATES DATA IS MISSING.
T  INDICATES TRACE AMOUNT.




$$
