000
CDUS41 KBTV 230548
CLIMSS


CLIMATE REPORT
NATIONAL WEATHER SERVICE BURLINGTON VT
1245 AM EST THU NOV 23 2017


...................................

...THE MASSENA NY CLIMATE SUMMARY FOR NOVEMBER 22 2017...

CLIMATE NORMAL PERIOD 1981 TO 2010
CLIMATE RECORD PERIOD 1948 TO 2017


WEATHER ITEM   OBSERVED TIME   RECORD YEAR NORMAL DEPARTURE LAST
                VALUE   (LST)  VALUE       VALUE  FROM      YEAR
                                                  NORMAL
..................................................................
TEMPERATURE (F)
 YESTERDAY
  MAXIMUM         47    129 AM  72    1953  41      6       32
  MINIMUM         21   1157 PM   0    1972  25     -4       28
  AVERAGE         34                        33      1       30

PRECIPITATION (IN)
  YESTERDAY        0.15          0.58        0.10   0.05      T
  MONTH TO DATE    2.60                      2.28   0.32     0.37
  SINCE SEP 1      8.20                      9.24  -1.04     6.49
  SINCE JAN 1     37.57                     31.78   5.79    27.60

DEGREE DAYS
 HEATING
  YESTERDAY       31                        32     -1       35
  MONTH TO DATE  648                       616     32      519
  SINCE SEP 1   1089                      1422   -333     1139
  SINCE JUL 1   1141                      1497   -356     1150

 COOLING
  YESTERDAY        0                         0      0        0
  MONTH TO DATE    0                         0      0        0
  SINCE SEP 1     73                        27     46       47
  SINCE JAN 1    399                       363     36      527
..................................................................


WIND (MPH)
  HIGHEST WIND SPEED    17   HIGHEST WIND DIRECTION    NW (320)
  HIGHEST GUST SPEED    24   HIGHEST GUST DIRECTION    NW (330)
  AVERAGE WIND SPEED     8.4


SKY COVER
  AVERAGE SKY COVER 0.8


WEATHER CONDITIONS
 THE FOLLOWING WEATHER WAS RECORDED YESTERDAY.
  LIGHT RAIN
  LIGHT SNOW
  FOG


RELATIVE HUMIDITY (PERCENT)
 HIGHEST   100           300 AM
 LOWEST     68          1000 PM
 AVERAGE    84

..........................................................


THE MASSENA NY CLIMATE NORMALS FOR TODAY
                         NORMAL    RECORD    YEAR
 MAXIMUM TEMPERATURE (F)   40        65      1963
 MINIMUM TEMPERATURE (F)   25         0      2000


SUNRISE AND SUNSET
NOVEMBER 23 2017......SUNRISE   708 AM EST   SUNSET   424 PM EST
NOVEMBER 24 2017......SUNRISE   709 AM EST   SUNSET   423 PM EST


-  INDICATES NEGATIVE NUMBERS.
R  INDICATES RECORD WAS SET OR TIED.
MM INDICATES DATA IS MISSING.
T  INDICATES TRACE AMOUNT.




$$
