000
CDUS41 KBTV 220538
CLIMSS


CLIMATE REPORT
NATIONAL WEATHER SERVICE BURLINGTON VT
137 AM EDT FRI MAY 22 2015


...................................

...THE MASSENA NY CLIMATE SUMMARY FOR MAY 21 2015...

CLIMATE NORMAL PERIOD 1981 TO 2010
CLIMATE RECORD PERIOD 1948 TO 2015


WEATHER ITEM   OBSERVED TIME   RECORD YEAR NORMAL DEPARTURE LAST
                VALUE   (LST)  VALUE       VALUE  FROM      YEAR
                                                  NORMAL
..................................................................
TEMPERATURE (F)
 YESTERDAY
  MAXIMUM         67    158 PM  89    1975  68     -1       76
  MINIMUM         42    236 AM  31    1964  45     -3       42
  AVERAGE         55                        57     -2       59

PRECIPITATION (IN)
  YESTERDAY        0.00          0.57        0.11  -0.11     0.00
  MONTH TO DATE    0.54                      2.04  -1.50     1.90
  SINCE MAR 1      3.56                      6.95  -3.39     6.98
  SINCE JAN 1      4.98                     10.90  -5.92     9.72

DEGREE DAYS
 HEATING
  YESTERDAY       10                         9      1        6
  MONTH TO DATE  117                       245   -128      213
  SINCE MAR 1   2052                      2040     12     2340
  SINCE JUL 1   8218                      8027    191     8509

 COOLING
  YESTERDAY        0                         1     -1        0
  MONTH TO DATE   20                         2     18       11
  SINCE MAR 1     20                         3     17       11
  SINCE JAN 1     20                         3     17       11
..................................................................


WIND (MPH)
  HIGHEST WIND SPEED    23   HIGHEST WIND DIRECTION    SW (220)
  HIGHEST GUST SPEED    28   HIGHEST GUST DIRECTION    SW (220)
  AVERAGE WIND SPEED    12.2


SKY COVER
  AVERAGE SKY COVER 0.2


WEATHER CONDITIONS
 THE FOLLOWING WEATHER WAS RECORDED YESTERDAY.
  NO SIGNIFICANT WEATHER WAS OBSERVED.


RELATIVE HUMIDITY (PERCENT)
 HIGHEST    76          1200 AM
 LOWEST     30           300 PM
 AVERAGE    53

..........................................................


THE MASSENA NY CLIMATE NORMALS FOR TODAY
                         NORMAL    RECORD    YEAR
 MAXIMUM TEMPERATURE (F)   69        89      1977
 MINIMUM TEMPERATURE (F)   46        30      1967


SUNRISE AND SUNSET
MAY 22 2015...........SUNRISE   524 AM EDT   SUNSET   829 PM EDT
MAY 23 2015...........SUNRISE   523 AM EDT   SUNSET   830 PM EDT


-  INDICATES NEGATIVE NUMBERS.
R  INDICATES RECORD WAS SET OR TIED.
MM INDICATES DATA IS MISSING.
T  INDICATES TRACE AMOUNT.




$$
