000
CDUS41 KBTV 230540
CLIMSS


CLIMATE REPORT
NATIONAL WEATHER SERVICE BURLINGTON VT
1239 AM EST SUN NOV 23 2014


...................................

...THE MASSENA NY CLIMATE SUMMARY FOR NOVEMBER 22 2014...

CLIMATE NORMAL PERIOD 1981 TO 2010
CLIMATE RECORD PERIOD 1948 TO 2014


WEATHER ITEM   OBSERVED TIME   RECORD YEAR NORMAL DEPARTURE LAST
                VALUE   (LST)  VALUE       VALUE  FROM      YEAR
                                                  NORMAL
..................................................................
TEMPERATURE (F)
 YESTERDAY
  MAXIMUM         40   1158 PM  72    1953  41     -1       44
  MINIMUM         17    115 AM   0    1972  25     -8       32
  AVERAGE         29                        33     -4       38

PRECIPITATION (IN)
  YESTERDAY        0.01          0.58        0.10  -0.09     0.19
  MONTH TO DATE    0.77                      2.28  -1.51     1.73
  SINCE SEP 1      4.02                      9.24  -5.22     9.83
  SINCE JAN 1     29.48                     31.78  -2.30    32.95

DEGREE DAYS
 HEATING
  YESTERDAY       36                        32      4       27
  MONTH TO DATE  640                       616     24      608
  SINCE SEP 1   1269                      1422   -153     1333
  SINCE JUL 1   1329                      1497   -168     1389

 COOLING
  YESTERDAY        0                         0      0        0
  MONTH TO DATE    0                         0      0        0
  SINCE SEP 1     48                        27     21       31
  SINCE JAN 1    336                       363    -27      418
..................................................................


WIND (MPH)
  HIGHEST WIND SPEED    28   HIGHEST WIND DIRECTION    SW (220)
  HIGHEST GUST SPEED    36   HIGHEST GUST DIRECTION    SW (220)
  AVERAGE WIND SPEED    15.5


SKY COVER
  AVERAGE SKY COVER 0.6


WEATHER CONDITIONS
 THE FOLLOWING WEATHER WAS RECORDED YESTERDAY.
  LIGHT RAIN
  FOG


RELATIVE HUMIDITY (PERCENT)
 HIGHEST   100          1000 PM
 LOWEST     40           200 PM
 AVERAGE    70

..........................................................


THE MASSENA NY CLIMATE NORMALS FOR TODAY
                         NORMAL    RECORD    YEAR
 MAXIMUM TEMPERATURE (F)   40        65      1963
 MINIMUM TEMPERATURE (F)   25         0      2000


SUNRISE AND SUNSET
NOVEMBER 23 2014......SUNRISE   707 AM EST   SUNSET   424 PM EST
NOVEMBER 24 2014......SUNRISE   709 AM EST   SUNSET   423 PM EST


-  INDICATES NEGATIVE NUMBERS.
R  INDICATES RECORD WAS SET OR TIED.
MM INDICATES DATA IS MISSING.
T  INDICATES TRACE AMOUNT.




$$
