000
CDUS41 KBTV 220953
CLIMSS


CLIMATE REPORT
NATIONAL WEATHER SERVICE BURLINGTON VT
551 AM EDT TUE JUL 22 2014


...................................

...THE MASSENA NY CLIMATE SUMMARY FOR JULY 21 2014...

CLIMATE NORMAL PERIOD 1981 TO 2010
CLIMATE RECORD PERIOD 1948 TO 2014


WEATHER ITEM   OBSERVED TIME   RECORD YEAR NORMAL DEPARTURE LAST
                VALUE   (LST)  VALUE       VALUE  FROM      YEAR
                                                  NORMAL
..................................................................
TEMPERATURE (F)
 YESTERDAY
  MAXIMUM         84    235 PM  96    1955  80      4       73
  MINIMUM         62    324 AM  46    1989  58      4       51
  AVERAGE         73                        69      4       62

PRECIPITATION (IN)
  YESTERDAY        0.00          0.91        0.13  -0.13     0.00
  MONTH TO DATE    2.33                      2.37  -0.04     3.11
  SINCE JUN 1      7.26                      5.89   1.37    10.73
  SINCE JAN 1     17.19                     17.82  -0.63    19.03

DEGREE DAYS
 HEATING
  YESTERDAY        0                         1     -1        3
  MONTH TO DATE    8                        21    -13        3
  SINCE JUN 1     46                       117    -71      119
  SINCE JUL 1      8                        21    -13        3

 COOLING
  YESTERDAY        8                         5      3        0
  MONTH TO DATE   86                       102    -16      181
  SINCE JUN 1    170                       177     -7      258
  SINCE JAN 1    185                       191     -6      281
..................................................................


WIND (MPH)
  HIGHEST WIND SPEED    13   HIGHEST WIND DIRECTION    SW (220)
  HIGHEST GUST SPEED    15   HIGHEST GUST DIRECTION    SW (220)
  AVERAGE WIND SPEED     3.8


SKY COVER
  AVERAGE SKY COVER 0.3


WEATHER CONDITIONS
 THE FOLLOWING WEATHER WAS RECORDED YESTERDAY.
  FOG
  FOG W/VISIBILITY <= 1/4 MILE


RELATIVE HUMIDITY (PERCENT)
 HIGHEST   100           200 AM
 LOWEST     58          1100 AM
 AVERAGE    79

..........................................................


THE MASSENA NY CLIMATE NORMALS FOR TODAY
                         NORMAL    RECORD    YEAR
 MAXIMUM TEMPERATURE (F)   80        96      1955
 MINIMUM TEMPERATURE (F)   58        44      1992


SUNRISE AND SUNSET
JULY 22 2014..........SUNRISE   534 AM EDT   SUNSET   837 PM EDT
JULY 23 2014..........SUNRISE   535 AM EDT   SUNSET   836 PM EDT


-  INDICATES NEGATIVE NUMBERS.
R  INDICATES RECORD WAS SET OR TIED.
MM INDICATES DATA IS MISSING.
T  INDICATES TRACE AMOUNT.




$$
