593
CDUS41 KBTV 050548
CLIMSS


CLIMATE REPORT
NATIONAL WEATHER SERVICE BURLINGTON VT
1244 AM EST FRI FEB 5 2016


...................................

...THE MASSENA NY CLIMATE SUMMARY FOR FEBRUARY 4 2016...

CLIMATE NORMAL PERIOD 1981 TO 2010
CLIMATE RECORD PERIOD 1948 TO 2016


WEATHER ITEM   OBSERVED TIME   RECORD YEAR NORMAL DEPARTURE LAST
                VALUE   (LST)  VALUE       VALUE  FROM      YEAR
                                                  NORMAL
..................................................................
TEMPERATURE (F)
 YESTERDAY
  MAXIMUM         48   1226 AM  51    1991  26     22       29
  MINIMUM         31   1153 PM -25    1978   5     26       15
  AVERAGE         40                        15     25       22

PRECIPITATION (IN)
  YESTERDAY        T             0.90        0.05  -0.05     0.10
  MONTH TO DATE    0.56                      0.23   0.33     0.10
  SINCE DEC 1      3.74                      4.84  -1.10     2.36
  SINCE JAN 1      1.09                      2.41  -1.32     1.38

DEGREE DAYS
 HEATING
  YESTERDAY       25                        50    -25       43
  MONTH TO DATE  106                       200    -94      243
  SINCE DEC 1   2391                      3094   -703     3102
  SINCE JUL 1   3865                      4863   -998     4663

 COOLING
  YESTERDAY        0                         0      0        0
  MONTH TO DATE    0                         0      0        0
  SINCE DEC 1      0                         0      0        0
  SINCE JAN 1      0                         0      0        0
..................................................................


WIND (MPH)
  HIGHEST WIND SPEED    23   HIGHEST WIND DIRECTION    SW (240)
  HIGHEST GUST SPEED    32   HIGHEST GUST DIRECTION     W (250)
  AVERAGE WIND SPEED    10.3


SKY COVER
  AVERAGE SKY COVER 0.9


WEATHER CONDITIONS
 THE FOLLOWING WEATHER WAS RECORDED YESTERDAY.
  LIGHT RAIN


RELATIVE HUMIDITY (PERCENT)
 HIGHEST    79          1000 AM
 LOWEST     53          1200 PM
 AVERAGE    66

..........................................................


THE MASSENA NY CLIMATE NORMALS FOR TODAY
                         NORMAL    RECORD    YEAR
 MAXIMUM TEMPERATURE (F)   26        52      1962
 MINIMUM TEMPERATURE (F)    5       -27      1978


SUNRISE AND SUNSET
FEBRUARY  5 2016......SUNRISE   715 AM EST   SUNSET   512 PM EST
FEBRUARY  6 2016......SUNRISE   714 AM EST   SUNSET   514 PM EST


-  INDICATES NEGATIVE NUMBERS.
R  INDICATES RECORD WAS SET OR TIED.
MM INDICATES DATA IS MISSING.
T  INDICATES TRACE AMOUNT.




$$
