000
CDUS42 KKEY 170538
CLIMTH


CLIMATE REPORT
NATIONAL WEATHER SERVICE KEY WEST, FL
137 AM EDT TUE OCT 17 2017


...................................

...THE MARATHON CLIMATE SUMMARY FOR OCTOBER 16 2017...

CLIMATE NORMAL PERIOD 1981 TO 2010


WEATHER ITEM   OBSERVED TIME   NORMAL DEPARTURE LAST
                VALUE   (LST)  VALUE  FROM      YEAR
                                      NORMAL
......................................................
TEMPERATURE (F)
 YESTERDAY
  MAXIMUM         89    229 PM  86      3       85
  MINIMUM         80    349 AM  76      4       77
  AVERAGE         85            81      4       81

PRECIPITATION (IN)
  YESTERDAY        T             0.12  -0.12     0.15
  MONTH TO DATE    6.15          2.73   3.42     0.83
  SINCE SEP 1      9.68         10.46  -0.78     4.61
  SINCE JAN 1     28.35         39.28 -10.93    33.80

SNOWFALL (IN)
  YESTERDAY        0.0
  MONTH TO DATE    0.0
  SINCE SEP 1      0.0
  SINCE JUL 1      0.0
  SNOW DEPTH       0

DEGREE DAYS
 HEATING
  YESTERDAY        0             0      0        0
  MONTH TO DATE    0             0      0        0
  SINCE SEP 1      0             0      0        0
  SINCE JUL 1      0             0      0        0

 COOLING
  YESTERDAY       20            16      4       16
  MONTH TO DATE  302           272     30      292
  SINCE SEP 1    861           840     21      889
  SINCE JAN 1   4808          4226    582     4369
......................................................


WIND (MPH)
  HIGHEST WIND SPEED    10   HIGHEST WIND DIRECTION    NE (40)
  HIGHEST GUST SPEED    14   HIGHEST GUST DIRECTION    NE (30)
  AVERAGE WIND SPEED     4.9


SKY COVER
  POSSIBLE SUNSHINE  MM
  AVERAGE SKY COVER 0.1


WEATHER CONDITIONS
 THE FOLLOWING WEATHER WAS RECORDED YESTERDAY.
  LIGHT RAIN


RELATIVE HUMIDITY (PERCENT)
 HIGHEST    79
 LOWEST     53
 AVERAGE    66

..........................................................


THE MARATHON CLIMATE NORMALS FOR TODAY
                         NORMAL
 MAXIMUM TEMPERATURE (F)   85
 MINIMUM TEMPERATURE (F)   76


SUNRISE AND SUNSET
OCTOBER 17 2017.......SUNRISE   723 AM EDT   SUNSET   655 PM EDT
OCTOBER 18 2017.......SUNRISE   724 AM EDT   SUNSET   655 PM EDT


-  INDICATES NEGATIVE NUMBERS.
R  INDICATES RECORD WAS SET OR TIED.
MM INDICATES DATA IS MISSING.
T  INDICATES TRACE AMOUNT.




$$
