000
CDUS42 KKEY 040534
CLIMTH


CLIMATE REPORT
NATIONAL WEATHER SERVICE KEY WEST, FL
1233 AM EST SUN DEC 4 2016


...................................

...THE MARATHON CLIMATE SUMMARY FOR DECEMBER 3 2016...

CLIMATE NORMAL PERIOD 1981 TO 2010
CLIMATE RECORD PERIOD 9999 TO 9999


WEATHER ITEM   OBSERVED TIME   NORMAL DEPARTURE LAST
                VALUE   (LST)  VALUE  FROM      YEAR
                                      NORMAL
......................................................
TEMPERATURE (F)
 YESTERDAY
  MAXIMUM         83    222 PM  78      5       79
  MINIMUM         76    731 AM  69      7       71
  AVERAGE         80            74      6       75

PRECIPITATION (IN)
  YESTERDAY        0.01          0.07  -0.06     1.17
  MONTH TO DATE    0.53          0.20   0.33     2.08
  SINCE DEC 1      0.53          0.20   0.33     2.08
  SINCE JAN 1     36.53         44.35  -7.82    28.65

SNOWFALL (IN)
  YESTERDAY        0.0
  MONTH TO DATE    0.0
  SINCE DEC 1      0.0
  SINCE JUL 1      0.0
  SNOW DEPTH       0

DEGREE DAYS
 HEATING
  YESTERDAY        0             0      0        0
  MONTH TO DATE    0             0      0        0
  SINCE DEC 1      0             0      0        0
  SINCE JUL 1      0             1     -1        0

 COOLING
  YESTERDAY       15             9      6       10
  MONTH TO DATE   49            27     22       40
  SINCE DEC 1     49            27     22       40
  SINCE JAN 1   5014          4791    223     5466
......................................................


WIND (MPH)
  HIGHEST WIND SPEED    18   HIGHEST WIND DIRECTION     E (70)
  HIGHEST GUST SPEED    26   HIGHEST GUST DIRECTION     E (80)
  AVERAGE WIND SPEED    12.1


SKY COVER
  POSSIBLE SUNSHINE  MM
  AVERAGE SKY COVER 0.6


WEATHER CONDITIONS
 THE FOLLOWING WEATHER WAS RECORDED YESTERDAY.
  LIGHT RAIN


RELATIVE HUMIDITY (PERCENT)
 HIGHEST    94
 LOWEST     69
 AVERAGE    82

..........................................................


THE MARATHON CLIMATE NORMALS FOR TODAY
                         NORMAL
 MAXIMUM TEMPERATURE (F)   78
 MINIMUM TEMPERATURE (F)   69


SUNRISE AND SUNSET
DECEMBER  4 2016......SUNRISE   654 AM EST   SUNSET   535 PM EST
DECEMBER  5 2016......SUNRISE   655 AM EST   SUNSET   535 PM EST


-  INDICATES NEGATIVE NUMBERS.
R  INDICATES RECORD WAS SET OR TIED.
MM INDICATES DATA IS MISSING.
T  INDICATES TRACE AMOUNT.




$$
