000
CDUS42 KKEY 210530
CLIMTH

CLIMATE REPORT
NATIONAL WEATHER SERVICE KEY WEST, FL
128 AM EDT SUN SEP 21 2014

...................................

...THE MARATHON CLIMATE SUMMARY FOR SEPTEMBER 20 2014...

CLIMATE NORMAL PERIOD 1981 TO 2010

WEATHER ITEM   OBSERVED TIME   NORMAL DEPARTURE LAST
               VALUE    (LST)  VALUE  FROM      YEAR
                                      NORMAL
......................................................
TEMPERATURE (F)
 YESTERDAY
  MAXIMUM         89    350 PM  89      0       88
  MINIMUM         78    519 AM  79     -1       79
  AVERAGE         84            84      0       84

PRECIPITATION (IN)
  YESTERDAY        0.00          0.29  -0.29     0.00
  MONTH TO DATE    3.57          5.56  -1.99     2.08
  SINCE SEP 1      3.57          5.56  -1.99     2.08
  SINCE JAN 1     23.51         34.38 -10.87    41.31

SNOWFALL (IN)
  YESTERDAY        0.0
  MONTH TO DATE    0.0
  SINCE SEP 1      0.0
  SINCE JUL 1      0.0
  SNOW DEPTH       0

DEGREE DAYS
 HEATING
  YESTERDAY        0             0      0        0
  MONTH TO DATE    0             0      0        0
  SINCE SEP 1      0             0      0        0
  SINCE JUL 1      0             0      0        0

 COOLING
  YESTERDAY       19            19      0       19
  MONTH TO DATE  372           383    -11      384
  SINCE SEP 1    372           383    -11      384
  SINCE JAN 1   4056          3769    287     4105
......................................................

WIND (MPH)
  HIGHEST WIND SPEED    13   HIGHEST WIND DIRECTION     N (350)
  HIGHEST GUST SPEED    18   HIGHEST GUST DIRECTION    NW (320)
  AVERAGE WIND SPEED     5.2

SKY COVER
  POSSIBLE SUNSHINE  MM
  AVERAGE SKY COVER 0.2

WEATHER CONDITIONS
 THE FOLLOWING WEATHER WAS RECORDED YESTERDAY.
  THUNDERSTORM

RELATIVE HUMIDITY (PERCENT)
 HIGHEST    91
 LOWEST     68
 AVERAGE    80

..........................................................

THE MARATHON CLIMATE NORMALS FOR TODAY
                         NORMAL
 MAXIMUM TEMPERATURE (F)   89
 MINIMUM TEMPERATURE (F)   78

SUNRISE AND SUNSET
SEPTEMBER 21 2014.....SUNRISE   713 AM EDT   SUNSET   722 PM EDT
SEPTEMBER 22 2014.....SUNRISE   713 AM EDT   SUNSET   721 PM EDT

-  INDICATES NEGATIVE NUMBERS.
R  INDICATES RECORD WAS SET OR TIED.
MM INDICATES DATA IS MISSING.
T  INDICATES TRACE AMOUNT.



$$
