000
CDUS42 KKEY 270541
CLIMTH

CLIMATE REPORT
NATIONAL WEATHER SERVICE KEY WEST, FL
138 AM EDT SAT AUG 27 2016


...................................

...THE MARATHON CLIMATE SUMMARY FOR AUGUST 26 2016...

CLIMATE NORMAL PERIOD 1981 TO 2010


WEATHER ITEM   OBSERVED TIME   NORMAL DEPARTURE LAST
                VALUE   (LST)  VALUE  FROM      YEAR
                                      NORMAL
......................................................
TEMPERATURE (F)
 YESTERDAY
  MAXIMUM         92    156 PM  91      1       91
  MINIMUM         75    313 AM  79     -4       81
  AVERAGE         84            85     -1       86

PRECIPITATION (IN)
  YESTERDAY        1.23          0.28   0.95     0.02
  MONTH TO DATE    6.35          5.58   0.77     1.53
  SINCE JUN 1     14.21         15.47  -1.26     5.31
  SINCE JAN 1     27.01         27.41  -0.40    12.27

SNOWFALL (IN)
  YESTERDAY        0.0
  MONTH TO DATE    0.0
  SINCE JUN 1      0.0
  SINCE JUL 1      0.0
  SNOW DEPTH       0

DEGREE DAYS
 HEATING
  YESTERDAY        0             0      0        0
  MONTH TO DATE    0             0      0        0
  SINCE JUN 1      0             0      0        0
  SINCE JUL 1      0             0      0        0

 COOLING
  YESTERDAY       19            20     -1       21
  MONTH TO DATE  532           532      0      586
  SINCE JUN 1   1776          1746     30     1863
  SINCE JAN 1   3391          3289    102     3719
......................................................


WIND (MPH)
  HIGHEST WIND SPEED    15   HIGHEST WIND DIRECTION    NE (50)
  HIGHEST GUST SPEED    19   HIGHEST GUST DIRECTION    NE (60)
  AVERAGE WIND SPEED     8.4


SKY COVER
  POSSIBLE SUNSHINE  MM
  AVERAGE SKY COVER 0.4


WEATHER CONDITIONS
 THE FOLLOWING WEATHER WAS RECORDED YESTERDAY.
  THUNDERSTORM
  HEAVY RAIN
  LIGHT RAIN
  FOG


RELATIVE HUMIDITY (PERCENT)
 HIGHEST    94
 LOWEST     64
 AVERAGE    79

..........................................................


THE MARATHON CLIMATE NORMALS FOR TODAY
                         NORMAL
 MAXIMUM TEMPERATURE (F)   91
 MINIMUM TEMPERATURE (F)   79


SUNRISE AND SUNSET
AUGUST 27 2016........SUNRISE   704 AM EDT   SUNSET   747 PM EDT
AUGUST 28 2016........SUNRISE   704 AM EDT   SUNSET   746 PM EDT


-  INDICATES NEGATIVE NUMBERS.
R  INDICATES RECORD WAS SET OR TIED.
MM INDICATES DATA IS MISSING.
T  INDICATES TRACE AMOUNT.




$$
