000
CDUS42 KKEY 270558 RRA
CLIMTH

CLIMATE REPORT NATIONAL WEATHER SERVICE KEY WEST, FL

1256 AM EST TUE JAN 27 2015


...................................

...THE MARATHON CLIMATE SUMMARY FOR JANUARY 26 2015...

CLIMATE NORMAL PERIOD 1981 TO 2010


WEATHER ITEM   OBSERVED TIME   NORMAL DEPARTURE LAST
                VALUE   (LST)  VALUE  FROM      YEAR
                                      NORMAL
......................................................
TEMPERATURE (F)
 YESTERDAY
  MAXIMUM         77   1229 PM  76      1       80
  MINIMUM         61    154 AM  65     -4       63
  AVERAGE         69            70     -1       72

PRECIPITATION (IN)
  YESTERDAY        T             0.06  -0.06     0.00
  MONTH TO DATE    0.20          1.30  -1.10     0.78
  SINCE DEC 1      1.74          3.32  -1.58     3.55
  SINCE JAN 1      0.20          1.30  -1.10     0.78

SNOWFALL (IN)
  YESTERDAY        0.0
  MONTH TO DATE    0.0
  SINCE DEC 1      0.0
  SINCE JUL 1      0.0
  SNOW DEPTH       0

DEGREE DAYS
 HEATING
  YESTERDAY        0             1     -1        0
  MONTH TO DATE    2            35    -33       33
  SINCE DEC 1     17            55    -38       33
  SINCE JUL 1     23            56    -33       34

 COOLING
  YESTERDAY        4             6     -2        7
  MONTH TO DATE  225           156     69      142
  SINCE DEC 1    464           384     80      502
  SINCE JAN 1    225           156     69      142
......................................................


WIND (MPH)
  HIGHEST WIND SPEED    21   HIGHEST WIND DIRECTION     W (290)
  HIGHEST GUST SPEED    30   HIGHEST GUST DIRECTION     W (280)
  AVERAGE WIND SPEED    11.0


SKY COVER
  POSSIBLE SUNSHINE  MM
  AVERAGE SKY COVER 0.3


WEATHER CONDITIONS
 THE FOLLOWING WEATHER WAS RECORDED YESTERDAY.
  LIGHT RAIN


RELATIVE HUMIDITY (PERCENT)
 HIGHEST    78
 LOWEST     55
 AVERAGE    67

..........................................................


THE MARATHON CLIMATE NORMALS FOR TODAY
                         NORMAL
 MAXIMUM TEMPERATURE (F)   76
 MINIMUM TEMPERATURE (F)   65


SUNRISE AND SUNSET
JANUARY 27 2015.......SUNRISE   708 AM EST   SUNSET   606 PM EST
JANUARY 28 2015.......SUNRISE   708 AM EST   SUNSET   607 PM EST


-  INDICATES NEGATIVE NUMBERS.
R  INDICATES RECORD WAS SET OR TIED.
MM INDICATES DATA IS MISSING.
T  INDICATES TRACE AMOUNT.




$$
