000
CDUS43 KILX 250642
CLIMTO


CLIMATE REPORT
NATIONAL WEATHER SERVICE LINCOLN IL
140 AM CDT SAT MAR 25 2017


...................................

...THE MATTOON IL AIRPORT CLIMATE SUMMARY FOR MARCH 24 2017...

CLIMATE NORMAL PERIOD 1981 TO 2010
CLIMATE RECORD PERIOD 9999 TO 9999


WEATHER ITEM   OBSERVED TIME   RECORD YEAR NORMAL DEPARTURE LAST
                VALUE   (LST)  VALUE       VALUE  FROM      YEAR
                                                  NORMAL
..................................................................
TEMPERATURE (F)
 YESTERDAY
  MAXIMUM         72    320 PM  MM      MM  56     16       63
  MINIMUM         49   1228 AM  MM      MM  35     14       34
  AVERAGE         61                        45     16       49

PRECIPITATION (IN)
  YESTERDAY        0.00         MM      MM   0.10  -0.10     0.38
  MONTH TO DATE    0.87                      1.82  -0.95     2.34
  SINCE MAR 1      0.87                      1.82  -0.95     2.34
  SINCE JAN 1      2.70                      5.80  -3.10     3.07

DEGREE DAYS
 HEATING
  YESTERDAY        4                        20    -16       16
  MONTH TO DATE  568                       571     -3      398
  SINCE MAR 1    568                       571     -3      398
  SINCE JUL 1   3949                      4775   -826     3920

 COOLING
  YESTERDAY        0                         0      0        0
  MONTH TO DATE    0                         0      0        0
  SINCE MAR 1      0                         0      0        0
  SINCE JAN 1      0                         0      0        0
..................................................................


WIND (MPH)
  HIGHEST WIND SPEED    26   HIGHEST WIND DIRECTION     S (200)
  HIGHEST GUST SPEED    38   HIGHEST GUST DIRECTION     S (200)
  AVERAGE WIND SPEED    14.4


SKY COVER
  POSSIBLE SUNSHINE  MM
  AVERAGE SKY COVER 0.2


WEATHER CONDITIONS
 THE FOLLOWING WEATHER WAS RECORDED YESTERDAY.
  NO SIGNIFICANT WEATHER WAS OBSERVED.


RELATIVE HUMIDITY (PERCENT)
 HIGHEST    77          1200 AM
 LOWEST     57           300 PM
 AVERAGE    67

..........................................................


THE MATTOON IL AIRPORT CLIMATE NORMALS FOR TODAY
                         NORMAL    RECORD    YEAR
 MAXIMUM TEMPERATURE (F)   56        MM        MM
 MINIMUM TEMPERATURE (F)   36        MM        MM


SUNRISE AND SUNSET
MARCH 25 2017.........SUNRISE   648 AM CDT   SUNSET   710 PM CDT
MARCH 26 2017.........SUNRISE   647 AM CDT   SUNSET   711 PM CDT


-  INDICATES NEGATIVE NUMBERS.
R  INDICATES RECORD WAS SET OR TIED.
MM INDICATES DATA IS MISSING.
T  INDICATES TRACE AMOUNT.




$$
