000
CDUS43 KILX 160638
CLIMTO


CLIMATE REPORT
NATIONAL WEATHER SERVICE LINCOLN IL
136 AM CDT WED AUG 16 2017


...................................

...THE MATTOON IL AIRPORT CLIMATE SUMMARY FOR AUGUST 15 2017...

CLIMATE NORMAL PERIOD 1981 TO 2010
CLIMATE RECORD PERIOD 9999 TO 9999


WEATHER ITEM   OBSERVED TIME   RECORD YEAR NORMAL DEPARTURE LAST
                VALUE   (LST)  VALUE       VALUE  FROM      YEAR
                                                  NORMAL
..................................................................
TEMPERATURE (F)
 YESTERDAY
  MAXIMUM         88    358 PM  MM      MM  85      3       77
  MINIMUM         67    337 AM  MM      MM  63      4       68
  AVERAGE         78                        74      4       73

PRECIPITATION (IN)
  YESTERDAY        0.00         MM      MM   0.10  -0.10     2.67
  MONTH TO DATE    1.35                      1.43  -0.08     3.07
  SINCE JUN 1      8.96                      9.92  -0.96    10.29
  SINCE JAN 1     25.34                     24.27   1.07    22.03

DEGREE DAYS
 HEATING
  YESTERDAY        0                         0      0        0
  MONTH TO DATE    1                         0      1        0
  SINCE JUN 1      2                        18    -16        5
  SINCE JUL 1      1                         1      0        5

 COOLING
  YESTERDAY       13                         9      4        8
  MONTH TO DATE   81                       147    -66      179
  SINCE JUN 1    715                       700     15      825
  SINCE JAN 1    821                       788     33      900
..................................................................


WIND (MPH)
  HIGHEST WIND SPEED    10   HIGHEST WIND DIRECTION    SW (210)
  HIGHEST GUST SPEED    14   HIGHEST GUST DIRECTION    SW (210)
  AVERAGE WIND SPEED     4.2


SKY COVER
  POSSIBLE SUNSHINE  MM
  AVERAGE SKY COVER 0.2


WEATHER CONDITIONS
 THE FOLLOWING WEATHER WAS RECORDED YESTERDAY.
  FOG


RELATIVE HUMIDITY (PERCENT)
 HIGHEST   100           100 AM
 LOWEST     50           400 PM
 AVERAGE    75

..........................................................


THE MATTOON IL AIRPORT CLIMATE NORMALS FOR TODAY
                         NORMAL    RECORD    YEAR
 MAXIMUM TEMPERATURE (F)   85        MM        MM
 MINIMUM TEMPERATURE (F)   63        MM        MM


SUNRISE AND SUNSET
AUGUST 16 2017........SUNRISE   607 AM CDT   SUNSET   747 PM CDT
AUGUST 17 2017........SUNRISE   608 AM CDT   SUNSET   746 PM CDT


-  INDICATES NEGATIVE NUMBERS.
R  INDICATES RECORD WAS SET OR TIED.
MM INDICATES DATA IS MISSING.
T  INDICATES TRACE AMOUNT.




$$
