000
CDUS43 KILX 270656
CLIMTO


CLIMATE REPORT
NATIONAL WEATHER SERVICE LINCOLN IL
1247 AM CST TUE JAN 27 2015


...................................

...THE MATTOON IL AIRPORT CLIMATE SUMMARY FOR JANUARY 26 2015...

CLIMATE NORMAL PERIOD 1981 TO 2010
CLIMATE RECORD PERIOD 9999 TO 9999


WEATHER ITEM   OBSERVED TIME   RECORD YEAR NORMAL DEPARTURE LAST
                VALUE   (LST)  VALUE       VALUE  FROM      YEAR
                                                  NORMAL
..................................................................
TEMPERATURE (F)
 YESTERDAY
  MAXIMUM         29   1159 PM  MM      MM  35     -6       48
  MINIMUM         25   1018 AM  MM      MM  20      5       14
  AVERAGE         27                        27      0       31

PRECIPITATION (IN)
  YESTERDAY        T            MM      MM   0.06  -0.06      T
  MONTH TO DATE    0.52                      1.92  -1.40     0.28
  SINCE DEC 1      1.60                      4.69  -3.09     1.87
  SINCE JAN 1      0.52                      1.92  -1.40     0.28

DEGREE DAYS
 HEATING
  YESTERDAY       38                        38      0       34
  MONTH TO DATE  996                       985     11     1125
  SINCE DEC 1   1957                      2029    -72     2249
  SINCE JUL 1   3253                      3088    165     3366

 COOLING
  YESTERDAY        0                         0      0        0
  MONTH TO DATE    0                         0      0        0
  SINCE DEC 1      0                         0      0        0
  SINCE JAN 1      0                         0      0        0
..................................................................


WIND (MPH)
  HIGHEST WIND SPEED    20   HIGHEST WIND DIRECTION     N (360)
  HIGHEST GUST SPEED    24   HIGHEST GUST DIRECTION     N (20)
  AVERAGE WIND SPEED     8.6


SKY COVER
  POSSIBLE SUNSHINE  MM
  AVERAGE SKY COVER 1.0


WEATHER CONDITIONS
 THE FOLLOWING WEATHER WAS RECORDED YESTERDAY.
  LIGHT SNOW
  FOG


RELATIVE HUMIDITY (PERCENT)
 HIGHEST    92           700 PM
 LOWEST     69           100 PM
 AVERAGE    81

..........................................................


THE MATTOON IL AIRPORT CLIMATE NORMALS FOR TODAY
                         NORMAL    RECORD    YEAR
 MAXIMUM TEMPERATURE (F)   35        MM        MM
 MINIMUM TEMPERATURE (F)   20        MM        MM


SUNRISE AND SUNSET
JANUARY 27 2015.......SUNRISE   705 AM CST   SUNSET   507 PM CST
JANUARY 28 2015.......SUNRISE   704 AM CST   SUNSET   508 PM CST


-  INDICATES NEGATIVE NUMBERS.
R  INDICATES RECORD WAS SET OR TIED.
MM INDICATES DATA IS MISSING.
T  INDICATES TRACE AMOUNT.




$$
