000
CDUS43 KILX 222200
CLIMTO


CLIMATE REPORT
NATIONAL WEATHER SERVICE LINCOLN IL
459 PM CDT THU JUN 22 2017


...................................

...THE MATTOON IL AIRPORT CLIMATE SUMMARY FOR JUNE 22 2017...
VALID TODAY AS OF 0400 PM LOCAL TIME.

CLIMATE NORMAL PERIOD 1981 TO 2010
CLIMATE RECORD PERIOD 9999 TO 9999


WEATHER ITEM   OBSERVED TIME   RECORD YEAR NORMAL DEPARTURE LAST
                VALUE   (LST)  VALUE       VALUE  FROM      YEAR
                                                  NORMAL
..................................................................
TEMPERATURE (F)
 TODAY
  MAXIMUM         83   1146 AM  MM      MM  84     -1       90
  MINIMUM         71    400 AM  MM      MM  64      7       68
  AVERAGE         77                        74      3       79

PRECIPITATION (IN)
  TODAY            T            MM      MM   0.12  -0.12     0.02
  MONTH TO DATE    2.13                      3.16  -1.03     1.52
  SINCE JUN 1      2.13                      3.16  -1.03     1.52
  SINCE JAN 1     18.51                     17.51   1.00    13.26

DEGREE DAYS
 HEATING
  TODAY            0                         0      0        0
  MONTH TO DATE    0                        14    -14        0
  SINCE JUN 1      0                        14    -14        0
  SINCE JUL 1   4405                      5404   -999     4534

 COOLING
  TODAY           12                         9      3       14
  MONTH TO DATE  217                       145     72      229
  SINCE JUN 1    217                       145     72      229
  SINCE JAN 1    323                       233     90      304
..................................................................


WIND (MPH)
  HIGHEST WIND SPEED    20   HIGHEST WIND DIRECTION     S (160)
  HIGHEST GUST SPEED    27   HIGHEST GUST DIRECTION     S (170)
  AVERAGE WIND SPEED     9.7


SKY COVER
  POSSIBLE SUNSHINE  MM
  AVERAGE SKY COVER 0.5


WEATHER CONDITIONS
 THE FOLLOWING WEATHER WAS RECORDED TODAY.
  NO SIGNIFICANT WEATHER WAS OBSERVED.


RELATIVE HUMIDITY (PERCENT)
 HIGHEST    94           300 PM
 LOWEST     69          1200 PM
 AVERAGE    82

..........................................................


THE MATTOON IL AIRPORT CLIMATE NORMALS FOR TOMORROW
                         NORMAL    RECORD    YEAR
 MAXIMUM TEMPERATURE (F)   84        MM        MM
 MINIMUM TEMPERATURE (F)   64        MM        MM


SUNRISE AND SUNSET
JUNE 22 2017..........SUNRISE   526 AM CDT   SUNSET   824 PM CDT
JUNE 23 2017..........SUNRISE   527 AM CDT   SUNSET   824 PM CDT


-  INDICATES NEGATIVE NUMBERS.
R  INDICATES RECORD WAS SET OR TIED.
MM INDICATES DATA IS MISSING.
T  INDICATES TRACE AMOUNT.




$$
