000
CDUS41 KBTV 260601
CLIMVL


CLIMATE REPORT
NATIONAL WEATHER SERVICE BURLINGTON VT
142 AM EDT FRI MAY 26 2017


...................................

...THE MORRISVILLE VT CLIMATE SUMMARY FOR MAY 25 2017...

CLIMATE NORMAL PERIOD 1981 TO 2010
CLIMATE RECORD PERIOD 9999 TO 9999


WEATHER ITEM   OBSERVED TIME   NORMAL DEPARTURE LAST
                VALUE   (LST)  VALUE  FROM      YEAR
                                      NORMAL
......................................................
TEMPERATURE (F)
 YESTERDAY
  MAXIMUM         63    135 PM  69     -6       81
  MINIMUM         46    443 AM  44      2       49
  AVERAGE         55            57     -2       65

PRECIPITATION (IN)
  YESTERDAY        0.16          0.12   0.04     0.00
  MONTH TO DATE    3.61          2.49   1.12     0.84
  SINCE MAR 1      8.35          6.56   1.79     3.66
  SINCE JAN 1     11.42         10.84   0.58     6.81

DEGREE DAYS
 HEATING
  YESTERDAY       10             9      1        0
  MONTH TO DATE  368           304     64      351
  SINCE MAR 1   2258          2124    134     2128
  SINCE JUL 1   7481          8084   -603     6701

 COOLING
  YESTERDAY        0             0      0        0
  MONTH TO DATE    9             0      9        0
  SINCE MAR 1      9             1      8        0
  SINCE JAN 1      9             1      8        0
......................................................


WIND (MPH)
  HIGHEST WIND SPEED    15   HIGHEST WIND DIRECTION    SE (150)
  HIGHEST GUST SPEED    23   HIGHEST GUST DIRECTION    SE (140)
  AVERAGE WIND SPEED     2.6


SKY COVER
  AVERAGE SKY COVER 0.6


WEATHER CONDITIONS
 THE FOLLOWING WEATHER WAS RECORDED YESTERDAY.
  RAIN
  LIGHT RAIN
  FOG


RELATIVE HUMIDITY (PERCENT)
 HIGHEST   100           200 AM
 LOWEST     56          1000 AM
 AVERAGE    78

..........................................................


THE MORRISVILLE VT CLIMATE NORMALS FOR TODAY
                         NORMAL    RECORD    YEAR
 MAXIMUM TEMPERATURE (F)   70        89      2010
 MINIMUM TEMPERATURE (F)   44        29      2009


SUNRISE AND SUNSET
MAY 26 2017...........SUNRISE   512 AM EDT   SUNSET   823 PM EDT
MAY 27 2017...........SUNRISE   512 AM EDT   SUNSET   824 PM EDT


-  INDICATES NEGATIVE NUMBERS.
R  INDICATES RECORD WAS SET OR TIED.
MM INDICATES DATA IS MISSING.
T  INDICATES TRACE AMOUNT.




$$
