000
CDUS41 KBTV 260541
CLIMVL


CLIMATE REPORT
NATIONAL WEATHER SERVICE BURLINGTON VT
137 AM EDT WED JUL 26 2017


...................................

...THE MORRISVILLE VT CLIMATE SUMMARY FOR JULY 25 2017...

CLIMATE NORMAL PERIOD 1981 TO 2010
CLIMATE RECORD PERIOD 9999 TO 9999


WEATHER ITEM   OBSERVED TIME   NORMAL DEPARTURE LAST
                VALUE   (LST)  VALUE  FROM      YEAR
                                      NORMAL
......................................................
TEMPERATURE (F)
 YESTERDAY
  MAXIMUM         68    336 PM  80    -12       82
  MINIMUM         52    254 AM  56     -4       54
  AVERAGE         60            68     -8       68

PRECIPITATION (IN)
  YESTERDAY        0.01          0.11  -0.10      T
  MONTH TO DATE    3.37          3.41  -0.04     3.14
  SINCE JUN 1     10.69          7.39   3.30     5.03
  SINCE JAN 1     23.44         19.01   4.43    12.08

DEGREE DAYS
 HEATING
  YESTERDAY        5             1      4        0
  MONTH TO DATE   37            26     11       31
  SINCE JUN 1    188           149     39      162
  SINCE JUL 1     37            26     11       31

 COOLING
  YESTERDAY        0             4     -4        3
  MONTH TO DATE   49            93    -44       86
  SINCE JUN 1     96           141    -45      119
  SINCE JAN 1    105           149    -44      148
......................................................


WIND (MPH)
  HIGHEST WIND SPEED     7   HIGHEST WIND DIRECTION     S (200)
  HIGHEST GUST SPEED     9   HIGHEST GUST DIRECTION     S (200)
  AVERAGE WIND SPEED     1.3


SKY COVER
  AVERAGE SKY COVER 0.9


WEATHER CONDITIONS
 THE FOLLOWING WEATHER WAS RECORDED YESTERDAY.
  LIGHT RAIN
  FOG


RELATIVE HUMIDITY (PERCENT)
 HIGHEST   100           300 AM
 LOWEST     59           300 PM
 AVERAGE    80

..........................................................


THE MORRISVILLE VT CLIMATE NORMALS FOR TODAY
                         NORMAL    RECORD    YEAR
 MAXIMUM TEMPERATURE (F)   80        90      1989
 MINIMUM TEMPERATURE (F)   56        43      2001


SUNRISE AND SUNSET
JULY 26 2017..........SUNRISE   531 AM EDT   SUNSET   822 PM EDT
JULY 27 2017..........SUNRISE   532 AM EDT   SUNSET   821 PM EDT


-  INDICATES NEGATIVE NUMBERS.
R  INDICATES RECORD WAS SET OR TIED.
MM INDICATES DATA IS MISSING.
T  INDICATES TRACE AMOUNT.




$$
