000
CDUS41 KBTV 280543
CLIMVL


CLIMATE REPORT
NATIONAL WEATHER SERVICE BURLINGTON VT
137 AM EDT TUE MAR 28 2017


...................................

...THE MORRISVILLE VT CLIMATE SUMMARY FOR MARCH 27 2017...

CLIMATE NORMAL PERIOD 1981 TO 2010
CLIMATE RECORD PERIOD 9999 TO 9999


WEATHER ITEM   OBSERVED TIME   NORMAL DEPARTURE LAST
                VALUE   (LST)  VALUE  FROM      YEAR
                                      NORMAL
......................................................
TEMPERATURE (F)
 YESTERDAY
  MAXIMUM         37    521 PM  44     -7       59
  MINIMUM         32    544 AM  22     10       22
  AVERAGE         35            33      2       41

PRECIPITATION (IN)
  YESTERDAY        0.29          0.06   0.23     0.00
  MONTH TO DATE    0.93          1.41  -0.48     0.87
  SINCE MAR 1      0.93          1.41  -0.48     0.87
  SINCE JAN 1      4.00          5.69  -1.69     4.02

DEGREE DAYS
 HEATING
  YESTERDAY       30            32     -2       24
  MONTH TO DATE 1191          1002    189      860
  SINCE MAR 1   1191          1002    189      860
  SINCE JUL 1   6414          6962   -548     5433

 COOLING
  YESTERDAY        0             0      0        0
  MONTH TO DATE    0             0      0        0
  SINCE MAR 1      0             0      0        0
  SINCE JAN 1      0             0      0        0
......................................................


WIND (MPH)
  HIGHEST WIND SPEED    12   HIGHEST WIND DIRECTION     S (200)
  HIGHEST GUST SPEED    17   HIGHEST GUST DIRECTION    SW (210)
  AVERAGE WIND SPEED     4.9


SKY COVER
  AVERAGE SKY COVER 1.0


WEATHER CONDITIONS
 THE FOLLOWING WEATHER WAS RECORDED YESTERDAY.
  RAIN
  LIGHT RAIN
  FOG


RELATIVE HUMIDITY (PERCENT)
 HIGHEST   100           800 AM
 LOWEST     75          1200 AM
 AVERAGE    88

..........................................................


THE MORRISVILLE VT CLIMATE NORMALS FOR TODAY
                         NORMAL    RECORD    YEAR
 MAXIMUM TEMPERATURE (F)   44        73      1998
 MINIMUM TEMPERATURE (F)   23        11      2015


SUNRISE AND SUNSET
MARCH 28 2017.........SUNRISE   638 AM EDT   SUNSET   713 PM EDT
MARCH 29 2017.........SUNRISE   637 AM EDT   SUNSET   714 PM EDT


-  INDICATES NEGATIVE NUMBERS.
R  INDICATES RECORD WAS SET OR TIED.
MM INDICATES DATA IS MISSING.
T  INDICATES TRACE AMOUNT.




$$
