000
CDUS41 KBTV 280534
CLIMVL


CLIMATE REPORT
NATIONAL WEATHER SERVICE BURLINGTON VT
133 AM EDT THU AUG 28 2014


...................................

...THE MORRISVILLE VT CLIMATE SUMMARY FOR AUGUST 27 2014...

CLIMATE NORMAL PERIOD 1981 TO 2010
CLIMATE RECORD PERIOD 9999 TO 9999


WEATHER ITEM   OBSERVED TIME   NORMAL DEPARTURE LAST
                VALUE   (LST)  VALUE  FROM      YEAR
                                      NORMAL
......................................................
TEMPERATURE (F)
 YESTERDAY
  MAXIMUM         82    139 PM  76      6       82
  MINIMUM         59   1159 PM  52      7       64
  AVERAGE         71            64      7       73

PRECIPITATION (IN)
  YESTERDAY        T             0.10  -0.10     0.01
  MONTH TO DATE    2.48          3.60  -1.12     2.40
  SINCE JUN 1     12.53         11.71   0.82    17.62
  SINCE JAN 1     26.13         23.33   2.80    29.63

DEGREE DAYS
 HEATING
  YESTERDAY        0             3     -3        0
  MONTH TO DATE   36            53    -17       56
  SINCE JUN 1    137           206    -69      199
  SINCE JUL 1     65            83    -18       69

 COOLING
  YESTERDAY        6             2      4        8
  MONTH TO DATE   54            70    -16       51
  SINCE JUN 1    203           230    -27      313
  SINCE JAN 1    208           238    -30      333
......................................................


WIND (MPH)
  HIGHEST WIND SPEED    13   HIGHEST WIND DIRECTION    NW (320)
  HIGHEST GUST SPEED    19   HIGHEST GUST DIRECTION    NW (310)
  AVERAGE WIND SPEED     3.7


SKY COVER
  AVERAGE SKY COVER 0.4


WEATHER CONDITIONS
 THE FOLLOWING WEATHER WAS RECORDED YESTERDAY.
  LIGHT RAIN


RELATIVE HUMIDITY (PERCENT)
 HIGHEST    90           200 AM
 LOWEST     51          1200 PM
 AVERAGE    71

..........................................................


THE MORRISVILLE VT CLIMATE NORMALS FOR TODAY
                         NORMAL    RECORD    YEAR
 MAXIMUM TEMPERATURE (F)   76        MM        MM
 MINIMUM TEMPERATURE (F)   52        MM        MM


SUNRISE AND SUNSET
AUGUST 28 2014........SUNRISE   608 AM EDT   SUNSET   734 PM EDT
AUGUST 29 2014........SUNRISE   609 AM EDT   SUNSET   732 PM EDT


-  INDICATES NEGATIVE NUMBERS.
R  INDICATES RECORD WAS SET OR TIED.
MM INDICATES DATA IS MISSING.
T  INDICATES TRACE AMOUNT.




$$
