000
CDUS41 KBTV 280539
CLIMVL


CLIMATE REPORT
NATIONAL WEATHER SERVICE BURLINGTON VT
137 AM EDT TUE JUL 28 2015


...................................

...THE MORRISVILLE VT CLIMATE SUMMARY FOR JULY 27 2015...

CLIMATE NORMAL PERIOD 1981 TO 2010
CLIMATE RECORD PERIOD 9999 TO 9999


WEATHER ITEM   OBSERVED TIME   NORMAL DEPARTURE LAST
                VALUE   (LST)  VALUE  FROM      YEAR
                                      NORMAL
......................................................
TEMPERATURE (F)
 YESTERDAY
  MAXIMUM         87    255 PM  80      7       78
  MINIMUM         64    443 AM  56      8       57
  AVERAGE         76            68      8       68

PRECIPITATION (IN)
  YESTERDAY        T             0.12  -0.12     0.57
  MONTH TO DATE    2.30          3.64  -1.34     5.31
  SINCE JUN 1      9.21          7.62   1.59     9.20
  SINCE JAN 1     14.46         19.24  -4.78    22.80

DEGREE DAYS
 HEATING
  YESTERDAY        0             1     -1        0
  MONTH TO DATE   23            28     -5       16
  SINCE JUN 1    128           151    -23       88
  SINCE JUL 1     23            28     -5       16

 COOLING
  YESTERDAY       11             4      7        3
  MONTH TO DATE  118           101     17      109
  SINCE JUN 1    158           149      9      149
  SINCE JAN 1    211           157     54      154
......................................................


WIND (MPH)
  HIGHEST WIND SPEED     8   HIGHEST WIND DIRECTION     N (360)
  HIGHEST GUST SPEED    12   HIGHEST GUST DIRECTION     N (10)
  AVERAGE WIND SPEED     1.2


SKY COVER
  AVERAGE SKY COVER 0.5


WEATHER CONDITIONS
 THE FOLLOWING WEATHER WAS RECORDED YESTERDAY.
  LIGHT RAIN
  FOG
  FOG W/VISIBILITY <= 1/4 MILE


RELATIVE HUMIDITY (PERCENT)
 HIGHEST    93          1200 AM
 LOWEST     46           300 PM
 AVERAGE    70

..........................................................


THE MORRISVILLE VT CLIMATE NORMALS FOR TODAY
                         NORMAL    RECORD    YEAR
 MAXIMUM TEMPERATURE (F)   80        90      1989
 MINIMUM TEMPERATURE (F)   56        37      2001


SUNRISE AND SUNSET
JULY 28 2015..........SUNRISE   532 AM EDT   SUNSET   821 PM EDT
JULY 29 2015..........SUNRISE   534 AM EDT   SUNSET   820 PM EDT


-  INDICATES NEGATIVE NUMBERS.
R  INDICATES RECORD WAS SET OR TIED.
MM INDICATES DATA IS MISSING.
T  INDICATES TRACE AMOUNT.




$$
