000
CDUS41 KBTV 250539
CLIMVL


CLIMATE REPORT
NATIONAL WEATHER SERVICE BURLINGTON VT
134 AM EDT MON MAY 25 2015


...................................

...THE MORRISVILLE VT CLIMATE SUMMARY FOR MAY 24 2015...

CLIMATE NORMAL PERIOD 1981 TO 2010
CLIMATE RECORD PERIOD 9999 TO 9999


WEATHER ITEM   OBSERVED TIME   NORMAL DEPARTURE LAST
                VALUE   (LST)  VALUE  FROM      YEAR
                                      NORMAL
......................................................
TEMPERATURE (F)
 YESTERDAY
  MAXIMUM         80    355 PM  69     11       67
  MINIMUM         48   1235 AM  44      4       50
  AVERAGE         64            56      8       59

PRECIPITATION (IN)
  YESTERDAY        T             0.12  -0.12     0.21
  MONTH TO DATE    1.46          2.37  -0.91     2.84
  SINCE MAR 1      2.96          6.44  -3.48     8.29
  SINCE JAN 1      4.08         10.72  -6.64    12.89

DEGREE DAYS
 HEATING
  YESTERDAY        1             9     -8        6
  MONTH TO DATE  171           295   -124      247
  SINCE MAR 1   2187          2115     72     2406
  SINCE JUL 1   7869          8075   -206     8460

 COOLING
  YESTERDAY        0             0      0        0
  MONTH TO DATE   18             0     18        5
  SINCE MAR 1     18             1     17        5
  SINCE JAN 1     18             1     17        5
......................................................


WIND (MPH)
  HIGHEST WIND SPEED    17   HIGHEST WIND DIRECTION    SW (230)
  HIGHEST GUST SPEED    34   HIGHEST GUST DIRECTION    SW (220)
  AVERAGE WIND SPEED     7.7


SKY COVER
  AVERAGE SKY COVER 0.3


WEATHER CONDITIONS
 THE FOLLOWING WEATHER WAS RECORDED YESTERDAY.
  LIGHT RAIN


RELATIVE HUMIDITY (PERCENT)
 HIGHEST    42          1200 AM
 LOWEST     21           400 PM
 AVERAGE    32

..........................................................


THE MORRISVILLE VT CLIMATE NORMALS FOR TODAY
                         NORMAL    RECORD    YEAR
 MAXIMUM TEMPERATURE (F)   69        88      2010
 MINIMUM TEMPERATURE (F)   44        29      2002


SUNRISE AND SUNSET
MAY 25 2015...........SUNRISE   514 AM EDT   SUNSET   822 PM EDT
MAY 26 2015...........SUNRISE   513 AM EDT   SUNSET   823 PM EDT


-  INDICATES NEGATIVE NUMBERS.
R  INDICATES RECORD WAS SET OR TIED.
MM INDICATES DATA IS MISSING.
T  INDICATES TRACE AMOUNT.




$$
