000
CDUS41 KBTV 270534
CLIMVL


CLIMATE REPORT
NATIONAL WEATHER SERVICE BURLINGTON VT
132 AM EDT WED JUL 27 2016


...................................

...THE MORRISVILLE VT CLIMATE SUMMARY FOR JULY 26 2016...

CLIMATE NORMAL PERIOD 1981 TO 2010
CLIMATE RECORD PERIOD 9999 TO 9999


WEATHER ITEM   OBSERVED TIME   NORMAL DEPARTURE LAST
                VALUE   (LST)  VALUE  FROM      YEAR
                                      NORMAL
......................................................
TEMPERATURE (F)
 YESTERDAY
  MAXIMUM         80   1030 AM  80      0       82
  MINIMUM         58   1159 PM  56      2       65
  AVERAGE         69            68      1       74

PRECIPITATION (IN)
  YESTERDAY        0.00          0.11  -0.11      T
  MONTH TO DATE    3.14          3.52  -0.38     2.30
  SINCE JUN 1      5.03          7.50  -2.47     9.21
  SINCE JAN 1     12.08         19.12  -7.04    14.46

DEGREE DAYS
 HEATING
  YESTERDAY        0             1     -1        0
  MONTH TO DATE   31            27      4       23
  SINCE JUN 1    162           150     12      128
  SINCE JUL 1     31            27      4       23

 COOLING
  YESTERDAY        4             4      0        9
  MONTH TO DATE   90            97     -7      107
  SINCE JUN 1    123           145    -22      147
  SINCE JAN 1    152           153     -1      200
......................................................


WIND (MPH)
  HIGHEST WIND SPEED    13   HIGHEST WIND DIRECTION     N (350)
  HIGHEST GUST SPEED    22   HIGHEST GUST DIRECTION    NW (300)
  AVERAGE WIND SPEED     3.6


SKY COVER
  AVERAGE SKY COVER 0.5


WEATHER CONDITIONS
 THE FOLLOWING WEATHER WAS RECORDED YESTERDAY.
  NO SIGNIFICANT WEATHER WAS OBSERVED.


RELATIVE HUMIDITY (PERCENT)
 HIGHEST    93           900 PM
 LOWEST     52           300 PM
 AVERAGE    73

..........................................................


THE MORRISVILLE VT CLIMATE NORMALS FOR TODAY
                         NORMAL    RECORD    YEAR
 MAXIMUM TEMPERATURE (F)   80        94      1989
 MINIMUM TEMPERATURE (F)   56        40      2001


SUNRISE AND SUNSET
JULY 27 2016..........SUNRISE   532 AM EDT   SUNSET   821 PM EDT
JULY 28 2016..........SUNRISE   533 AM EDT   SUNSET   820 PM EDT


-  INDICATES NEGATIVE NUMBERS.
R  INDICATES RECORD WAS SET OR TIED.
MM INDICATES DATA IS MISSING.
T  INDICATES TRACE AMOUNT.




$$
