000
CDUS41 KBTV 250541
CLIMVL


CLIMATE REPORT
NATIONAL WEATHER SERVICE BURLINGTON VT
1240 AM EST SUN FEB 25 2018


...................................

...THE MORRISVILLE VT CLIMATE SUMMARY FOR FEBRUARY 24 2018...

CLIMATE NORMAL PERIOD 1981 TO 2010
CLIMATE RECORD PERIOD 9999 TO 9999


WEATHER ITEM   OBSERVED TIME   NORMAL DEPARTURE LAST
                VALUE   (LST)  VALUE  FROM      YEAR
                                      NORMAL
......................................................
TEMPERATURE (F)
 YESTERDAY
  MAXIMUM         41    340 AM  33      8       48
  MINIMUM         23   1159 PM  10     13       27
  AVERAGE         32            21     11       38

PRECIPITATION (IN)
  YESTERDAY        T             0.07  -0.07     0.04
  MONTH TO DATE    1.68          1.50   0.18     0.50
  SINCE DEC 1      5.80          6.68  -0.88     5.64
  SINCE JAN 1      4.95          4.04   0.91     2.43

DEGREE DAYS
 HEATING
  YESTERDAY       33            44    -11       27
  MONTH TO DATE 1009          1126   -117     1003
  SINCE DEC 1   3846          3960   -114     3515
  SINCE JUL 1   5487          5788   -301     5106

 COOLING
  YESTERDAY        0             0      0        0
  MONTH TO DATE    0             0      0        0
  SINCE DEC 1      0             0      0        0
  SINCE JAN 1      0             0      0        0
......................................................


WIND (MPH)
  HIGHEST WIND SPEED    17   HIGHEST WIND DIRECTION     N (340)
  HIGHEST GUST SPEED    25   HIGHEST GUST DIRECTION     N (350)
  AVERAGE WIND SPEED     4.6


SKY COVER
  AVERAGE SKY COVER 0.7


WEATHER CONDITIONS
 THE FOLLOWING WEATHER WAS RECORDED YESTERDAY.
  LIGHT RAIN
  FOG


RELATIVE HUMIDITY (PERCENT)
 HIGHEST   100          1200 AM
 LOWEST     64           200 PM
 AVERAGE    82

..........................................................


THE MORRISVILLE VT CLIMATE NORMALS FOR TODAY
                         NORMAL    RECORD    YEAR
 MAXIMUM TEMPERATURE (F)   33        61      2017
 MINIMUM TEMPERATURE (F)   10       -12      2003


SUNRISE AND SUNSET
FEBRUARY 25 2018......SUNRISE   635 AM EST   SUNSET   533 PM EST
FEBRUARY 26 2018......SUNRISE   633 AM EST   SUNSET   534 PM EST


-  INDICATES NEGATIVE NUMBERS.
R  INDICATES RECORD WAS SET OR TIED.
MM INDICATES DATA IS MISSING.
T  INDICATES TRACE AMOUNT.




$$
