000
CDUS41 KBTV 170627
CLIMVL


CLIMATE REPORT
NATIONAL WEATHER SERVICE BURLINGTON VT
126 AM EST TUE JAN 17 2017


...................................

...THE MORRISVILLE VT CLIMATE SUMMARY FOR JANUARY 16 2017...

CLIMATE NORMAL PERIOD 1981 TO 2010
CLIMATE RECORD PERIOD 9999 TO 9999


WEATHER ITEM   OBSERVED TIME   NORMAL DEPARTURE LAST
                VALUE   (LST)  VALUE  FROM      YEAR
                                      NORMAL
......................................................
TEMPERATURE (F)
 YESTERDAY
  MAXIMUM         40    315 PM  26     14       36
  MINIMUM          5    703 AM   5      0       30
  AVERAGE         23            15      8       33

PRECIPITATION (IN)
  YESTERDAY        0.00          0.08  -0.08      T
  MONTH TO DATE    0.64          1.42  -0.78     0.69
  SINCE DEC 1      3.85          4.06  -0.21     2.63
  SINCE JAN 1      0.64          1.42  -0.78     0.69

DEGREE DAYS
 HEATING
  YESTERDAY       42            50     -8       32
  MONTH TO DATE  705           778    -73      691
  SINCE DEC 1   1975          2088   -113     1538
  SINCE JUL 1   3566          3916   -350     2953

 COOLING
  YESTERDAY        0             0      0        0
  MONTH TO DATE    0             0      0        0
  SINCE DEC 1      0             0      0        0
  SINCE JAN 1      0             0      0        0
......................................................


WIND (MPH)
  HIGHEST WIND SPEED    14   HIGHEST WIND DIRECTION    SW (220)
  HIGHEST GUST SPEED    19   HIGHEST GUST DIRECTION     S (200)
  AVERAGE WIND SPEED     3.5


SKY COVER
  AVERAGE SKY COVER 0.1


WEATHER CONDITIONS
 THE FOLLOWING WEATHER WAS RECORDED YESTERDAY.
  HAZE


RELATIVE HUMIDITY (PERCENT)
 HIGHEST    88           300 AM
 LOWEST     33           300 PM
 AVERAGE    61

..........................................................


THE MORRISVILLE VT CLIMATE NORMALS FOR TODAY
                         NORMAL    RECORD    YEAR
 MAXIMUM TEMPERATURE (F)   26        42      1999
 MINIMUM TEMPERATURE (F)    5       -18      2009


SUNRISE AND SUNSET
JANUARY 17 2017.......SUNRISE   722 AM EST   SUNSET   439 PM EST
JANUARY 18 2017.......SUNRISE   722 AM EST   SUNSET   441 PM EST


-  INDICATES NEGATIVE NUMBERS.
R  INDICATES RECORD WAS SET OR TIED.
MM INDICATES DATA IS MISSING.
T  INDICATES TRACE AMOUNT.




$$
