000
CDUS46 KOTX 250829
CLIMWH


CLIMATE REPORT
NATIONAL WEATHER SERVICE SPOKANE, WA
129 AM PDT MON SEP 25 2017


...................................

...THE MOSES LAKE WA AIRPORT CLIMATE SUMMARY FOR SEPTEMBER 24 2017...

CLIMATE NORMAL PERIOD 1981 TO 2010
CLIMATE RECORD PERIOD 9999 TO 9999


WEATHER ITEM   OBSERVED TIME   RECORD YEAR NORMAL DEPARTURE LAST
                VALUE   (LST)  VALUE       VALUE  FROM      YEAR
                                                  NORMAL
..................................................................
TEMPERATURE (F)
 YESTERDAY
  MAXIMUM         73    240 PM  MM      MM  74     -1       72
  MINIMUM         42    536 AM  MM      MM  44     -2       35
  AVERAGE         58                        59     -1       54

PRECIPITATION (IN)
  YESTERDAY        0.00         MM      MM   0.02  -0.02     0.00
  MONTH TO DATE    0.12                      0.26  -0.14     0.12
  SINCE OCT 1      9.71                      8.98   0.73     9.03
  SINCE JAN 1      5.82                      5.69   0.13     5.77

SNOWFALL (IN)
  YESTERDAY       MM

DEGREE DAYS
 HEATING
  YESTERDAY        7                         7      0       11
  MONTH TO DATE   96                        82     14      103
  SINCE SEP 1     96                        82     14      103
  SINCE JUL 1     96                       102     -6      105

 COOLING
  YESTERDAY        0                         0      0        0
  MONTH TO DATE   90                        44     46        3
  SINCE SEP 1     90                        44     46        3
  SINCE JAN 1    885                       614    271      626
..................................................................


WIND (MPH)
  HIGHEST WIND SPEED    12   HIGHEST WIND DIRECTION     S (180)
  HIGHEST GUST SPEED    14   HIGHEST GUST DIRECTION     S (180)
  AVERAGE WIND SPEED     5.5


SKY COVER
  POSSIBLE SUNSHINE  MM
  AVERAGE SKY COVER 0.2


WEATHER CONDITIONS
 THE FOLLOWING WEATHER WAS RECORDED YESTERDAY.
  HAZE


RELATIVE HUMIDITY (PERCENT)
 HIGHEST    83           500 AM
 LOWEST     31           200 PM
 AVERAGE    57

..........................................................


THE MOSES LAKE WA AIRPORT CLIMATE NORMALS FOR TODAY
                         NORMAL    RECORD    YEAR
 MAXIMUM TEMPERATURE (F)   74        MM        MM
 MINIMUM TEMPERATURE (F)   43        MM        MM


SUNRISE AND SUNSET
SEPTEMBER 25 2017.....SUNRISE   648 AM PDT   SUNSET   648 PM PDT
SEPTEMBER 26 2017.....SUNRISE   650 AM PDT   SUNSET   646 PM PDT


-  INDICATES NEGATIVE NUMBERS.
R  INDICATES RECORD WAS SET OR TIED.
MM INDICATES DATA IS MISSING.
T  INDICATES TRACE AMOUNT.




$$
