008
CDUS46 KOTX 230823
CLIMWH


CLIMATE REPORT
NATIONAL WEATHER SERVICE SPOKANE, WA
122 AM PDT SAT JUL 23 2016


...................................

...THE MOSES LAKE WA AIRPORT CLIMATE SUMMARY FOR JULY 22 2016...

CLIMATE NORMAL PERIOD 1981 TO 2010
CLIMATE RECORD PERIOD 9999 TO 9999


WEATHER ITEM   OBSERVED TIME   RECORD YEAR NORMAL DEPARTURE LAST
                VALUE   (LST)  VALUE       VALUE  FROM      YEAR
                                                  NORMAL
..................................................................
TEMPERATURE (F)
 YESTERDAY
  MAXIMUM         83   1255 PM  MM      MM  91     -8       83
  MINIMUM         61   1155 PM  MM      MM  57      4       58
  AVERAGE         72                        74     -2       71

PRECIPITATION (IN)
  YESTERDAY        0.09         MM      MM   0.01   0.08     0.00
  MONTH TO DATE    0.56                      0.29   0.27     0.00
  SINCE OCT 1      8.91                      8.35   0.56     5.83
  SINCE JAN 1      5.65                      5.06   0.59     3.17

SNOWFALL (IN)
  YESTERDAY       MM

DEGREE DAYS
 HEATING
  YESTERDAY        0                         0      0        0
  MONTH TO DATE    2                         6     -4        0
  SINCE JUN 1     56                        61     -5        4
  SINCE JUL 1      2                         6     -4        0

 COOLING
  YESTERDAY        7                         9     -2        6
  MONTH TO DATE  105                       161    -56      326
  SINCE JUN 1    261                       246     15      629
  SINCE JAN 1    280                       271      9      700
..................................................................


WIND (MPH)
  HIGHEST WIND SPEED    23   HIGHEST WIND DIRECTION     W (260)
  HIGHEST GUST SPEED    34   HIGHEST GUST DIRECTION     W (270)
  AVERAGE WIND SPEED    10.1


SKY COVER
  POSSIBLE SUNSHINE  MM
  AVERAGE SKY COVER 0.4


WEATHER CONDITIONS
 THE FOLLOWING WEATHER WAS RECORDED YESTERDAY.
  THUNDERSTORM
  RAIN
  LIGHT RAIN


RELATIVE HUMIDITY (PERCENT)
 HIGHEST    68           300 AM
 LOWEST     28           600 PM
 AVERAGE    48

..........................................................


THE MOSES LAKE WA AIRPORT CLIMATE NORMALS FOR TODAY
                         NORMAL    RECORD    YEAR
 MAXIMUM TEMPERATURE (F)   91        MM        MM
 MINIMUM TEMPERATURE (F)   57        MM        MM


SUNRISE AND SUNSET
JULY 23 2016..........SUNRISE   526 AM PDT   SUNSET   841 PM PDT
JULY 24 2016..........SUNRISE   527 AM PDT   SUNSET   840 PM PDT


-  INDICATES NEGATIVE NUMBERS.
R  INDICATES RECORD WAS SET OR TIED.
MM INDICATES DATA IS MISSING.
T  INDICATES TRACE AMOUNT.




$$
