000
CDUS45 KBOI 200931
CLIMYL


CLIMATE REPORT
NATIONAL WEATHER SERVICE BOISE ID
331 AM MDT MON OCT 20 2014


...................................

...THE MCCALL ID CLIMATE SUMMARY FOR OCTOBER 19 2014...

CLIMATE NORMAL PERIOD 1981 TO 2010
CLIMATE RECORD PERIOD 1930 TO 2014


WEATHER ITEM   OBSERVED TIME   RECORD YEAR NORMAL DEPARTURE LAST
                VALUE   (LST)  VALUE       VALUE  FROM      YEAR
                                                  NORMAL
..................................................................
TEMPERATURE (F)
 YESTERDAY
  MAXIMUM         69    342 PM  75    2003  54     15       59
  MINIMUM         28    723 AM  14    1982  24      4       23
  AVERAGE         49                        39     10       41

PRECIPITATION (IN)
  YESTERDAY        0.00          1.03 1979   0.05  -0.05     0.00
  MONTH TO DATE    0.09                      0.70  -0.61     0.17
  SINCE OCT 1      0.09                      0.70  -0.61     0.17
  SINCE JAN 1     17.50                     14.62   2.88    15.78

DEGREE DAYS
 HEATING
  YESTERDAY       16                        26    -10       24
  MONTH TO DATE  307                       442   -135      475
  SINCE SEP 1    559                       879   -320      777
  SINCE JUL 1    675                      1207   -532      824

 COOLING
  YESTERDAY        0                         0      0        0
  MONTH TO DATE    0                         0      0        0
  SINCE SEP 1      0                         0      0        6
  SINCE JAN 1    185                        25    160      186
..................................................................


WIND (MPH)
  HIGHEST WIND SPEED    15   HIGHEST WIND DIRECTION     S (170)
  HIGHEST GUST SPEED    19   HIGHEST GUST DIRECTION     S (180)
  AVERAGE WIND SPEED     2.5


SKY COVER
  AVERAGE SKY COVER 0.0


WEATHER CONDITIONS
 THE FOLLOWING WEATHER WAS RECORDED YESTERDAY.
  NO SIGNIFICANT WEATHER WAS OBSERVED.


RELATIVE HUMIDITY (PERCENT)
 HIGHEST    92           400 AM
 LOWEST     22           300 PM
 AVERAGE    57

..........................................................


THE MCCALL ID CLIMATE NORMALS FOR TODAY
                         NORMAL    RECORD    YEAR
 MAXIMUM TEMPERATURE (F)   53        72      1974
 MINIMUM TEMPERATURE (F)   24        12      1987


SUNRISE AND SUNSET
OCTOBER 20 2014.......SUNRISE   807 AM MDT   SUNSET   651 PM MDT
OCTOBER 21 2014.......SUNRISE   808 AM MDT   SUNSET   649 PM MDT


-  INDICATES NEGATIVE NUMBERS.
R  INDICATES RECORD WAS SET OR TIED.
MM INDICATES DATA IS MISSING.
T  INDICATES TRACE AMOUNT.




$$
