000
CDUS45 KBOI 100932
CLIMYL


CLIMATE REPORT
NATIONAL WEATHER SERVICE BOISE ID
232 AM MST SUN DEC 10 2017


...................................

...THE MCCALL ID CLIMATE SUMMARY FOR DECEMBER 9 2017...

CLIMATE NORMAL PERIOD 1981 TO 2010
CLIMATE RECORD PERIOD 1930 TO 2017


WEATHER ITEM   OBSERVED TIME   RECORD YEAR NORMAL DEPARTURE LAST
                VALUE   (LST)  VALUE       VALUE  FROM      YEAR
                                                  NORMAL
..................................................................
TEMPERATURE (F)
 YESTERDAY
  MAXIMUM         22    419 PM  49    1990  28     -6       32
  MINIMUM          7   1159 PM -23    1972  11     -4       17
  AVERAGE         15                        19     -4       25

PRECIPITATION (IN)
  YESTERDAY        0.00          1.01 1929   0.05  -0.05     0.42
  MONTH TO DATE    0.42                      0.51  -0.09     1.02
  SINCE OCT 1      5.72                      4.63   1.09     5.75
  SINCE JAN 1     28.51                     18.55   9.96    21.46

DEGREE DAYS
 HEATING
  YESTERDAY       50                        46      4       40
  MONTH TO DATE  399                       403     -4      432
  SINCE DEC 1    399                       403     -4      432
  SINCE JUL 1   2525                      3041   -516     2469

 COOLING
  YESTERDAY        0                         0      0        0
  MONTH TO DATE    0                         0      0        0
  SINCE DEC 1      0                         0      0        0
  SINCE JAN 1    229                        25    204      108
..................................................................


WIND (MPH)
  HIGHEST WIND SPEED     5   HIGHEST WIND DIRECTION     S (180)
  HIGHEST GUST SPEED     5   HIGHEST GUST DIRECTION     S (170)
  AVERAGE WIND SPEED     0.1


SKY COVER
  AVERAGE SKY COVER 0.4


WEATHER CONDITIONS
 THE FOLLOWING WEATHER WAS RECORDED YESTERDAY.
  FOG
  FOG W/VISIBILITY <= 1/4 MILE


RELATIVE HUMIDITY (PERCENT)
 HIGHEST   100          1100 AM
 LOWEST     76          1200 AM
 AVERAGE    88

..........................................................


THE MCCALL ID CLIMATE NORMALS FOR TODAY
                         NORMAL    RECORD    YEAR
 MAXIMUM TEMPERATURE (F)   27        48      1981
 MINIMUM TEMPERATURE (F)   10       -17      1972


SUNRISE AND SUNSET
DECEMBER 10 2017......SUNRISE   811 AM MST   SUNSET   503 PM MST
DECEMBER 11 2017......SUNRISE   812 AM MST   SUNSET   503 PM MST


-  INDICATES NEGATIVE NUMBERS.
R  INDICATES RECORD WAS SET OR TIED.
MM INDICATES DATA IS MISSING.
T  INDICATES TRACE AMOUNT.




$$
