000
CDUS45 KBOI 180932
CLIMYL


CLIMATE REPORT
NATIONAL WEATHER SERVICE BOISE ID
231 AM MST WED JAN 18 2017


...................................

...THE MCCALL ID CLIMATE SUMMARY FOR JANUARY 17 2017...

CLIMATE NORMAL PERIOD 1981 TO 2010
CLIMATE RECORD PERIOD 1930 TO 2017


WEATHER ITEM   OBSERVED TIME   RECORD YEAR NORMAL DEPARTURE LAST
                VALUE   (LST)  VALUE       VALUE  FROM      YEAR
                                                  NORMAL
..................................................................
TEMPERATURE (F)
 YESTERDAY
  MAXIMUM         22    403 PM  44    1961  29     -7       33
  MINIMUM         -5    734 AM -30    1930  11    -16       20
  AVERAGE          9                        20    -11       27

PRECIPITATION (IN)
  YESTERDAY        0.00          1.63 1954   0.06  -0.06     0.33
  MONTH TO DATE    1.49                      0.99   0.50     1.44
  SINCE OCT 1      9.98                      7.17   2.81    12.01
  SINCE JAN 1      1.49                      0.99   0.50     1.44

DEGREE DAYS
 HEATING
  YESTERDAY       56                        45     11       38
  MONTH TO DATE  929                       774    155      763
  SINCE DEC 1   2492                      2210    282     2104
  SINCE JUL 1   4529                      4848   -319     4205

 COOLING
  YESTERDAY        0                         0      0        0
  MONTH TO DATE    0                         0      0        0
  SINCE DEC 1      0                         0      0        0
  SINCE JAN 1      0                         0      0        0
..................................................................


WIND (MPH)
  HIGHEST WIND SPEED     8   HIGHEST WIND DIRECTION     E (80)
  HIGHEST GUST SPEED     9   HIGHEST GUST DIRECTION     W (280)
  AVERAGE WIND SPEED     1.5


SKY COVER
  AVERAGE SKY COVER 0.3


WEATHER CONDITIONS
 THE FOLLOWING WEATHER WAS RECORDED YESTERDAY.
  FOG
  FOG W/VISIBILITY <= 1/4 MILE
  HAZE


RELATIVE HUMIDITY (PERCENT)
 HIGHEST    91          1100 AM
 LOWEST     71           400 PM
 AVERAGE    81

..........................................................


THE MCCALL ID CLIMATE NORMALS FOR TODAY
                         NORMAL    RECORD    YEAR
 MAXIMUM TEMPERATURE (F)   29        47      1998
 MINIMUM TEMPERATURE (F)   11       -35      1943


SUNRISE AND SUNSET
JANUARY 18 2017.......SUNRISE   817 AM MST   SUNSET   534 PM MST
JANUARY 19 2017.......SUNRISE   816 AM MST   SUNSET   535 PM MST


-  INDICATES NEGATIVE NUMBERS.
R  INDICATES RECORD WAS SET OR TIED.
MM INDICATES DATA IS MISSING.
T  INDICATES TRACE AMOUNT.




$$
