000
CDUS45 KBOI 210934
CLIMYL


CLIMATE REPORT
NATIONAL WEATHER SERVICE BOISE ID
233 AM MST TUE FEB 21 2017


...................................

...THE MCCALL ID CLIMATE SUMMARY FOR FEBRUARY 20 2017...

CLIMATE NORMAL PERIOD 1981 TO 2010
CLIMATE RECORD PERIOD 1930 TO 2017


WEATHER ITEM   OBSERVED TIME   RECORD YEAR NORMAL DEPARTURE LAST
                VALUE   (LST)  VALUE       VALUE  FROM      YEAR
                                                  NORMAL
..................................................................
TEMPERATURE (F)
 YESTERDAY
  MAXIMUM         43    249 PM  56    1995  34      9       34
  MINIMUM         31    312 AM -21    1937  11     20       18
  AVERAGE         37                        23     14       26

PRECIPITATION (IN)
  YESTERDAY        0.35          0.69 1992   0.06   0.29     0.00
  MONTH TO DATE    4.30                      1.26   3.04     1.78
  SINCE OCT 1     15.99                      9.17   6.82    15.23
  SINCE JAN 1      7.50                      2.99   4.51     4.66

DEGREE DAYS
 HEATING
  YESTERDAY       28                        42    -14       39
  MONTH TO DATE  691                       870   -179      754
  SINCE DEC 1   3834                      3706    128     3434
  SINCE JUL 1   5871                      6344   -473     5535

 COOLING
  YESTERDAY        0                         0      0        0
  MONTH TO DATE    0                         0      0        0
  SINCE DEC 1      0                         0      0        0
  SINCE JAN 1      0                         0      0        0
..................................................................


WIND (MPH)
  HIGHEST WIND SPEED    25   HIGHEST WIND DIRECTION     S (160)
  HIGHEST GUST SPEED    33   HIGHEST GUST DIRECTION     S (190)
  AVERAGE WIND SPEED    12.9


SKY COVER
  AVERAGE SKY COVER 0.9


WEATHER CONDITIONS
 THE FOLLOWING WEATHER WAS RECORDED YESTERDAY.
  LIGHT RAIN
  LIGHT SNOW
  FOG


RELATIVE HUMIDITY (PERCENT)
 HIGHEST    92          1200 AM
 LOWEST     67           300 PM
 AVERAGE    80

..........................................................


THE MCCALL ID CLIMATE NORMALS FOR TODAY
                         NORMAL    RECORD    YEAR
 MAXIMUM TEMPERATURE (F)   35        54      1995
 MINIMUM TEMPERATURE (F)   11       -17      1975


SUNRISE AND SUNSET
FEBRUARY 21 2017......SUNRISE   735 AM MST   SUNSET   621 PM MST
FEBRUARY 22 2017......SUNRISE   733 AM MST   SUNSET   623 PM MST


-  INDICATES NEGATIVE NUMBERS.
R  INDICATES RECORD WAS SET OR TIED.
MM INDICATES DATA IS MISSING.
T  INDICATES TRACE AMOUNT.




$$
