000
CDUS45 KBOI 160934
CLIMYL


CLIMATE REPORT
NATIONAL WEATHER SERVICE BOISE ID
334 AM MDT TUE SEP 16 2014


...................................

...THE MCCALL ID CLIMATE SUMMARY FOR SEPTEMBER 15 2014...

CLIMATE NORMAL PERIOD 1981 TO 2010
CLIMATE RECORD PERIOD 1930 TO 2014


WEATHER ITEM   OBSERVED TIME   RECORD YEAR NORMAL DEPARTURE LAST
                VALUE   (LST)  VALUE       VALUE  FROM      YEAR
                                                  NORMAL
..................................................................
TEMPERATURE (F)
 YESTERDAY
  MAXIMUM         82    415 PM  88    2000  68     14       79
  MINIMUM         38    643 AM  22    1989  34      4       50
  AVERAGE         60                        51      9       65

PRECIPITATION (IN)
  YESTERDAY        0.00          0.91 1959   0.02  -0.02     0.05
  MONTH TO DATE    0.00                      0.40  -0.40     0.44
  SINCE OCT 1     20.69                     19.62   1.07    25.50
  SINCE JAN 1     16.62                     13.44   3.18    12.01

DEGREE DAYS
 HEATING
  YESTERDAY        5                        14     -9        0
  MONTH TO DATE  154                       176    -22       35
  SINCE SEP 1    154                       176    -22       35
  SINCE JUL 1    270                       504   -234       82

 COOLING
  YESTERDAY        0                         0      0        0
  MONTH TO DATE    0                         0      0        6
  SINCE SEP 1      0                         0      0        6
  SINCE JAN 1    185                        25    160      186
..................................................................


WIND (MPH)
  HIGHEST WIND SPEED    18   HIGHEST WIND DIRECTION     S (180)
  HIGHEST GUST SPEED    24   HIGHEST GUST DIRECTION     S (180)
  AVERAGE WIND SPEED     3.1


SKY COVER
  AVERAGE SKY COVER 0.0


WEATHER CONDITIONS
 THE FOLLOWING WEATHER WAS RECORDED YESTERDAY.
  NO SIGNIFICANT WEATHER WAS OBSERVED.


RELATIVE HUMIDITY (PERCENT)
 HIGHEST    64           600 AM
 LOWEST     15           200 PM
 AVERAGE    40

..........................................................


THE MCCALL ID CLIMATE NORMALS FOR TODAY
                         NORMAL    RECORD    YEAR
 MAXIMUM TEMPERATURE (F)   67        88      2000
 MINIMUM TEMPERATURE (F)   33        20      1936


SUNRISE AND SUNSET
SEPTEMBER 16 2014.....SUNRISE   724 AM MDT   SUNSET   753 PM MDT
SEPTEMBER 17 2014.....SUNRISE   726 AM MDT   SUNSET   751 PM MDT


-  INDICATES NEGATIVE NUMBERS.
R  INDICATES RECORD WAS SET OR TIED.
MM INDICATES DATA IS MISSING.
T  INDICATES TRACE AMOUNT.




$$
