000
CDUS45 KBOI 310931
CLIMYL


CLIMATE REPORT
NATIONAL WEATHER SERVICE BOISE ID
231 AM MST SAT JAN 31 2015


...................................

...THE MCCALL ID CLIMATE SUMMARY FOR JANUARY 30 2015...

CLIMATE NORMAL PERIOD 1981 TO 2010
CLIMATE RECORD PERIOD 1930 TO 2015


WEATHER ITEM   OBSERVED TIME   RECORD YEAR NORMAL DEPARTURE LAST
                VALUE   (LST)  VALUE       VALUE  FROM      YEAR
                                                  NORMAL
..................................................................
TEMPERATURE (F)
 YESTERDAY
  MAXIMUM         39    354 PM  45    1935  30      9       34
  MINIMUM         13    249 AM -20    1979  11      2        8
  AVERAGE         26                        20      6       21

PRECIPITATION (IN)
  YESTERDAY        0.00          0.87 1939   0.06  -0.06     0.07
  MONTH TO DATE    1.78                      1.68   0.10     1.62
  SINCE OCT 1     10.54                      7.86   2.68     5.69
  SINCE JAN 1      1.78                      1.68   0.10     1.62

DEGREE DAYS
 HEATING
  YESTERDAY       39                        44     -5       44
  MONTH TO DATE 1206                      1357   -151     1296
  SINCE DEC 1   2374                      2793   -419     2752
  SINCE JUL 1   4438                      5431   -993     4842

 COOLING
  YESTERDAY        0                         0      0        0
  MONTH TO DATE    0                         0      0        0
  SINCE DEC 1      0                         0      0        0
  SINCE JAN 1      0                         0      0        0
..................................................................


WIND (MPH)
  HIGHEST WIND SPEED     7   HIGHEST WIND DIRECTION     S (170)
  HIGHEST GUST SPEED     8   HIGHEST GUST DIRECTION     N (20)
  AVERAGE WIND SPEED     1.6


SKY COVER
  AVERAGE SKY COVER 0.4


WEATHER CONDITIONS
 THE FOLLOWING WEATHER WAS RECORDED YESTERDAY.
  FOG
  FOG W/VISIBILITY <= 1/4 MILE
  HAZE


RELATIVE HUMIDITY (PERCENT)
 HIGHEST    92           400 AM
 LOWEST     54           400 PM
 AVERAGE    73

..........................................................


THE MCCALL ID CLIMATE NORMALS FOR TODAY
                         NORMAL    RECORD    YEAR
 MAXIMUM TEMPERATURE (F)   30        49      1992
 MINIMUM TEMPERATURE (F)   11       -29      1950


SUNRISE AND SUNSET
JANUARY 31 2015.......SUNRISE   805 AM MST   SUNSET   551 PM MST
FEBRUARY  1 2015......SUNRISE   804 AM MST   SUNSET   552 PM MST


-  INDICATES NEGATIVE NUMBERS.
R  INDICATES RECORD WAS SET OR TIED.
MM INDICATES DATA IS MISSING.
T  INDICATES TRACE AMOUNT.




$$
