000
CDUS45 KBOI 300932
CLIMYL


CLIMATE REPORT
NATIONAL WEATHER SERVICE BOISE ID
331 AM MDT WED JUL 30 2014


...................................

...THE MCCALL ID CLIMATE SUMMARY FOR JULY 29 2014...

CLIMATE NORMAL PERIOD 1981 TO 2010
CLIMATE RECORD PERIOD 1930 TO 2014


WEATHER ITEM   OBSERVED TIME   RECORD YEAR NORMAL DEPARTURE LAST
                VALUE   (LST)  VALUE       VALUE  FROM      YEAR
                                                  NORMAL
..................................................................
TEMPERATURE (F)
 YESTERDAY
  MAXIMUM         88    454 PM  95    1994  81      7       80
  MINIMUM         59    611 AM  35    1966  44     15       42
  AVERAGE         74                        62     12       61

PRECIPITATION (IN)
  YESTERDAY        0.11          0.52 1938   0.01   0.10     0.00
  MONTH TO DATE    0.23                      0.68  -0.45      T
  SINCE OCT 1     19.49                     18.50   0.99    24.74
  SINCE JAN 1     15.42                     12.32   3.10    11.25

DEGREE DAYS
 HEATING
  YESTERDAY        0                         3     -3        4
  MONTH TO DATE   18                       144   -126       17
  SINCE JUN 1    332                       511   -179      280
  SINCE JUL 1     18                       144   -126       17

 COOLING
  YESTERDAY        9                         1      8        0
  MONTH TO DATE  122                        14    108       97
  SINCE JUN 1    122                        15    107      119
  SINCE JAN 1    122                        15    107      119
..................................................................


WIND (MPH)
  HIGHEST WIND SPEED    18   HIGHEST WIND DIRECTION     N (20)
  HIGHEST GUST SPEED    26   HIGHEST GUST DIRECTION    NE (30)
  AVERAGE WIND SPEED     4.9


SKY COVER
  AVERAGE SKY COVER 0.1


WEATHER CONDITIONS
 THE FOLLOWING WEATHER WAS RECORDED YESTERDAY.
  LIGHT RAIN


RELATIVE HUMIDITY (PERCENT)
 HIGHEST    72           700 AM
 LOWEST     17           500 PM
 AVERAGE    45

..........................................................


THE MCCALL ID CLIMATE NORMALS FOR TODAY
                         NORMAL    RECORD    YEAR
 MAXIMUM TEMPERATURE (F)   81        94      2000
 MINIMUM TEMPERATURE (F)   44        33      1995


SUNRISE AND SUNSET
JULY 30 2014..........SUNRISE   628 AM MDT   SUNSET   913 PM MDT
JULY 31 2014..........SUNRISE   629 AM MDT   SUNSET   912 PM MDT


-  INDICATES NEGATIVE NUMBERS.
R  INDICATES RECORD WAS SET OR TIED.
MM INDICATES DATA IS MISSING.
T  INDICATES TRACE AMOUNT.




$$
