000
CDUS45 KBOI 260935
CLIMYL


CLIMATE REPORT
NATIONAL WEATHER SERVICE BOISE ID
334 AM MDT SUN MAR 26 2017


...................................

...THE MCCALL ID CLIMATE SUMMARY FOR MARCH 25 2017...

CLIMATE NORMAL PERIOD 1981 TO 2010
CLIMATE RECORD PERIOD 1930 TO 2017


WEATHER ITEM   OBSERVED TIME   RECORD YEAR NORMAL DEPARTURE LAST
                VALUE   (LST)  VALUE       VALUE  FROM      YEAR
                                                  NORMAL
..................................................................
TEMPERATURE (F)
 YESTERDAY
  MAXIMUM         41    228 PM  60    1992  42     -1       33
  MINIMUM         27   1150 PM   3    1965  21      6       20
  AVERAGE         34                        31      3       27

PRECIPITATION (IN)
  YESTERDAY        T             1.00 1948   0.08  -0.08     0.15
  MONTH TO DATE    4.44                      1.68   2.76     4.68
  SINCE OCT 1     21.55                     11.33  10.22    19.97
  SINCE JAN 1     13.06                      5.15   7.91     9.40

DEGREE DAYS
 HEATING
  YESTERDAY       31                        34     -3       38
  MONTH TO DATE  779                       918   -139      806
  SINCE MAR 1    779                       918   -139      806
  SINCE JUL 1   6982                      7593   -611     6675

 COOLING
  YESTERDAY        0                         0      0        0
  MONTH TO DATE    0                         0      0        0
  SINCE MAR 1      0                         0      0        0
  SINCE JAN 1      0                         0      0        0
..................................................................


WIND (MPH)
  HIGHEST WIND SPEED    15   HIGHEST WIND DIRECTION     S (170)
  HIGHEST GUST SPEED    17   HIGHEST GUST DIRECTION     S (180)
  AVERAGE WIND SPEED     3.6


SKY COVER
  AVERAGE SKY COVER 0.6


WEATHER CONDITIONS
 THE FOLLOWING WEATHER WAS RECORDED YESTERDAY.
  LIGHT RAIN
  FOG
  FOG W/VISIBILITY <= 1/4 MILE


RELATIVE HUMIDITY (PERCENT)
 HIGHEST    92           400 AM
 LOWEST     51           200 PM
 AVERAGE    72

..........................................................


THE MCCALL ID CLIMATE NORMALS FOR TODAY
                         NORMAL    RECORD    YEAR
 MAXIMUM TEMPERATURE (F)   42        60      1992
 MINIMUM TEMPERATURE (F)   21        -4      1955


SUNRISE AND SUNSET
MARCH 26 2017.........SUNRISE   736 AM MDT   SUNSET   805 PM MDT
MARCH 27 2017.........SUNRISE   734 AM MDT   SUNSET   806 PM MDT


-  INDICATES NEGATIVE NUMBERS.
R  INDICATES RECORD WAS SET OR TIED.
MM INDICATES DATA IS MISSING.
T  INDICATES TRACE AMOUNT.




$$
