000
CDUS45 KBOI 300933
CLIMYL


CLIMATE REPORT
NATIONAL WEATHER SERVICE BOISE ID
332 AM MDT SAT AUG 30 2014


...................................

...THE MCCALL ID CLIMATE SUMMARY FOR AUGUST 29 2014...

CLIMATE NORMAL PERIOD 1981 TO 2010
CLIMATE RECORD PERIOD 1930 TO 2014


WEATHER ITEM   OBSERVED TIME   RECORD YEAR NORMAL DEPARTURE LAST
                VALUE   (LST)  VALUE       VALUE  FROM      YEAR
                                                  NORMAL
..................................................................
TEMPERATURE (F)
 YESTERDAY
  MAXIMUM         82    353 PM  90    1972  74      8       83
  MINIMUM         46    631 AM  28    1975  39      7       50
  AVERAGE         64                        56      8       67

PRECIPITATION (IN)
  YESTERDAY        T             0.63 1934   0.03  -0.03      T
  MONTH TO DATE    1.16                      0.63   0.53     0.32
  SINCE OCT 1     20.65                     19.17   1.48    25.06
  SINCE JAN 1     16.58                     12.99   3.59    11.57

DEGREE DAYS
 HEATING
  YESTERDAY        1                         9     -8        0
  MONTH TO DATE   80                       161    -81       28
  SINCE JUN 1    412                       678   -266      308
  SINCE JUL 1     98                       311   -213       45

 COOLING
  YESTERDAY        0                         0      0        2
  MONTH TO DATE   54                         7     47       57
  SINCE JUN 1    185                        23    162      180
  SINCE JAN 1    185                        23    162      180
..................................................................


WIND (MPH)
  HIGHEST WIND SPEED    21   HIGHEST WIND DIRECTION     S (160)
  HIGHEST GUST SPEED    25   HIGHEST GUST DIRECTION    SE (150)
  AVERAGE WIND SPEED     5.1


SKY COVER
  AVERAGE SKY COVER 0.1


WEATHER CONDITIONS
 THE FOLLOWING WEATHER WAS RECORDED YESTERDAY.
  LIGHT RAIN


RELATIVE HUMIDITY (PERCENT)
 HIGHEST    76           600 AM
 LOWEST     15           100 PM
 AVERAGE    46

..........................................................


THE MCCALL ID CLIMATE NORMALS FOR TODAY
                         NORMAL    RECORD    YEAR
 MAXIMUM TEMPERATURE (F)   74        90      1955
 MINIMUM TEMPERATURE (F)   39        25      1956


SUNRISE AND SUNSET
AUGUST 30 2014........SUNRISE   704 AM MDT   SUNSET   825 PM MDT
AUGUST 31 2014........SUNRISE   705 AM MDT   SUNSET   823 PM MDT


-  INDICATES NEGATIVE NUMBERS.
R  INDICATES RECORD WAS SET OR TIED.
MM INDICATES DATA IS MISSING.
T  INDICATES TRACE AMOUNT.




$$
