000
CDUS45 KBOI 280934
CLIMYL


CLIMATE REPORT
NATIONAL WEATHER SERVICE BOISE ID
334 AM MDT TUE JUL 28 2015


...................................

...THE MCCALL ID CLIMATE SUMMARY FOR JULY 27 2015...

CLIMATE NORMAL PERIOD 1981 TO 2010
CLIMATE RECORD PERIOD 1930 TO 2015


WEATHER ITEM   OBSERVED TIME   RECORD YEAR NORMAL DEPARTURE LAST
                VALUE   (LST)  VALUE       VALUE  FROM      YEAR
                                                  NORMAL
..................................................................
TEMPERATURE (F)
 YESTERDAY
  MAXIMUM         63    247 PM  96    1934  81    -18       91
  MINIMUM         45   1159 PM  34    1986  44      1       46
  AVERAGE         54                        62     -8       69

PRECIPITATION (IN)
  YESTERDAY        T             0.19 1948   0.02  -0.02     0.00
  MONTH TO DATE    2.25                      0.65   1.60     0.12
  SINCE OCT 1     20.59                     18.47   2.12    19.38
  SINCE JAN 1     11.83                     12.29  -0.46    15.31

DEGREE DAYS
 HEATING
  YESTERDAY       11                         3      8        0
  MONTH TO DATE   54                       138    -84       18
  SINCE JUN 1    163                       505   -342      332
  SINCE JUL 1     54                       138    -84       18

 COOLING
  YESTERDAY        0                         1     -1        4
  MONTH TO DATE   43                        12     31      107
  SINCE JUN 1    109                        13     96      107
  SINCE JAN 1    109                        13     96      107
..................................................................


WIND (MPH)
  HIGHEST WIND SPEED    20   HIGHEST WIND DIRECTION     N (340)
  HIGHEST GUST SPEED    28   HIGHEST GUST DIRECTION     N (340)
  AVERAGE WIND SPEED     6.9


SKY COVER
  AVERAGE SKY COVER 0.7


WEATHER CONDITIONS
 THE FOLLOWING WEATHER WAS RECORDED YESTERDAY.
  THUNDERSTORM
  LIGHT RAIN


RELATIVE HUMIDITY (PERCENT)
 HIGHEST    89           100 AM
 LOWEST     32           300 PM
 AVERAGE    61

..........................................................


THE MCCALL ID CLIMATE NORMALS FOR TODAY
                         NORMAL    RECORD    YEAR
 MAXIMUM TEMPERATURE (F)   81        97      1934
 MINIMUM TEMPERATURE (F)   44        32      1986


SUNRISE AND SUNSET
JULY 28 2015..........SUNRISE   625 AM MDT   SUNSET   916 PM MDT
JULY 29 2015..........SUNRISE   627 AM MDT   SUNSET   915 PM MDT


-  INDICATES NEGATIVE NUMBERS.
R  INDICATES RECORD WAS SET OR TIED.
MM INDICATES DATA IS MISSING.
T  INDICATES TRACE AMOUNT.




$$
