000
CDUS45 KBOI 230932
CLIMYL


CLIMATE REPORT
NATIONAL WEATHER SERVICE BOISE ID
331 AM MDT WED AUG 23 2017


...................................

...THE MCCALL ID CLIMATE SUMMARY FOR AUGUST 22 2017...

CLIMATE NORMAL PERIOD 1981 TO 2010
CLIMATE RECORD PERIOD 1930 TO 2017


WEATHER ITEM   OBSERVED TIME   RECORD YEAR NORMAL DEPARTURE LAST
                VALUE   (LST)  VALUE       VALUE  FROM      YEAR
                                                  NORMAL
..................................................................
TEMPERATURE (F)
 YESTERDAY
  MAXIMUM         87    445 PM  94    1969  77     10       76
  MINIMUM         45    625 AM  23    1988  40      5       44
  AVERAGE         66                        58      8       60

PRECIPITATION (IN)
  YESTERDAY        0.00          0.74 2004   0.02  -0.02     0.00
  MONTH TO DATE    0.07                      0.46  -0.39      T
  SINCE OCT 1     29.84                     19.00  10.84    25.23
  SINCE JAN 1     21.35                     12.82   8.53    14.66

DEGREE DAYS
 HEATING
  YESTERDAY        0                         7     -7        5
  MONTH TO DATE   27                       107    -80       48
  SINCE JUN 1    266                       624   -358      388
  SINCE JUL 1     30                       257   -227      162

 COOLING
  YESTERDAY        1                         0      1        0
  MONTH TO DATE   43                         7     36       33
  SINCE JUN 1    173                        23    150      105
  SINCE JAN 1    173                        23    150      105
..................................................................


WIND (MPH)
  HIGHEST WIND SPEED    10   HIGHEST WIND DIRECTION    SW (210)
  HIGHEST GUST SPEED    13   HIGHEST GUST DIRECTION     S (180)
  AVERAGE WIND SPEED     3.0


SKY COVER
  AVERAGE SKY COVER 0.0


WEATHER CONDITIONS
 THE FOLLOWING WEATHER WAS RECORDED YESTERDAY.
  NO SIGNIFICANT WEATHER WAS OBSERVED.


RELATIVE HUMIDITY (PERCENT)
 HIGHEST    65           500 AM
 LOWEST     18           200 PM
 AVERAGE    42

..........................................................


THE MCCALL ID CLIMATE NORMALS FOR TODAY
                         NORMAL    RECORD    YEAR
 MAXIMUM TEMPERATURE (F)   76        95      1969
 MINIMUM TEMPERATURE (F)   40        29      1988
                                             1971


SUNRISE AND SUNSET
AUGUST 23 2017........SUNRISE   656 AM MDT   SUNSET   837 PM MDT
AUGUST 24 2017........SUNRISE   657 AM MDT   SUNSET   835 PM MDT


-  INDICATES NEGATIVE NUMBERS.
R  INDICATES RECORD WAS SET OR TIED.
MM INDICATES DATA IS MISSING.
T  INDICATES TRACE AMOUNT.




$$
