738
CDUS45 KBOI 240931
CLIMYL


CLIMATE REPORT
NATIONAL WEATHER SERVICE BOISE ID
331 AM MDT WED MAY 24 2017


...................................

...THE MCCALL ID CLIMATE SUMMARY FOR MAY 23 2017...

CLIMATE NORMAL PERIOD 1981 TO 2010
CLIMATE RECORD PERIOD 1930 TO 2017


WEATHER ITEM   OBSERVED TIME   RECORD YEAR NORMAL DEPARTURE LAST
                VALUE   (LST)  VALUE       VALUE  FROM      YEAR
                                                  NORMAL
..................................................................
TEMPERATURE (F)
 YESTERDAY
  MAXIMUM         75    442 PM  82    2001  61     14       52
  MINIMUM         39    547 AM  20    1944  35      4       35
  AVERAGE         57                        48      9       44

PRECIPITATION (IN)
  YESTERDAY        0.00          1.01 1942   0.07  -0.07      T
  MONTH TO DATE    1.65                      1.61   0.04     1.29
  SINCE OCT 1     27.92                     15.38  12.54    23.00
  SINCE JAN 1     19.43                      9.20  10.23    12.43

DEGREE DAYS
 HEATING
  YESTERDAY        8                        17     -9       21
  MONTH TO DATE  416                       462    -46      351
  SINCE MAR 1   2184                      2422   -238     1945
  SINCE JUL 1   8387                      9097   -710     7814

 COOLING
  YESTERDAY        0                         0      0        0
  MONTH TO DATE    0                         0      0        0
  SINCE MAR 1      0                         0      0        0
  SINCE JAN 1      0                         0      0        0
..................................................................


WIND (MPH)
  HIGHEST WIND SPEED    15   HIGHEST WIND DIRECTION     S (170)
  HIGHEST GUST SPEED    26   HIGHEST GUST DIRECTION     W (250)
  AVERAGE WIND SPEED     3.8


SKY COVER
  AVERAGE SKY COVER 0.0


WEATHER CONDITIONS
 THE FOLLOWING WEATHER WAS RECORDED YESTERDAY.
  NO SIGNIFICANT WEATHER WAS OBSERVED.


RELATIVE HUMIDITY (PERCENT)
 HIGHEST    79           400 AM
 LOWEST     25           400 PM
 AVERAGE    52

..........................................................


THE MCCALL ID CLIMATE NORMALS FOR TODAY
                         NORMAL    RECORD    YEAR
 MAXIMUM TEMPERATURE (F)   61        84      2001
 MINIMUM TEMPERATURE (F)   35        24      2002
                                             1989


SUNRISE AND SUNSET
MAY 24 2017...........SUNRISE   607 AM MDT   SUNSET   916 PM MDT
MAY 25 2017...........SUNRISE   606 AM MDT   SUNSET   917 PM MDT


-  INDICATES NEGATIVE NUMBERS.
R  INDICATES RECORD WAS SET OR TIED.
MM INDICATES DATA IS MISSING.
T  INDICATES TRACE AMOUNT.




$$
