008
CDUS45 KBOI 230936
CLIMYL


CLIMATE REPORT
NATIONAL WEATHER SERVICE BOISE ID
336 AM MDT SUN APR 23 2017


...................................

...THE MCCALL ID CLIMATE SUMMARY FOR APRIL 22 2017...

CLIMATE NORMAL PERIOD 1981 TO 2010
CLIMATE RECORD PERIOD 1930 TO 2017


WEATHER ITEM   OBSERVED TIME   RECORD YEAR NORMAL DEPARTURE LAST
                VALUE   (LST)  VALUE       VALUE  FROM      YEAR
                                                  NORMAL
..................................................................
TEMPERATURE (F)
 YESTERDAY
  MAXIMUM         57    319 PM  77    2012  51      6       65
  MINIMUM         27    343 AM  12    2011  27      0       43
  AVERAGE         42                        39      3       54

PRECIPITATION (IN)
  YESTERDAY        T             0.72 1990   0.07  -0.07      T
  MONTH TO DATE    2.52                      1.43   1.09     0.97
  SINCE OCT 1     25.19                     13.28  11.91    21.02
  SINCE JAN 1     16.70                      7.10   9.60    10.45

DEGREE DAYS
 HEATING
  YESTERDAY       23                        26     -3       11
  MONTH TO DATE  603                       647    -44      431
  SINCE MAR 1   1559                      1761   -202     1424
  SINCE JUL 1   7762                      8436   -674     7293

 COOLING
  YESTERDAY        0                         0      0        0
  MONTH TO DATE    0                         0      0        0
  SINCE MAR 1      0                         0      0        0
  SINCE JAN 1      0                         0      0        0
..................................................................


WIND (MPH)
  HIGHEST WIND SPEED    23   HIGHEST WIND DIRECTION     S (170)
  HIGHEST GUST SPEED    31   HIGHEST GUST DIRECTION     S (160)
  AVERAGE WIND SPEED     5.8


SKY COVER
  AVERAGE SKY COVER 0.2


WEATHER CONDITIONS
 THE FOLLOWING WEATHER WAS RECORDED YESTERDAY.
  LIGHT RAIN


RELATIVE HUMIDITY (PERCENT)
 HIGHEST    78          1200 AM
 LOWEST     27           300 PM
 AVERAGE    53

..........................................................


THE MCCALL ID CLIMATE NORMALS FOR TODAY
                         NORMAL    RECORD    YEAR
 MAXIMUM TEMPERATURE (F)   51        78      2012
                                             1977
 MINIMUM TEMPERATURE (F)   27        16      2011


SUNRISE AND SUNSET
APRIL 23 2017.........SUNRISE   646 AM MDT   SUNSET   840 PM MDT
APRIL 24 2017.........SUNRISE   644 AM MDT   SUNSET   841 PM MDT


-  INDICATES NEGATIVE NUMBERS.
R  INDICATES RECORD WAS SET OR TIED.
MM INDICATES DATA IS MISSING.
T  INDICATES TRACE AMOUNT.




$$
