000
CDUS45 KBOI 170931
CLIMYL


CLIMATE REPORT
NATIONAL WEATHER SERVICE BOISE ID
231 AM MST SAT FEB 17 2018


...................................

...THE MCCALL ID CLIMATE SUMMARY FOR FEBRUARY 16 2018...

CLIMATE NORMAL PERIOD 1981 TO 2010
CLIMATE RECORD PERIOD 1930 TO 2018


WEATHER ITEM   OBSERVED TIME   RECORD YEAR NORMAL DEPARTURE LAST
                VALUE   (LST)  VALUE       VALUE  FROM      YEAR
                                                  NORMAL
..................................................................
TEMPERATURE (F)
 YESTERDAY
  MAXIMUM         26   1152 PM  58    1924  33     -7       44
  MINIMUM         19    230 AM -25    1956  11      8       33
  AVERAGE         23                        22      1       39

PRECIPITATION (IN)
  YESTERDAY        0.05          1.02 1976   0.05   0.00     0.35
  MONTH TO DATE    0.81                      1.03  -0.22     3.04
  SINCE OCT 1     11.03                      8.94   2.09    14.73
  SINCE JAN 1      4.18                      2.76   1.42     6.24

DEGREE DAYS
 HEATING
  YESTERDAY       42                        43     -1       26
  MONTH TO DATE  585                       700   -115      569
  SINCE DEC 1   3111                      3536   -425     3712
  SINCE JUL 1   5237                      6174   -937     5749

 COOLING
  YESTERDAY        0                         0      0        0
  MONTH TO DATE    0                         0      0        0
  SINCE DEC 1      0                         0      0        0
  SINCE JAN 1      0                         0      0        0
..................................................................


WIND (MPH)
  HIGHEST WIND SPEED    16   HIGHEST WIND DIRECTION     S (170)
  HIGHEST GUST SPEED    20   HIGHEST GUST DIRECTION     S (160)
  AVERAGE WIND SPEED     4.6


SKY COVER
  AVERAGE SKY COVER 1.0


WEATHER CONDITIONS
 THE FOLLOWING WEATHER WAS RECORDED YESTERDAY.
  SNOW
  LIGHT SNOW
  FOG
  HAZE


RELATIVE HUMIDITY (PERCENT)
 HIGHEST   100          1100 AM
 LOWEST     75           300 PM
 AVERAGE    88

..........................................................


THE MCCALL ID CLIMATE NORMALS FOR TODAY
                         NORMAL    RECORD    YEAR
 MAXIMUM TEMPERATURE (F)   34        53      1996
 MINIMUM TEMPERATURE (F)   11       -20      1942


SUNRISE AND SUNSET
FEBRUARY 17 2018......SUNRISE   742 AM MST   SUNSET   616 PM MST
FEBRUARY 18 2018......SUNRISE   740 AM MST   SUNSET   617 PM MST


-  INDICATES NEGATIVE NUMBERS.
R  INDICATES RECORD WAS SET OR TIED.
MM INDICATES DATA IS MISSING.
T  INDICATES TRACE AMOUNT.




$$
