000
CDUS44 KLIX 232222
CLINEW


CLIMATE REPORT
NATIONAL WEATHER SERVICE NEW ORLEANS
421 PM CST SUN NOV 23 2014


...................................

...THE NEW ORLEANS CLIMATE SUMMARY FOR NOVEMBER 23 2014...
VALID TODAY AS OF 0400 PM LOCAL TIME.

CLIMATE NORMAL PERIOD 1981 TO 2010
CLIMATE RECORD PERIOD 1946 TO 2014


WEATHER ITEM   OBSERVED TIME   RECORD YEAR NORMAL DEPARTURE LAST
                VALUE   (LST)  VALUE       VALUE  FROM      YEAR
                                                  NORMAL
..................................................................
TEMPERATURE (F)
 TODAY
  MAXIMUM         76    259 PM  85    1973  70      6       66
  MINIMUM         62    350 AM  29    1976  52     10       51
  AVERAGE         69                        61      8       59

PRECIPITATION (IN)
  TODAY            0.38          1.65 1948   0.15   0.23      T
  MONTH TO DATE    2.14                      3.38  -1.24     0.59
  SINCE SEP 1      7.82                     11.89  -4.07    11.56
  SINCE JAN 1     50.78                     56.10  -5.32    61.87

SNOWFALL (IN)
  TODAY            0.0
  MONTH TO DATE    0.0
  SINCE SEP 1      0.0
  SINCE JUL 1      0.0
  SNOW DEPTH       0

DEGREE DAYS
 HEATING
  TODAY            0                         6     -6        6
  MONTH TO DATE  179                        91     88       72
  SINCE SEP 1    181                       116     65       77
  SINCE JUL 1    181                       116     65       77

 COOLING
  TODAY            4                         2      2        0
  MONTH TO DATE   29                        60    -31       51
  SINCE SEP 1    780                       723     57      823
  SINCE JAN 1   2964                      2969     -5     2959
..................................................................


WIND (MPH)
  HIGHEST WIND SPEED    24   HIGHEST WIND DIRECTION    SW (220)
  HIGHEST GUST SPEED    33   HIGHEST GUST DIRECTION    SW (230)
  AVERAGE WIND SPEED    15.0


SKY COVER
  POSSIBLE SUNSHINE  MM
  AVERAGE SKY COVER 0.8


WEATHER CONDITIONS
 THE FOLLOWING WEATHER WAS RECORDED TODAY.
  THUNDERSTORM
  LIGHT RAIN
  FOG


RELATIVE HUMIDITY (PERCENT)
 HIGHEST    93          1200 AM
 LOWEST     54           300 PM
 AVERAGE    74

..........................................................


THE NEW ORLEANS CLIMATE NORMALS FOR TOMORROW
                         NORMAL    RECORD    YEAR
 MAXIMUM TEMPERATURE (F)   69        83      1973
 MINIMUM TEMPERATURE (F)   51        25      1970


SUNRISE AND SUNSET
NOVEMBER 23 2014......SUNRISE   633 AM CST   SUNSET   502 PM CST
NOVEMBER 24 2014......SUNRISE   634 AM CST   SUNSET   502 PM CST


-  INDICATES NEGATIVE NUMBERS.
R  INDICATES RECORD WAS SET OR TIED.
MM INDICATES DATA IS MISSING.
T  INDICATES TRACE AMOUNT.




$$
