000
CDUS44 KLIX 200703
CLINEW


CLIMATE REPORT
NATIONAL WEATHER SERVICE NEW ORLEANS
203 AM CDT SUN APR 20 2014


...................................

...THE NEW ORLEANS CLIMATE SUMMARY FOR APRIL 19 2014...

CLIMATE NORMAL PERIOD 1981 TO 2010
CLIMATE RECORD PERIOD 1946 TO 2014


WEATHER ITEM   OBSERVED TIME   RECORD YEAR NORMAL DEPARTURE LAST
                VALUE   (LST)  VALUE       VALUE  FROM      YEAR
                                                  NORMAL
..................................................................
TEMPERATURE (F)
 YESTERDAY
  MAXIMUM         78    332 PM  90    1987  79     -1       76
  MINIMUM         55    543 AM  45    1983  61     -6       50
  AVERAGE         67                        70     -3       63

PRECIPITATION (IN)
  YESTERDAY        0.00          1.68 1966   0.15  -0.15     1.00
  MONTH TO DATE    2.17                      2.88  -0.71     6.76
  SINCE MAR 1      7.42                      7.43  -0.01     7.84
  SINCE JAN 1     16.45                     17.88  -1.43    21.64

SNOWFALL (IN)
  YESTERDAY        0.0
  MONTH TO DATE    0.0
  SINCE MAR 1      0.0
  SINCE JUL 1      T
  SNOW DEPTH       0

DEGREE DAYS
 HEATING
  YESTERDAY        0                         1     -1        2
  MONTH TO DATE   41                        29     12       25
  SINCE MAR 1    228                       165     63      234
  SINCE JUL 1   1581                      1274    307     1123

 COOLING
  YESTERDAY        2                         6     -4        0
  MONTH TO DATE   60                        82    -22       90
  SINCE MAR 1     81                       145    -64      126
  SINCE JAN 1    105                       182    -77      158
..................................................................


WIND (MPH)
  HIGHEST WIND SPEED    21   HIGHEST WIND DIRECTION    NE (40)
  HIGHEST GUST SPEED    27   HIGHEST GUST DIRECTION    NE (50)
  AVERAGE WIND SPEED     7.8


SKY COVER
  POSSIBLE SUNSHINE  MM
  AVERAGE SKY COVER 0.2


WEATHER CONDITIONS
 THE FOLLOWING WEATHER WAS RECORDED YESTERDAY.
  NO SIGNIFICANT WEATHER WAS OBSERVED.


RELATIVE HUMIDITY (PERCENT)
 HIGHEST    86           400 AM
 LOWEST     43           400 PM
 AVERAGE    65

..........................................................


THE NEW ORLEANS CLIMATE NORMALS FOR TODAY
                         NORMAL    RECORD    YEAR
 MAXIMUM TEMPERATURE (F)   79        90      1987
 MINIMUM TEMPERATURE (F)   61        46      1953


SUNRISE AND SUNSET
APRIL 20 2014.........SUNRISE   629 AM CDT   SUNSET   731 PM CDT
APRIL 21 2014.........SUNRISE   628 AM CDT   SUNSET   732 PM CDT


-  INDICATES NEGATIVE NUMBERS.
R  INDICATES RECORD WAS SET OR TIED.
MM INDICATES DATA IS MISSING.
T  INDICATES TRACE AMOUNT.




$$
