000
CDUS44 KLIX 230701
CLINEW


CLIMATE REPORT
NATIONAL WEATHER SERVICE NEW ORLEANS
201 AM CDT TUE SEP 23 2014


...................................

...THE NEW ORLEANS CLIMATE SUMMARY FOR SEPTEMBER 22 2014...

CLIMATE NORMAL PERIOD 1981 TO 2010
CLIMATE RECORD PERIOD 1946 TO 2014


WEATHER ITEM   OBSERVED TIME   RECORD YEAR NORMAL DEPARTURE LAST
                VALUE   (LST)  VALUE       VALUE  FROM      YEAR
                                                  NORMAL
..................................................................
TEMPERATURE (F)
 YESTERDAY
  MAXIMUM         90    214 PM  95    1997  86      4       81
  MINIMUM         72    533 AM  56    1983  71      1       73
  AVERAGE         81                        78      3       77

PRECIPITATION (IN)
  YESTERDAY        0.00          2.61 1946   0.15  -0.15      T
  MONTH TO DATE    2.69                      3.89  -1.20     7.14
  SINCE SEP 1      2.69                      3.89  -1.20     7.14
  SINCE JAN 1     45.65                     48.10  -2.45    57.45

SNOWFALL (IN)
  YESTERDAY        0.0
  MONTH TO DATE    0.0
  SINCE SEP 1      0.0
  SINCE JUL 1      0.0
  SNOW DEPTH       0

DEGREE DAYS
 HEATING
  YESTERDAY        0                         0      0        0
  MONTH TO DATE    0                         0      0        0
  SINCE SEP 1      0                         0      0        0
  SINCE JUL 1      0                         0      0        0

 COOLING
  YESTERDAY       16                        13      3       12
  MONTH TO DATE  400                       345     55      391
  SINCE SEP 1    400                       345     55      391
  SINCE JAN 1   2584                      2591     -7     2527
..................................................................


WIND (MPH)
  HIGHEST WIND SPEED    24   HIGHEST WIND DIRECTION    NE (40)
  HIGHEST GUST SPEED    30   HIGHEST GUST DIRECTION    NE (40)
  AVERAGE WIND SPEED    10.1


SKY COVER
  POSSIBLE SUNSHINE  MM
  AVERAGE SKY COVER 0.2


WEATHER CONDITIONS
 THE FOLLOWING WEATHER WAS RECORDED YESTERDAY.
  FOG


RELATIVE HUMIDITY (PERCENT)
 HIGHEST    88           700 AM
 LOWEST     42           900 PM
 AVERAGE    65

..........................................................


THE NEW ORLEANS CLIMATE NORMALS FOR TODAY
                         NORMAL    RECORD    YEAR
 MAXIMUM TEMPERATURE (F)   86        94      1993
 MINIMUM TEMPERATURE (F)   70        55      1983


SUNRISE AND SUNSET
SEPTEMBER 23 2014.....SUNRISE   650 AM CDT   SUNSET   656 PM CDT
SEPTEMBER 24 2014.....SUNRISE   650 AM CDT   SUNSET   655 PM CDT


-  INDICATES NEGATIVE NUMBERS.
R  INDICATES RECORD WAS SET OR TIED.
MM INDICATES DATA IS MISSING.
T  INDICATES TRACE AMOUNT.




$$
