000
CDUS44 KLIX 012226
CLINEW


CLIMATE REPORT
NATIONAL WEATHER SERVICE NEW ORLEANS
426 PM CST SUN FEB 1 2015


...................................

...THE NEW ORLEANS CLIMATE SUMMARY FOR FEBRUARY 1 2015...
VALID TODAY AS OF 0400 PM LOCAL TIME.

CLIMATE NORMAL PERIOD 1981 TO 2010
CLIMATE RECORD PERIOD 1946 TO 2015


WEATHER ITEM   OBSERVED TIME   RECORD YEAR NORMAL DEPARTURE LAST
                VALUE   (LST)  VALUE       VALUE  FROM      YEAR
                                                  NORMAL
..................................................................
TEMPERATURE (F)
 TODAY
  MAXIMUM         75    243 PM  82    1957  63     12       74
  MINIMUM         59   1236 AM  22    1951  46     13       51
  AVERAGE         67                        54     13       63

PRECIPITATION (IN)
  TODAY            0.04          4.85 1983   0.20  -0.16     0.00
  MONTH TO DATE    0.04                      0.20  -0.16     0.00
  SINCE DEC 1      9.67                     10.59  -0.92     5.92
  SINCE JAN 1      5.71                      5.35   0.36     2.72

SNOWFALL (IN)
  TODAY            0.0
  MONTH TO DATE    0.0
  SINCE DEC 1      0.0
  SINCE JUL 1      0.0
  SNOW DEPTH       0

DEGREE DAYS
 HEATING
  TODAY            0                        11    -11        2
  MONTH TO DATE    0                        11    -11        2
  SINCE DEC 1    616                       703    -87      889
  SINCE JUL 1    846                       867    -21     1089

 COOLING
  TODAY            2                         1      1        0
  MONTH TO DATE    2                         1      1        0
  SINCE DEC 1     41                        44     -3       42
  SINCE JAN 1     10                        17     -7        0
..................................................................


WIND (MPH)
  HIGHEST WIND SPEED    21   HIGHEST WIND DIRECTION    SW (240)
  HIGHEST GUST SPEED    28   HIGHEST GUST DIRECTION    SW (240)
  AVERAGE WIND SPEED     9.9


SKY COVER
  POSSIBLE SUNSHINE  MM
  AVERAGE SKY COVER 0.9


WEATHER CONDITIONS
 THE FOLLOWING WEATHER WAS RECORDED TODAY.
  LIGHT RAIN
  FOG


RELATIVE HUMIDITY (PERCENT)
 HIGHEST    93           900 AM
 LOWEST     57           300 PM
 AVERAGE    75

..........................................................


THE NEW ORLEANS CLIMATE NORMALS FOR TOMORROW
                         NORMAL    RECORD    YEAR
 MAXIMUM TEMPERATURE (F)   63        81      1969
                                             1950
 MINIMUM TEMPERATURE (F)   46        19      1951


SUNRISE AND SUNSET
FEBRUARY  1 2015......SUNRISE   651 AM CST   SUNSET   538 PM CST
FEBRUARY  2 2015......SUNRISE   651 AM CST   SUNSET   539 PM CST


-  INDICATES NEGATIVE NUMBERS.
R  INDICATES RECORD WAS SET OR TIED.
MM INDICATES DATA IS MISSING.
T  INDICATES TRACE AMOUNT.




$$
