000
CDUS44 KLIX 300701
CLINEW


CLIMATE REPORT
NATIONAL WEATHER SERVICE NEW ORLEANS
200 AM CDT SAT JUL 30 2016


...................................

...THE NEW ORLEANS CLIMATE SUMMARY FOR JULY 29 2016...

CLIMATE NORMAL PERIOD 1981 TO 2010
CLIMATE RECORD PERIOD 1946 TO 2016


WEATHER ITEM   OBSERVED TIME   RECORD YEAR NORMAL DEPARTURE LAST
                VALUE   (LST)  VALUE       VALUE  FROM      YEAR
                                                  NORMAL
..................................................................
TEMPERATURE (F)
 YESTERDAY
  MAXIMUM         95    228 PM  99    2015  92      3       99
  MINIMUM         80   1127 PM  67    1994  75      5       77
  AVERAGE         88                        83      5       88

PRECIPITATION (IN)
  YESTERDAY        0.02          1.80 1962   0.19  -0.17     0.29
  MONTH TO DATE    4.45                      5.57  -1.12     4.11
  SINCE JUN 1     14.23                     13.63   0.60     7.86
  SINCE JAN 1     43.56                     37.87   5.69    43.03

SNOWFALL (IN)
  YESTERDAY        0.0
  MONTH TO DATE    0.0
  SINCE JUN 1      0.0
  SINCE JUL 1      0.0
  SNOW DEPTH       0

DEGREE DAYS
 HEATING
  YESTERDAY        0                         0      0        0
  MONTH TO DATE    0                         0      0        0
  SINCE JUN 1      0                         0      0        0
  SINCE JUL 1      0                         0      0        0

 COOLING
  YESTERDAY       23                        18      5       23
  MONTH TO DATE  636                       522    114      601
  SINCE JUN 1   1220                      1017    203     1131
  SINCE JAN 1   2000                      1636    364     1960
..................................................................


WIND (MPH)
  HIGHEST WIND SPEED    20   HIGHEST WIND DIRECTION    SW (230)
  HIGHEST GUST SPEED    23   HIGHEST GUST DIRECTION    SW (220)
  AVERAGE WIND SPEED     3.5


SKY COVER
  POSSIBLE SUNSHINE  MM
  AVERAGE SKY COVER 0.5


WEATHER CONDITIONS
 THE FOLLOWING WEATHER WAS RECORDED YESTERDAY.
  THUNDERSTORM
  LIGHT RAIN


RELATIVE HUMIDITY (PERCENT)
 HIGHEST    85           500 AM
 LOWEST     56           200 PM
 AVERAGE    71

..........................................................


THE NEW ORLEANS CLIMATE NORMALS FOR TODAY
                         NORMAL    RECORD    YEAR
 MAXIMUM TEMPERATURE (F)   92       100      1986
 MINIMUM TEMPERATURE (F)   75        64      1972


SUNRISE AND SUNSET
JULY 30 2016..........SUNRISE   619 AM CDT   SUNSET   755 PM CDT
JULY 31 2016..........SUNRISE   620 AM CDT   SUNSET   755 PM CDT


-  INDICATES NEGATIVE NUMBERS.
R  INDICATES RECORD WAS SET OR TIED.
MM INDICATES DATA IS MISSING.
T  INDICATES TRACE AMOUNT.




$$
