000
CDUS44 KLIX 232116
CLINEW


CLIMATE REPORT
NATIONAL WEATHER SERVICE NEW ORLEANS
416 PM CDT WED AUG 23 2017


...................................

...THE NEW ORLEANS CLIMATE SUMMARY FOR AUGUST 23 2017...
VALID TODAY AS OF 0400 PM LOCAL TIME.

CLIMATE NORMAL PERIOD 1981 TO 2010
CLIMATE RECORD PERIOD 1946 TO 2017


WEATHER ITEM   OBSERVED TIME   RECORD YEAR NORMAL DEPARTURE LAST
                VALUE   (LST)  VALUE       VALUE  FROM      YEAR
                                                  NORMAL
..................................................................
TEMPERATURE (F)
 TODAY
  MAXIMUM         92    256 PM  99    2011  91      1       97
  MINIMUM         78   1240 AM  62    1956  75      3       80
  AVERAGE         85                        83      2       89

PRECIPITATION (IN)
  TODAY            0.00          1.10 1954   0.19  -0.19     0.00
  MONTH TO DATE    9.56                      4.47   5.09     9.99
  SINCE JUN 1     31.54                     18.46  13.08    24.22
  SINCE JAN 1     57.44                     42.70  14.74    53.55

SNOWFALL (IN)
  TODAY            0.0
  MONTH TO DATE    0.0
  SINCE JUN 1      0.0
  SINCE JUL 1      0.0
  SNOW DEPTH       0

DEGREE DAYS
 HEATING
  TODAY            0                         0      0        0
  MONTH TO DATE    0                         0      0        0
  SINCE JUN 1      0                         0      0        0
  SINCE JUL 1      0                         0      0        0

 COOLING
  TODAY           20                        18      2       24
  MONTH TO DATE  426                       414     12      479
  SINCE JUN 1   1457                      1475    -18     1745
  SINCE JAN 1   2212                      2094    118     2525
..................................................................


WIND (MPH)
  HIGHEST WIND SPEED    10   HIGHEST WIND DIRECTION    NE (50)
  HIGHEST GUST SPEED    14   HIGHEST GUST DIRECTION    NE (50)
  AVERAGE WIND SPEED     4.8


SKY COVER
  POSSIBLE SUNSHINE  MM
  AVERAGE SKY COVER 0.8


WEATHER CONDITIONS
 THE FOLLOWING WEATHER WAS RECORDED TODAY.
  NO SIGNIFICANT WEATHER WAS OBSERVED.


RELATIVE HUMIDITY (PERCENT)
 HIGHEST   100          1200 AM
 LOWEST     49           100 PM
 AVERAGE    75

..........................................................


THE NEW ORLEANS CLIMATE NORMALS FOR TOMORROW
                         NORMAL    RECORD    YEAR
 MAXIMUM TEMPERATURE (F)   91        97      2011
 MINIMUM TEMPERATURE (F)   75        63      1965


SUNRISE AND SUNSET
AUGUST 23 2017........SUNRISE   633 AM CDT   SUNSET   733 PM CDT
AUGUST 24 2017........SUNRISE   634 AM CDT   SUNSET   732 PM CDT


-  INDICATES NEGATIVE NUMBERS.
R  INDICATES RECORD WAS SET OR TIED.
MM INDICATES DATA IS MISSING.
T  INDICATES TRACE AMOUNT.




$$
