000
CDUS44 KLIX 192135
CLINEW


CLIMATE REPORT
NATIONAL WEATHER SERVICE NEW ORLEANS
435 PM CDT THU OCT 19 2017


...................................

...THE NEW ORLEANS CLIMATE SUMMARY FOR OCTOBER 19 2017...
VALID TODAY AS OF 0400 PM LOCAL TIME.

CLIMATE NORMAL PERIOD 1981 TO 2010
CLIMATE RECORD PERIOD 1946 TO 2017


WEATHER ITEM   OBSERVED TIME   RECORD YEAR NORMAL DEPARTURE LAST
                VALUE   (LST)  VALUE       VALUE  FROM      YEAR
                                                  NORMAL
..................................................................
TEMPERATURE (F)
 TODAY
  MAXIMUM         83    257 PM  92    2016  79      4       92
  MINIMUM         60    317 AM  44    1967  62     -2       74
  AVERAGE         72                        70      2       83

PRECIPITATION (IN)
  TODAY            0.00          1.41 2006   0.12  -0.12      T
  MONTH TO DATE    1.82                      2.11  -0.29     0.05
  SINCE SEP 1      2.24                      7.08  -4.84     4.68
  SINCE JAN 1     65.89                     51.29  14.60    60.11

SNOWFALL (IN)
  TODAY            0.0
  MONTH TO DATE    0.0
  SINCE SEP 1      0.0
  SINCE JUL 1      0.0
  SNOW DEPTH       0

DEGREE DAYS
 HEATING
  TODAY            0                         1     -1        0
  MONTH TO DATE    0                         6     -6        0
  SINCE SEP 1      0                         6     -6        0
  SINCE JUL 1      0                         6     -6        0

 COOLING
  TODAY            7                         6      1       18
  MONTH TO DATE  255                       161     94      297
  SINCE SEP 1    714                       604    110      909
  SINCE JAN 1   3067                      2850    217     3611
..................................................................


WIND (MPH)
  HIGHEST WIND SPEED    16   HIGHEST WIND DIRECTION     E (100)
  HIGHEST GUST SPEED    22   HIGHEST GUST DIRECTION     E (100)
  AVERAGE WIND SPEED     6.6


SKY COVER
  POSSIBLE SUNSHINE  MM
  AVERAGE SKY COVER 0.4


WEATHER CONDITIONS
 THE FOLLOWING WEATHER WAS RECORDED TODAY.
  NO SIGNIFICANT WEATHER WAS OBSERVED.


RELATIVE HUMIDITY (PERCENT)
 HIGHEST   100           300 AM
 LOWEST     63           300 PM
 AVERAGE    82

..........................................................


THE NEW ORLEANS CLIMATE NORMALS FOR TOMORROW
                         NORMAL    RECORD    YEAR
 MAXIMUM TEMPERATURE (F)   79        90      2004
 MINIMUM TEMPERATURE (F)   61        35      1989


SUNRISE AND SUNSET
OCTOBER 19 2017.......SUNRISE   706 AM CDT   SUNSET   626 PM CDT
OCTOBER 20 2017.......SUNRISE   706 AM CDT   SUNSET   625 PM CDT


-  INDICATES NEGATIVE NUMBERS.
R  INDICATES RECORD WAS SET OR TIED.
MM INDICATES DATA IS MISSING.
T  INDICATES TRACE AMOUNT.




$$
