000
CDUS44 KLIX 290703
CLINEW


CLIMATE REPORT
NATIONAL WEATHER SERVICE NEW ORLEANS
203 AM CDT TUE JUL 29 2014


...................................

...THE NEW ORLEANS CLIMATE SUMMARY FOR JULY 28 2014...

CLIMATE NORMAL PERIOD 1981 TO 2010
CLIMATE RECORD PERIOD 1946 TO 2014


WEATHER ITEM   OBSERVED TIME   RECORD YEAR NORMAL DEPARTURE LAST
                VALUE   (LST)  VALUE       VALUE  FROM      YEAR
                                                  NORMAL
..................................................................
TEMPERATURE (F)
 YESTERDAY
  MAXIMUM         94    240 PM  98    1993  92      2       90
  MINIMUM         79    547 AM  68    1994  75      4       75
  AVERAGE         87                        83      4       83

PRECIPITATION (IN)
  YESTERDAY        0.00          3.52 2011   0.18  -0.18     0.00
  MONTH TO DATE    4.49                      5.38  -0.89     3.97
  SINCE JUN 1     12.52                     13.44  -0.92     8.36
  SINCE JAN 1     37.46                     37.68  -0.22    43.09

SNOWFALL (IN)
  YESTERDAY        0.0
  MONTH TO DATE    0.0
  SINCE JUN 1      0.0
  SINCE JUL 1      0.0
  SNOW DEPTH       0

DEGREE DAYS
 HEATING
  YESTERDAY        0                         0      0        0
  MONTH TO DATE    0                         0      0        0
  SINCE JUN 1      0                         0      0        0
  SINCE JUL 1      0                         0      0        0

 COOLING
  YESTERDAY       22                        18      4       18
  MONTH TO DATE  499                       504     -5      485
  SINCE JUN 1   1003                       999      4     1026
  SINCE JAN 1   1526                      1618    -92     1519
..................................................................


WIND (MPH)
  HIGHEST WIND SPEED    20   HIGHEST WIND DIRECTION     W (280)
  HIGHEST GUST SPEED    28   HIGHEST GUST DIRECTION     W (280)
  AVERAGE WIND SPEED     9.9


SKY COVER
  POSSIBLE SUNSHINE  MM
  AVERAGE SKY COVER 0.6


WEATHER CONDITIONS
 THE FOLLOWING WEATHER WAS RECORDED YESTERDAY.
  FOG
  HAZE


RELATIVE HUMIDITY (PERCENT)
 HIGHEST    91          1200 AM
 LOWEST     56          1100 AM
 AVERAGE    74

..........................................................


THE NEW ORLEANS CLIMATE NORMALS FOR TODAY
                         NORMAL    RECORD    YEAR
 MAXIMUM TEMPERATURE (F)   92        97      1993
                                             1986
                                             1966
 MINIMUM TEMPERATURE (F)   75        67      1994


SUNRISE AND SUNSET
JULY 29 2014..........SUNRISE   618 AM CDT   SUNSET   756 PM CDT
JULY 30 2014..........SUNRISE   619 AM CDT   SUNSET   756 PM CDT


-  INDICATES NEGATIVE NUMBERS.
R  INDICATES RECORD WAS SET OR TIED.
MM INDICATES DATA IS MISSING.
T  INDICATES TRACE AMOUNT.




$$
