000
CDUS46 KMTR 240036
CLINUQ


CLIMATE REPORT
NATIONAL WEATHER SERVICE SAN FRANCISCO BAY AREA
436 PM PST THU FEB 23 2017


...................................

...THE MOFFETT FIELD CLIMATE SUMMARY FOR FEBRUARY 23 2017...
VALID TODAY AS OF 0400 PM LOCAL TIME.

CLIMATE NORMAL PERIOD 1981 TO 2010
CLIMATE RECORD PERIOD 1945 TO 2017


WEATHER ITEM   OBSERVED TIME   RECORD YEAR NORMAL DEPARTURE LAST
                VALUE   (LST)  VALUE       VALUE  FROM      YEAR
                                                  NORMAL
..................................................................
TEMPERATURE (F)
 TODAY
  MAXIMUM         53    359 PM  76    1985  63    -10       72
  MINIMUM         39    704 AM  34    1955  46     -7       42
  AVERAGE         46                        54     -8       57

PRECIPITATION (IN)
  TODAY            0.00          0.64 1983   0.11  -0.11     0.00
  MONTH TO DATE    5.19                      2.51   2.68     0.38
  SINCE OCT 1     15.16                     10.10   5.06     8.36
  SINCE JAN 1     10.59                      5.26   5.33     3.96

DEGREE DAYS
 HEATING
  TODAY           19                                         8
  MONTH TO DATE  216                                       187
  SINCE DEC 1   1153                                      1015
  SINCE JUL 1   1440                                      1358

 COOLING
  TODAY            0                                         0
  MONTH TO DATE    0                                         2
  SINCE DEC 1      0                                         2
  SINCE JAN 1      0                                         2
..................................................................


WIND (MPH)
  RESULTANT WIND SPEED   7   RESULTANT WIND DIRECTION  NW (330)
  HIGHEST WIND SPEED    16   HIGHEST WIND DIRECTION     N (350)
  HIGHEST GUST SPEED    21   HIGHEST GUST DIRECTION     N (350)
  AVERAGE WIND SPEED     8.5


SKY COVER
  POSSIBLE SUNSHINE  MM
  AVERAGE SKY COVER 0.0


WEATHER CONDITIONS
 THE FOLLOWING WEATHER WAS RECORDED TODAY.
  NO SIGNIFICANT WEATHER WAS OBSERVED.


RELATIVE HUMIDITY (PERCENT)
 HIGHEST    73           700 AM
 LOWEST     54          1200 PM
 AVERAGE    64

..........................................................


THE MOFFETT FIELD CLIMATE NORMALS FOR TOMORROW
                         NORMAL    RECORD    YEAR
 MAXIMUM TEMPERATURE (F)   63        76      1992
 MINIMUM TEMPERATURE (F)   46        34      1974


SUNRISE AND SUNSET
FEBRUARY 23 2017......SUNRISE   647 AM PST   SUNSET   556 PM PST
FEBRUARY 24 2017......SUNRISE   646 AM PST   SUNSET   557 PM PST


-  INDICATES NEGATIVE NUMBERS.
R  INDICATES RECORD WAS SET OR TIED.
MM INDICATES DATA IS MISSING.
T  INDICATES TRACE AMOUNT.




$$
