000
CDUS46 KMTR 230829
CLINUQ


CLIMATE REPORT
NATIONAL WEATHER SERVICE SAN FRANCISCO BAY AREA
1229 AM PST SUN NOV 23 2014


...................................

...THE MOFFETT FIELD CLIMATE SUMMARY FOR NOVEMBER 22 2014...

CLIMATE NORMAL PERIOD 1981 TO 2010
CLIMATE RECORD PERIOD 1945 TO 2014


WEATHER ITEM   OBSERVED TIME   RECORD YEAR NORMAL DEPARTURE LAST
                VALUE   (LST)  VALUE       VALUE  FROM      YEAR
                                                  NORMAL
..................................................................
TEMPERATURE (F)
 YESTERDAY
  MAXIMUM         68   1258 PM  75    1959  63      5       70
  MINIMUM         53   1159 PM  33    1956  46      7       47
  AVERAGE         61                        54      7       59

PRECIPITATION (IN)
  YESTERDAY        0.01          0.48 1946   0.06  -0.05     0.00
  MONTH TO DATE    0.39                      1.17  -0.78     0.59
  SINCE JUL 1      1.06                      2.02  -0.96     1.10
  SINCE JAN 1      6.25                     11.65  -5.40     2.92

DEGREE DAYS
 HEATING
  YESTERDAY        4                                         6
  MONTH TO DATE  126                                       159
  SINCE SEP 1    157                                       282
  SINCE JUL 1    157                                       286

 COOLING
  YESTERDAY        0                                         0
  MONTH TO DATE    0                                         0
  SINCE SEP 1    201                                       119
  SINCE JAN 1    643                                       478
..................................................................


WIND (MPH)
  RESULTANT WIND SPEED   1   RESULTANT WIND DIRECTION   S (160)
  HIGHEST WIND SPEED    16   HIGHEST WIND DIRECTION    NW (310)
  HIGHEST GUST SPEED    25   HIGHEST GUST DIRECTION    NW (330)
  AVERAGE WIND SPEED     6.8


SKY COVER
  POSSIBLE SUNSHINE  MM
  AVERAGE SKY COVER 0.6


WEATHER CONDITIONS
 THE FOLLOWING WEATHER WAS RECORDED YESTERDAY.
  LIGHT RAIN
  FOG


RELATIVE HUMIDITY (PERCENT)
 HIGHEST    90          1100 AM
 LOWEST     63           300 PM
 AVERAGE    77

..........................................................


THE MOFFETT FIELD CLIMATE NORMALS FOR TODAY
                         NORMAL    RECORD    YEAR
 MAXIMUM TEMPERATURE (F)   63        80      1959
 MINIMUM TEMPERATURE (F)   46        30      1947


SUNRISE AND SUNSET
NOVEMBER 23 2014......SUNRISE   656 AM PST   SUNSET   453 PM PST
NOVEMBER 24 2014......SUNRISE   657 AM PST   SUNSET   453 PM PST


-  INDICATES NEGATIVE NUMBERS.
R  INDICATES RECORD WAS SET OR TIED.
MM INDICATES DATA IS MISSING.
T  INDICATES TRACE AMOUNT.




$$
