000
CDUS46 KMTR 230042
CLINUQ


CLIMATE REPORT
NATIONAL WEATHER SERVICE SAN FRANCISCO BAY AREA
542 PM PDT WED OCT 22 2014


...................................

...THE MOFFETT FIELD CLIMATE SUMMARY FOR OCTOBER 22 2014...
VALID TODAY AS OF 0500 PM LOCAL TIME.

CLIMATE NORMAL PERIOD 1981 TO 2010
CLIMATE RECORD PERIOD 1945 TO 2014


WEATHER ITEM   OBSERVED TIME   RECORD YEAR NORMAL DEPARTURE LAST
                VALUE   (LST)  VALUE       VALUE  FROM      YEAR
                                                  NORMAL
..................................................................
TEMPERATURE (F)
 TODAY
  MAXIMUM         73    359 PM  86    2011  72      1       67
  MINIMUM         51    616 AM  38    1949  53     -2       52
  AVERAGE         62                        63     -1       60

PRECIPITATION (IN)
  TODAY            0.00          0.69 1973   0.02  -0.02     0.00
  MONTH TO DATE    0.02                      0.35  -0.33     0.00
  SINCE JUL 1      0.43                      0.56  -0.13     0.50
  SINCE JAN 1      5.62                     10.19  -4.57     2.32

DEGREE DAYS
 HEATING
  TODAY            3                                         5
  MONTH TO DATE   10                                        53
  SINCE SEP 1     12                                        58
  SINCE JUL 1     12                                        62

 COOLING
  TODAY            0                                         0
  MONTH TO DATE   72                                        14
  SINCE SEP 1    196                                       119
  SINCE JAN 1    638                                       478
..................................................................


WIND (MPH)
  RESULTANT WIND SPEED   3   RESULTANT WIND DIRECTION   N (350)
  HIGHEST WIND SPEED    12   HIGHEST WIND DIRECTION     N (350)
  HIGHEST GUST SPEED    15   HIGHEST GUST DIRECTION    NW (320)
  AVERAGE WIND SPEED     3.7


SKY COVER
  POSSIBLE SUNSHINE  MM
  AVERAGE SKY COVER 0.0


WEATHER CONDITIONS
 THE FOLLOWING WEATHER WAS RECORDED TODAY.
  NO SIGNIFICANT WEATHER WAS OBSERVED.


RELATIVE HUMIDITY (PERCENT)
 HIGHEST    89           600 AM
 LOWEST     41           100 PM
 AVERAGE    65

..........................................................


THE MOFFETT FIELD CLIMATE NORMALS FOR TOMORROW
                         NORMAL    RECORD    YEAR
 MAXIMUM TEMPERATURE (F)   72        89      1959
 MINIMUM TEMPERATURE (F)   53        39      1949


SUNRISE AND SUNSET
OCTOBER 22 2014.......SUNRISE   723 AM PDT   SUNSET   622 PM PDT
OCTOBER 23 2014.......SUNRISE   724 AM PDT   SUNSET   620 PM PDT


-  INDICATES NEGATIVE NUMBERS.
R  INDICATES RECORD WAS SET OR TIED.
MM INDICATES DATA IS MISSING.
T  INDICATES TRACE AMOUNT.




$$
