000
CDUS46 KMTR 060026
CLINUQ


CLIMATE REPORT
NATIONAL WEATHER SERVICE SAN FRANCISCO BAY AREA
526 PM PDT THU MAY 5 2016


...................................

...THE MOFFETT FIELD CLIMATE SUMMARY FOR MAY 5 2016...
VALID TODAY AS OF 0500 PM LOCAL TIME.

CLIMATE NORMAL PERIOD 1981 TO 2010
CLIMATE RECORD PERIOD 1945 TO 2016


WEATHER ITEM   OBSERVED TIME   RECORD YEAR NORMAL DEPARTURE LAST
                VALUE   (LST)  VALUE       VALUE  FROM      YEAR
                                                  NORMAL
..................................................................
TEMPERATURE (F)
 TODAY
  MAXIMUM         71    257 PM  94    1987  71      0       68
  MINIMUM         56    315 AM  41    1952  52      4       50
  AVERAGE         64                        62      2       59

PRECIPITATION (IN)
  TODAY            0.00          0.34 1983   0.02  -0.02     0.00
  MONTH TO DATE    0.00                      0.13  -0.13     0.00
  SINCE OCT 1     13.02                     14.03  -1.01    13.48
  SINCE JAN 1      8.62                      9.19  -0.57     3.49

DEGREE DAYS
 HEATING
  TODAY            1                                         6
  MONTH TO DATE    6                                         6
  SINCE MAR 1    340                                       311
  SINCE JUL 1   1725                                      1416

 COOLING
  TODAY            0                                         0
  MONTH TO DATE    4                                         0
  SINCE MAR 1     27                                        18
  SINCE JAN 1     29                                        18
..................................................................


WIND (MPH)
  RESULTANT WIND SPEED   2   RESULTANT WIND DIRECTION   S (180)
  HIGHEST WIND SPEED    17   HIGHEST WIND DIRECTION     N (350)
  HIGHEST GUST SPEED    20   HIGHEST GUST DIRECTION     N (360)
  AVERAGE WIND SPEED     5.2


SKY COVER
  POSSIBLE SUNSHINE  MM
  AVERAGE SKY COVER 0.9


WEATHER CONDITIONS
 THE FOLLOWING WEATHER WAS RECORDED TODAY.
  NO SIGNIFICANT WEATHER WAS OBSERVED.


RELATIVE HUMIDITY (PERCENT)
 HIGHEST    77           400 AM
 LOWEST     41           300 PM
 AVERAGE    59

..........................................................


THE MOFFETT FIELD CLIMATE NORMALS FOR TOMORROW
                         NORMAL    RECORD    YEAR
 MAXIMUM TEMPERATURE (F)   71        95      1987
 MINIMUM TEMPERATURE (F)   52        38      1950


SUNRISE AND SUNSET
MAY  5 2016...........SUNRISE   608 AM PDT   SUNSET   802 PM PDT
MAY  6 2016...........SUNRISE   607 AM PDT   SUNSET   803 PM PDT


-  INDICATES NEGATIVE NUMBERS.
R  INDICATES RECORD WAS SET OR TIED.
MM INDICATES DATA IS MISSING.
T  INDICATES TRACE AMOUNT.




$$
