000
CDUS46 KMTR 250837
CLINUQ


CLIMATE REPORT
NATIONAL WEATHER SERVICE SAN FRANCISCO BAY AREA
137 AM PDT TUE APR 25 2017


...................................

...THE MOFFETT FIELD CLIMATE SUMMARY FOR APRIL 24 2017...

CLIMATE NORMAL PERIOD 1981 TO 2010
CLIMATE RECORD PERIOD 1945 TO 2017


WEATHER ITEM   OBSERVED TIME   RECORD YEAR NORMAL DEPARTURE LAST
                VALUE   (LST)  VALUE       VALUE  FROM      YEAR
                                                  NORMAL
..................................................................
TEMPERATURE (F)
 YESTERDAY
  MAXIMUM         64    150 PM  84    2004  70     -6       69
  MINIMUM         53   1120 PM  38    1960  50      3       52
  AVERAGE         59                        60     -1       61

PRECIPITATION (IN)
  YESTERDAY        T             0.26 1951   0.03  -0.03     0.00
  MONTH TO DATE    1.33                      0.82   0.51     1.36
  SINCE OCT 1     18.13                     13.74   4.39    12.97
  SINCE JAN 1     13.56                      8.90   4.66     8.57

DEGREE DAYS
 HEATING
  YESTERDAY        6                                         4
  MONTH TO DATE  147                                        90
  SINCE MAR 1    380                                       303
  SINCE JUL 1   1908                                      1688

 COOLING
  YESTERDAY        0                                         0
  MONTH TO DATE    0                                        22
  SINCE MAR 1      0                                        22
  SINCE JAN 1      0                                        24
..................................................................


WIND (MPH)
  RESULTANT WIND SPEED   5   RESULTANT WIND DIRECTION   W (290)
  HIGHEST WIND SPEED    14   HIGHEST WIND DIRECTION    NW (320)
  HIGHEST GUST SPEED    20   HIGHEST GUST DIRECTION     W (270)
  AVERAGE WIND SPEED     6.4


SKY COVER
  POSSIBLE SUNSHINE  MM
  AVERAGE SKY COVER 0.8


WEATHER CONDITIONS
 THE FOLLOWING WEATHER WAS RECORDED YESTERDAY.
  NO SIGNIFICANT WEATHER WAS OBSERVED.


RELATIVE HUMIDITY (PERCENT)
 HIGHEST    77          1200 AM
 LOWEST     67           800 AM
 AVERAGE    72

..........................................................


THE MOFFETT FIELD CLIMATE NORMALS FOR TODAY
                         NORMAL    RECORD    YEAR
 MAXIMUM TEMPERATURE (F)   70        88      2004
 MINIMUM TEMPERATURE (F)   51        38      1958


SUNRISE AND SUNSET
APRIL 25 2017.........SUNRISE   620 AM PDT   SUNSET   753 PM PDT
APRIL 26 2017.........SUNRISE   619 AM PDT   SUNSET   754 PM PDT


-  INDICATES NEGATIVE NUMBERS.
R  INDICATES RECORD WAS SET OR TIED.
MM INDICATES DATA IS MISSING.
T  INDICATES TRACE AMOUNT.




$$
