000
CDUS46 KMTR 220028
CLINUQ


CLIMATE REPORT
NATIONAL WEATHER SERVICE SAN FRANCISCO BAY AREA
428 PM PST SUN DEC 21 2014


...................................

...THE MOFFETT FIELD CLIMATE SUMMARY FOR DECEMBER 21 2014...
VALID TODAY AS OF 0400 PM LOCAL TIME.

CLIMATE NORMAL PERIOD 1981 TO 2010
CLIMATE RECORD PERIOD 1945 TO 2014


WEATHER ITEM   OBSERVED TIME   RECORD YEAR NORMAL DEPARTURE LAST
                VALUE   (LST)  VALUE       VALUE  FROM      YEAR
                                                  NORMAL
..................................................................
TEMPERATURE (F)
 TODAY
  MAXIMUM         65    254 PM  70    1999  58      7       60
  MINIMUM         56    559 AM  27    1949  43     13       37
  AVERAGE         61                        50     11       49

PRECIPITATION (IN)
  TODAY            0.00          0.62 1982   0.10  -0.10     0.00
  MONTH TO DATE    8.47                      1.62   6.85     0.16
  SINCE JUL 1     10.34                      4.11   6.23     1.26
  SINCE JAN 1     15.53                     13.74   1.79     3.08

DEGREE DAYS
 HEATING
  TODAY            4                                        16
  MONTH TO DATE  149                                       376
  SINCE DEC 1    149                                       376
  SINCE JUL 1    376                                       748

 COOLING
  TODAY            0                                         0
  MONTH TO DATE    0                                         0
  SINCE DEC 1      0                                         0
  SINCE JAN 1    643                                       478
..................................................................


WIND (MPH)
  RESULTANT WIND SPEED   1   RESULTANT WIND DIRECTION   N (350)
  HIGHEST WIND SPEED    14   HIGHEST WIND DIRECTION     N (350)
  HIGHEST GUST SPEED    16   HIGHEST GUST DIRECTION     N (340)
  AVERAGE WIND SPEED     2.8


SKY COVER
  POSSIBLE SUNSHINE  MM
  AVERAGE SKY COVER 0.9


WEATHER CONDITIONS
 THE FOLLOWING WEATHER WAS RECORDED TODAY.
  FOG


RELATIVE HUMIDITY (PERCENT)
 HIGHEST    93           600 AM
 LOWEST     72          1200 AM
 AVERAGE    83

..........................................................


THE MOFFETT FIELD CLIMATE NORMALS FOR TOMORROW
                         NORMAL    RECORD    YEAR
 MAXIMUM TEMPERATURE (F)   58        68      2013
                                             1999
 MINIMUM TEMPERATURE (F)   42        25      1990


SUNRISE AND SUNSET
DECEMBER 21 2014......SUNRISE   719 AM PST   SUNSET   454 PM PST
DECEMBER 22 2014......SUNRISE   719 AM PST   SUNSET   454 PM PST


-  INDICATES NEGATIVE NUMBERS.
R  INDICATES RECORD WAS SET OR TIED.
MM INDICATES DATA IS MISSING.
T  INDICATES TRACE AMOUNT.




$$
