000
CDUS46 KMTR 130845
CLINUQ


CLIMATE REPORT
NATIONAL WEATHER SERVICE SAN FRANCISCO BAY AREA
1245 AM PST SAT FEB 13 2016


...................................

...THE MOFFETT FIELD CLIMATE SUMMARY FOR FEBRUARY 12 2016...

CLIMATE NORMAL PERIOD 1981 TO 2010
CLIMATE RECORD PERIOD 1945 TO 2016


WEATHER ITEM   OBSERVED TIME   RECORD YEAR NORMAL DEPARTURE LAST
                VALUE   (LST)  VALUE       VALUE  FROM      YEAR
                                                  NORMAL
..................................................................
TEMPERATURE (F)
 YESTERDAY
  MAXIMUM         69    150 PM  73    2015  62      7       73
                                      1988
  MINIMUM         49    558 AM  30    1949  45      4       47
  AVERAGE         59                        53      6       60

PRECIPITATION (IN)
  YESTERDAY        0.00          1.17 1992   0.11  -0.11     0.00
  MONTH TO DATE    0.06                      1.25  -1.19     2.40
  SINCE OCT 1      8.04                      8.84  -0.80    12.39
  SINCE JAN 1      3.64                      4.00  -0.36     2.40

DEGREE DAYS
 HEATING
  YESTERDAY        6                                         5
  MONTH TO DATE  115                                        78
  SINCE DEC 1    943                                       758
  SINCE JUL 1   1286                                       985

 COOLING
  YESTERDAY        0                                         0
  MONTH TO DATE    0                                         0
  SINCE DEC 1      0                                         0
  SINCE JAN 1      0                                         0
..................................................................


WIND (MPH)
  RESULTANT WIND SPEED   2   RESULTANT WIND DIRECTION   N (350)
  HIGHEST WIND SPEED    15   HIGHEST WIND DIRECTION     N (340)
  HIGHEST GUST SPEED    19   HIGHEST GUST DIRECTION    NW (330)
  AVERAGE WIND SPEED     2.6


SKY COVER
  POSSIBLE SUNSHINE  MM
  AVERAGE SKY COVER 0.1


WEATHER CONDITIONS
 THE FOLLOWING WEATHER WAS RECORDED YESTERDAY.
  FOG
  HAZE


RELATIVE HUMIDITY (PERCENT)
 HIGHEST    93           600 AM
 LOWEST     55           200 PM
 AVERAGE    74

..........................................................


THE MOFFETT FIELD CLIMATE NORMALS FOR TODAY
                         NORMAL    RECORD    YEAR
 MAXIMUM TEMPERATURE (F)   62        75      2015
 MINIMUM TEMPERATURE (F)   45        28      1948


SUNRISE AND SUNSET
FEBRUARY 13 2016......SUNRISE   700 AM PST   SUNSET   545 PM PST
FEBRUARY 14 2016......SUNRISE   659 AM PST   SUNSET   546 PM PST


-  INDICATES NEGATIVE NUMBERS.
R  INDICATES RECORD WAS SET OR TIED.
MM INDICATES DATA IS MISSING.
T  INDICATES TRACE AMOUNT.




$$
