000
CDUS41 KOKX 270641
CLINYC


CLIMATE REPORT
NATIONAL WEATHER SERVICE NEW YORK NY
219 AM EDT THU APR 27 2017


...................................

...THE CENTRAL PARK NY CLIMATE SUMMARY FOR APRIL 26 2017...

CLIMATE NORMAL PERIOD 1981 TO 2010
CLIMATE RECORD PERIOD 1869 TO 2017


WEATHER ITEM   OBSERVED TIME   RECORD YEAR NORMAL DEPARTURE LAST
                VALUE   (LST)  VALUE       VALUE  FROM      YEAR
                                                  NORMAL
..................................................................
TEMPERATURE (F)
 YESTERDAY
  MAXIMUM         60   1026 PM  92    2009  65     -5       60
  MINIMUM         53    202 AM  31    1919  48      5       47
  AVERAGE         57                        57      0       54

PRECIPITATION (IN)
  YESTERDAY        0.34          1.88 1889   0.14   0.20     0.24
  MONTH TO DATE    3.78                      3.94  -0.16     1.56
  SINCE MAR 1      9.03                      8.30   0.73     2.73
  SINCE JAN 1     16.34                     15.04   1.30    11.54

SNOWFALL (IN)
  YESTERDAY        0.0           T    1919   0.0    0.0      0.0
                                      2000
  MONTH TO DATE    0.0                       0.6   -0.6       T
  SINCE OCT 1     30.2                      25.8    4.4     32.8
  SINCE JUL 1     30.2                      25.8    4.4     32.8
  SNOW DEPTH       0

DEGREE DAYS
 HEATING
  YESTERDAY        8                         9     -1       11
  MONTH TO DATE  255                       337    -82      311
  SINCE MAR 1   1048                      1037     11      809
  SINCE JUL 1   4031                      4559   -528     3556

 COOLING
  YESTERDAY        0                         1     -1        0
  MONTH TO DATE   17                         5     12       13
  SINCE MAR 1     17                         6     11       19
  SINCE JAN 1     17                         6     11       19
..................................................................


WIND (MPH)
  HIGHEST WIND SPEED    18   HIGHEST WIND DIRECTION     E (70)
  HIGHEST GUST SPEED    24   HIGHEST GUST DIRECTION    NE (60)
  AVERAGE WIND SPEED     5.0


SKY COVER
  AVERAGE SKY COVER 1.0


WEATHER CONDITIONS
 THE FOLLOWING WEATHER WAS RECORDED YESTERDAY.
  HEAVY RAIN
  RAIN
  LIGHT RAIN
  FOG


RELATIVE HUMIDITY (PERCENT)
 HIGHEST   100           100 AM
 LOWEST     87           100 PM
 AVERAGE    94

..........................................................


THE CENTRAL PARK NY CLIMATE NORMALS FOR TODAY
                         NORMAL    RECORD    YEAR
 MAXIMUM TEMPERATURE (F)   65        92      1915
 MINIMUM TEMPERATURE (F)   48        36      1932


SUNRISE AND SUNSET
APRIL 27 2017.........SUNRISE   559 AM EDT   SUNSET   748 PM EDT
APRIL 28 2017.........SUNRISE   558 AM EDT   SUNSET   749 PM EDT


-  INDICATES NEGATIVE NUMBERS.
R  INDICATES RECORD WAS SET OR TIED.
MM INDICATES DATA IS MISSING.
T  INDICATES TRACE AMOUNT.




$$
