000
CDUS41 KOKX 260617
CLINYC


CLIMATE REPORT
NATIONAL WEATHER SERVICE NEW YORK NY
216 AM EDT TUE MAY 26 2015


...................................

...THE CENTRAL PARK NY CLIMATE SUMMARY FOR MAY 25 2015...

CLIMATE NORMAL PERIOD 1981 TO 2010
CLIMATE RECORD PERIOD 1869 TO 2015


WEATHER ITEM   OBSERVED TIME   RECORD YEAR NORMAL DEPARTURE LAST
                VALUE   (LST)  VALUE       VALUE  FROM      YEAR
                                                  NORMAL
..................................................................
TEMPERATURE (F)
 YESTERDAY
  MAXIMUM         85    248 PM  95    1880  73     12       80
  MINIMUM         64    204 AM  41    1925  57      7       55
  AVERAGE         75                        65     10       68

PRECIPITATION (IN)
  YESTERDAY        0.00          0.86 1927   0.15  -0.15     0.00
  MONTH TO DATE    0.32                      3.30  -2.98     4.32
  SINCE MAR 1      7.12                     12.16  -5.04    15.84
  SINCE JAN 1     14.39                     18.90  -4.51    24.11

SNOWFALL (IN)
  YESTERDAY        0.0           0.0  2002   0.0    0.0      0.0
                                      2001
  MONTH TO DATE    0.0                       0.0    0.0      0.0
  SINCE OCT 1     50.3                      25.8   24.5     57.4
  SINCE JUL 1     50.3                      25.8   24.5     57.4
  SNOW DEPTH       0

DEGREE DAYS
 HEATING
  YESTERDAY        0                         3     -3        0
  MONTH TO DATE   37                       124    -87       61
  SINCE MAR 1   1182                      1195    -13     1280
  SINCE JUL 1   4941                      4717    224     4950

 COOLING
  YESTERDAY       10                         3      7        3
  MONTH TO DATE   87                        38     49       29
  SINCE MAR 1     92                        50     42       33
  SINCE JAN 1     92                        50     42       33
..................................................................


WIND (MPH)
  HIGHEST WIND SPEED    13   HIGHEST WIND DIRECTION    SW (240)
  HIGHEST GUST SPEED    21   HIGHEST GUST DIRECTION     S (200)
  AVERAGE WIND SPEED     4.8


SKY COVER
  AVERAGE SKY COVER 0.0


WEATHER CONDITIONS
 THE FOLLOWING WEATHER WAS RECORDED YESTERDAY.
  NO SIGNIFICANT WEATHER WAS OBSERVED.


RELATIVE HUMIDITY (PERCENT)
 HIGHEST    67           400 AM
 LOWEST     37           300 PM
 AVERAGE    52

..........................................................


THE CENTRAL PARK NY CLIMATE NORMALS FOR TODAY
                         NORMAL    RECORD    YEAR
 MAXIMUM TEMPERATURE (F)   74        95      1880
 MINIMUM TEMPERATURE (F)   57        42      1967


SUNRISE AND SUNSET
MAY 26 2015...........SUNRISE   530 AM EDT   SUNSET   816 PM EDT
MAY 27 2015...........SUNRISE   529 AM EDT   SUNSET   817 PM EDT


-  INDICATES NEGATIVE NUMBERS.
R  INDICATES RECORD WAS SET OR TIED.
MM INDICATES DATA IS MISSING.
T  INDICATES TRACE AMOUNT.




$$
