000
CDUS41 KOKX 260621
CLINYC


CLIMATE REPORT
NATIONAL WEATHER SERVICE NEW YORK NY
121 AM EST FRI DEC 26 2014


...................................

...THE CENTRAL PARK NY CLIMATE SUMMARY FOR DECEMBER 25 2014...

CLIMATE NORMAL PERIOD 1981 TO 2010
CLIMATE RECORD PERIOD 1869 TO 2014


WEATHER ITEM   OBSERVED TIME   RECORD YEAR NORMAL DEPARTURE LAST
                VALUE   (LST)  VALUE       VALUE  FROM      YEAR
                                                  NORMAL
..................................................................
TEMPERATURE (F)
 YESTERDAY
  MAXIMUM         62    349 AM  64    1982  40     22       31
                                      1889
  MINIMUM         44   1159 PM  -1    1980  29     15       19
  AVERAGE         53                        35     18       25

PRECIPITATION (IN)
  YESTERDAY        0.09          1.30 2002   0.13  -0.04     0.00
  MONTH TO DATE    5.94                      3.30   2.64     3.65
  SINCE DEC 1      5.94                      3.30   2.64     3.65
  SINCE JAN 1     53.69                     49.24   4.45    45.12

SNOWFALL (IN)
  YESTERDAY        0.0           7.0  1909   0.2   -0.2      0.0
  MONTH TO DATE    1.0                       3.5   -2.5      8.6
  SINCE OCT 1      1.2                       3.8   -2.6      8.6
  SINCE JUL 1      1.2                       3.8   -2.6      8.6
  SNOW DEPTH       0

DEGREE DAYS
 HEATING
  YESTERDAY       12                        30    -18       40
  MONTH TO DATE  605                       665    -60      646
  SINCE DEC 1    605                       665    -60      646
  SINCE JUL 1   1390                      1498   -108     1454

 COOLING
  YESTERDAY        0                         0      0        0
  MONTH TO DATE    0                         0      0        1
  SINCE DEC 1      0                         0      0        1
  SINCE JAN 1   1128                      1105     23     1272
..................................................................


WIND (MPH)
  HIGHEST WIND SPEED    20   HIGHEST WIND DIRECTION     W (290)
  HIGHEST GUST SPEED    32   HIGHEST GUST DIRECTION    NW (300)
  AVERAGE WIND SPEED     9.5


SKY COVER
  AVERAGE SKY COVER 0.6


WEATHER CONDITIONS
 THE FOLLOWING WEATHER WAS RECORDED YESTERDAY.
  LIGHT RAIN
  FOG


RELATIVE HUMIDITY (PERCENT)
 HIGHEST   100          1200 AM
 LOWEST     38           100 PM
 AVERAGE    69

..........................................................


THE CENTRAL PARK NY CLIMATE NORMALS FOR TODAY
                         NORMAL    RECORD    YEAR
 MAXIMUM TEMPERATURE (F)   40        63      1982
                                             1936
 MINIMUM TEMPERATURE (F)   29         3      1914


SUNRISE AND SUNSET
DECEMBER 26 2014......SUNRISE   719 AM EST   SUNSET   434 PM EST
DECEMBER 27 2014......SUNRISE   719 AM EST   SUNSET   435 PM EST


-  INDICATES NEGATIVE NUMBERS.
R  INDICATES RECORD WAS SET OR TIED.
MM INDICATES DATA IS MISSING.
T  INDICATES TRACE AMOUNT.




$$
