000
CDUS41 KOKX 240619
CLINYC


CLIMATE REPORT
NATIONAL WEATHER SERVICE NEW YORK NY
219 AM EDT TUE OCT 24 2017


...................................

...THE CENTRAL PARK NY CLIMATE SUMMARY FOR OCTOBER 23 2017...

CLIMATE NORMAL PERIOD 1981 TO 2010
CLIMATE RECORD PERIOD 1869 TO 2017


WEATHER ITEM   OBSERVED TIME   RECORD YEAR NORMAL DEPARTURE LAST
                VALUE   (LST)  VALUE       VALUE  FROM      YEAR
                                                  NORMAL
..................................................................
TEMPERATURE (F)
 YESTERDAY
  MAXIMUM         74   1229 PM  85    1947  61     13       61
  MINIMUM         61    143 AM  32    1969  48     13       45
  AVERAGE         68                        55     13       53

PRECIPITATION (IN)
  YESTERDAY        0.00          2.97 1912   0.14  -0.14     0.00
  MONTH TO DATE    0.70                      3.30  -2.60     2.18
  SINCE SEP 1      2.70                      7.58  -4.88     4.97
  SINCE JAN 1     37.77                     40.82  -3.05    31.90

SNOWFALL (IN)
  YESTERDAY        0.0           0.0  2002   0.0    0.0      0.0
                                      2001
  MONTH TO DATE    0.0                       0.0    0.0      0.0
  SINCE OCT 1      0.0                       0.0    0.0      0.0
  SINCE JUL 1      0.0                       0.0    0.0      0.0
  SNOW DEPTH       0

DEGREE DAYS
 HEATING
  YESTERDAY        0                        11    -11       12
  MONTH TO DATE   46                       174   -128      106
  SINCE SEP 1     63                       217   -154      123
  SINCE JUL 1     63                       219   -156      123

 COOLING
  YESTERDAY        3                         0      3        0
  MONTH TO DATE   75                        13     62       29
  SINCE SEP 1    265                       146    119      257
  SINCE JAN 1   1259                      1100    159     1489
..................................................................


WIND (MPH)
  HIGHEST WIND SPEED     7   HIGHEST WIND DIRECTION     E (99)
  HIGHEST GUST SPEED    MM   HIGHEST GUST DIRECTION    MM
  AVERAGE WIND SPEED     3.5


SKY COVER
  AVERAGE SKY COVER 0.7


WEATHER CONDITIONS
 THE FOLLOWING WEATHER WAS RECORDED YESTERDAY.
  NO SIGNIFICANT WEATHER WAS OBSERVED.


RELATIVE HUMIDITY (PERCENT)
 HIGHEST    93           300 AM
 LOWEST     68          1200 PM
 AVERAGE    81

..........................................................


THE CENTRAL PARK NY CLIMATE NORMALS FOR TODAY
                         NORMAL    RECORD    YEAR
 MAXIMUM TEMPERATURE (F)   61        79      2001
 MINIMUM TEMPERATURE (F)   48        31      1969


SUNRISE AND SUNSET
OCTOBER 24 2017.......SUNRISE   717 AM EDT   SUNSET   602 PM EDT
OCTOBER 25 2017.......SUNRISE   718 AM EDT   SUNSET   601 PM EDT


-  INDICATES NEGATIVE NUMBERS.
R  INDICATES RECORD WAS SET OR TIED.
MM INDICATES DATA IS MISSING.
T  INDICATES TRACE AMOUNT.




$$
