000
CDUS45 KPSR 280820
CLINYL

CLIMATE REPORT
NATIONAL WEATHER SERVICE PHOENIX AZ
117 AM MST FRI JUL 28 2017


...................................

...THE YUMA AZ CLIMATE SUMMARY FOR JULY 27 2017...

CLIMATE NORMAL PERIOD 1981 TO 2010
CLIMATE RECORD PERIOD 1876 TO 2017


WEATHER ITEM   OBSERVED TIME   RECORD YEAR NORMAL DEPARTURE LAST
                VALUE   (LST)  VALUE       VALUE  FROM      YEAR
                                                  NORMAL
..................................................................
TEMPERATURE (F)
 YESTERDAY
  MAXIMUM        110    528 PM 118    1998 107      3      113
  MINIMUM         84    611 AM  61    1913  83      1       87
  AVERAGE         97                        95      2      100

PRECIPITATION (IN)
  YESTERDAY        0.00          2.55 1989   0.02  -0.02     0.00
  MONTH TO DATE    T                         0.22  -0.22     0.38
  SINCE OCT 1      2.65                      2.49   0.16     1.50
  SINCE JAN 1      1.70                      1.55   0.15     1.36

DEGREE DAYS
 HEATING
  YESTERDAY        0                         0      0        0
  MONTH TO DATE    0                         0      0        0
  SINCE JUN 1      0                         0      0        0
  SINCE JUL 1      0                         0      0        0

 COOLING
  YESTERDAY       32                        30      2       35
  MONTH TO DATE  851                       794     57      854
  SINCE JUN 1   1606                      1515     91     1687
  SINCE JAN 1   2674                      2427    247     2688
..................................................................


WIND (MPH)
  HIGHEST WIND SPEED    14   HIGHEST WIND DIRECTION     S (190)
  HIGHEST GUST SPEED    18   HIGHEST GUST DIRECTION     S (200)
  AVERAGE WIND SPEED     4.6


SKY COVER
  AVERAGE SKY COVER 0.1


WEATHER CONDITIONS
 THE FOLLOWING WEATHER WAS RECORDED YESTERDAY.
  NO SIGNIFICANT WEATHER WAS OBSERVED.


RELATIVE HUMIDITY (PERCENT)
 HIGHEST    40
 LOWEST     15
 AVERAGE    28

..........................................................


THE YUMA AZ CLIMATE NORMALS FOR TODAY
                         NORMAL    RECORD    YEAR
 MAXIMUM TEMPERATURE (F)  107       124      1995
 MINIMUM TEMPERATURE (F)   83        66      1909


SUNRISE AND SUNSET
JULY 28 2017..........SUNRISE   550 AM MST   SUNSET   739 PM MST
JULY 29 2017..........SUNRISE   551 AM MST   SUNSET   739 PM MST


-  INDICATES NEGATIVE NUMBERS.
R  INDICATES RECORD WAS SET OR TIED.
MM INDICATES DATA IS MISSING.
T  INDICATES TRACE AMOUNT.

$$
