000
CDUS45 KPSR 220813
CLINYL

CLIMATE REPORT
NATIONAL WEATHER SERVICE PHOENIX AZ
112 AM MST WED NOV 22 2017

...................................

...THE YUMA AZ CLIMATE SUMMARY FOR NOVEMBER 21 2017...

CLIMATE NORMAL PERIOD 1981 TO 2010
CLIMATE RECORD PERIOD 1876 TO 2017


WEATHER ITEM   OBSERVED TIME   RECORD YEAR NORMAL DEPARTURE LAST
                VALUE   (LST)  VALUE       VALUE  FROM      YEAR
                                                  NORMAL
..................................................................
TEMPERATURE (F)
 YESTERDAY
  MAXIMUM         84    401 PM  90    1950  75      9       73
  MINIMUM         60    736 AM  34    1907  52      8       56
  AVERAGE         72                        63      9       65

PRECIPITATION (IN)
  YESTERDAY        0.00          0.33 2013   0.00   0.00      T
  MONTH TO DATE    0.07                      0.12  -0.05     0.01
  SINCE OCT 1      0.07                      0.33  -0.26     0.01
  SINCE JAN 1      2.31                      2.95  -0.64     1.88

DEGREE DAYS
 HEATING
  YESTERDAY        0                         3     -3        0
  MONTH TO DATE    0                        28    -28        5
  SINCE SEP 1      0                        30    -30        5
  SINCE JUL 1      0                        30    -30        5

 COOLING
  YESTERDAY        7                         1      6        0
  MONTH TO DATE  137                        80     57      169
  SINCE SEP 1   1236                      1189     47     1324
  SINCE JAN 1   5004                      4642    362     5071
..................................................................


WIND (MPH)
  HIGHEST WIND SPEED    17   HIGHEST WIND DIRECTION     N (350)
  HIGHEST GUST SPEED    21   HIGHEST GUST DIRECTION     N (10)
  AVERAGE WIND SPEED     6.7


SKY COVER
  AVERAGE SKY COVER 0.2


WEATHER CONDITIONS
 THE FOLLOWING WEATHER WAS RECORDED YESTERDAY.
  NO SIGNIFICANT WEATHER WAS OBSERVED.


RELATIVE HUMIDITY (PERCENT)
 HIGHEST    18
 LOWEST      6
 AVERAGE    12

..........................................................


THE YUMA AZ CLIMATE NORMALS FOR TODAY
                         NORMAL    RECORD    YEAR
 MAXIMUM TEMPERATURE (F)   75        91      1950
 MINIMUM TEMPERATURE (F)   52        34      1931


SUNRISE AND SUNSET
NOVEMBER 22 2017......SUNRISE   715 AM MST   SUNSET   534 PM MST
NOVEMBER 23 2017......SUNRISE   716 AM MST   SUNSET   534 PM MST


-  INDICATES NEGATIVE NUMBERS.
R  INDICATES RECORD WAS SET OR TIED.
MM INDICATES DATA IS MISSING.
T  INDICATES TRACE AMOUNT.

$$
