000
CDUS45 KPSR 292317
CLINYL

CLIMATE REPORT
NATIONAL WEATHER SERVICE PHOENIX AZ
416 PM MST MON MAY 29 2017


...................................

...THE YUMA AZ CLIMATE SUMMARY FOR MAY 29 2017...
VALID TODAY AS OF 0400 PM LOCAL TIME.

CLIMATE NORMAL PERIOD 1981 TO 2010
CLIMATE RECORD PERIOD 1876 TO 2017


WEATHER ITEM   OBSERVED TIME   RECORD YEAR NORMAL DEPARTURE LAST
                VALUE   (LST)  VALUE       VALUE  FROM      YEAR
                                                  NORMAL
..................................................................
TEMPERATURE (F)
 TODAY
  MAXIMUM        104    357 PM 115    1984  99      5       92
                                      1910
  MINIMUM         72    639 AM  51    1971  70      2       66
  AVERAGE         88                        85      3       79

PRECIPITATION (IN)
  TODAY            0.00          T    1972   0.01  -0.01     0.00
                                      1896
  MONTH TO DATE    0.14                      0.08   0.06     0.18
  SINCE OCT 1      2.65                      2.26   0.39     1.12
  SINCE JAN 1      1.70                      1.32   0.38     0.98

DEGREE DAYS
 HEATING
  TODAY            0                         0      0        0
  MONTH TO DATE    0                         0      0        0
  SINCE MAR 1     13                        63    -50       22
  SINCE JUL 1    526                       686   -160      598

 COOLING
  TODAY           23                        20      3       14
  MONTH TO DATE  423                       466    -43      376
  SINCE MAR 1    986                       836    150      828
  SINCE JAN 1   1027                       872    155      964
..................................................................


WIND (MPH)
  HIGHEST WIND SPEED    13   HIGHEST WIND DIRECTION    NW (330)
  HIGHEST GUST SPEED    16   HIGHEST GUST DIRECTION    NW (330)
  AVERAGE WIND SPEED     4.3


SKY COVER
  AVERAGE SKY COVER 0.0


WEATHER CONDITIONS
 THE FOLLOWING WEATHER WAS RECORDED TODAY.
  NO SIGNIFICANT WEATHER WAS OBSERVED.


RELATIVE HUMIDITY (PERCENT)
 HIGHEST    38
 LOWEST      7
 AVERAGE    23

..........................................................


THE YUMA AZ CLIMATE NORMALS FOR TOMORROW
                         NORMAL    RECORD    YEAR
 MAXIMUM TEMPERATURE (F)  100       120      1910
 MINIMUM TEMPERATURE (F)   70        54      1906


SUNRISE AND SUNSET
MAY 29 2017...........SUNRISE   532 AM MST   SUNSET   740 PM MST
MAY 30 2017...........SUNRISE   532 AM MST   SUNSET   740 PM MST


-  INDICATES NEGATIVE NUMBERS.
R  INDICATES RECORD WAS SET OR TIED.
MM INDICATES DATA IS MISSING.
T  INDICATES TRACE AMOUNT.

$$
