000
CDUS45 KPSR 040828
CLINYL

CDUS45 KPSR DDHHMM
CLINYL

CLIMATE REPORT
NATIONAL WEATHER SERVICE PHOENIX AZ
124 AM MST FRI SEP 4 2015


...................................

...THE YUMA AZ CLIMATE SUMMARY FOR SEPTEMBER 3 2015...

CLIMATE NORMAL PERIOD 1981 TO 2010
CLIMATE RECORD PERIOD 1876 TO 2015


WEATHER ITEM   OBSERVED TIME   RECORD YEAR NORMAL DEPARTURE LAST
                VALUE   (LST)  VALUE       VALUE  FROM      YEAR
                                                  NORMAL
..................................................................
TEMPERATURE (F)
 YESTERDAY
  MAXIMUM        106    433 PM 115    2010 105      1      110
                                      1955
                                      1950
  MINIMUM         79    653 AM  63    1900  81     -2       81
  AVERAGE         93                        93      0       96

PRECIPITATION (IN)
  YESTERDAY        0.00          0.04 1967   0.02  -0.02     0.00
  MONTH TO DATE    0.00                      0.06  -0.06     0.00
  SINCE OCT 1      1.68                      3.09  -1.41     1.95
  SINCE JAN 1      1.24                      2.15  -0.91     0.84

DEGREE DAYS
 HEATING
  YESTERDAY        0                         0      0        0
  MONTH TO DATE    0                         0      0        0
  SINCE SEP 1      0                         0      0        0
  SINCE JUL 1      0                         0      0        0

 COOLING
  YESTERDAY       28                        28      0       31
  MONTH TO DATE   86                        84      2       94
  SINCE SEP 1     86                        84      2       94
  SINCE JAN 1   3873                      3537    336     3930
..................................................................


WIND (MPH)
  HIGHEST WIND SPEED    31   HIGHEST WIND DIRECTION     S (170)
  HIGHEST GUST SPEED    37   HIGHEST GUST DIRECTION     S (170)
  AVERAGE WIND SPEED    10.9


SKY COVER
  AVERAGE SKY COVER 0.2


WEATHER CONDITIONS
 THE FOLLOWING WEATHER WAS RECORDED YESTERDAY.
  HAZE


RELATIVE HUMIDITY (PERCENT)
 HIGHEST    58
 LOWEST     11
 AVERAGE    35

..........................................................


THE YUMA AZ CLIMATE NORMALS FOR TODAY
                         NORMAL    RECORD    YEAR
 MAXIMUM TEMPERATURE (F)  105       116      1945
 MINIMUM TEMPERATURE (F)   80        60      1936


SUNRISE AND SUNSET
SEPTEMBER  4 2015.....SUNRISE   615 AM MST   SUNSET   659 PM MST
SEPTEMBER  5 2015.....SUNRISE   616 AM MST   SUNSET   658 PM MST


-  INDICATES NEGATIVE NUMBERS.
R  INDICATES RECORD WAS SET OR TIED.
MM INDICATES DATA IS MISSING.
T  INDICATES TRACE AMOUNT.

$$
