000
CDUS46 KMTR 270833
CLIOAK


CLIMATE REPORT
NATIONAL WEATHER SERVICE SAN FRANCISCO BAY AREA
1233 AM PST FRI FEB 27 2015


...................................

...THE OAKLAND AIRPORT CLIMATE SUMMARY FOR FEBRUARY 26 2015...

CLIMATE NORMAL PERIOD 1981 TO 2010
CLIMATE RECORD PERIOD 1948 TO 2015


WEATHER ITEM   OBSERVED TIME   RECORD YEAR NORMAL DEPARTURE LAST
                VALUE   (LST)  VALUE       VALUE  FROM      YEAR
                                                  NORMAL
..................................................................
TEMPERATURE (F)
 YESTERDAY
  MAXIMUM         67    159 PM  75    1986  61      6       60
  MINIMUM         45    522 AM  32    2011  45      0       55
  AVERAGE         56                        53      3       58

PRECIPITATION (IN)
  YESTERDAY        0.00          0.74 1973   0.16  -0.16     0.45
  MONTH TO DATE    1.93                      3.65  -1.72     2.70
  SINCE OCT 1     13.15                     14.95  -1.80     4.20
  SINCE JAN 1      1.93                      7.64  -5.71     2.74

SNOWFALL (IN)
  YESTERDAY        0.0                                       0.0
  MONTH TO DATE    0.0                                       0.0
  SINCE DEC 1      0.0                                       0.0
  SINCE JUL 1      0.0                                       0.0

DEGREE DAYS
 HEATING
  YESTERDAY        9                        12     -3        7
  MONTH TO DATE  225                       338   -113      297
  SINCE DEC 1    950                      1322   -372     1256
  SINCE JUL 1   1287                      1997   -710     1811

 COOLING
  YESTERDAY        0                         0      0        0
  MONTH TO DATE    0                         0      0        0
  SINCE DEC 1      0                         0      0        0
  SINCE JAN 1      0                         0      0        0
..................................................................


WIND (MPH)
  RESULTANT WIND SPEED   3   RESULTANT WIND DIRECTION   W (270)
  HIGHEST WIND SPEED    16   HIGHEST WIND DIRECTION     W (270)
  HIGHEST GUST SPEED    21   HIGHEST GUST DIRECTION     W (260)
  AVERAGE WIND SPEED     5.6


SKY COVER
  POSSIBLE SUNSHINE  MM
  AVERAGE SKY COVER 0.5


WEATHER CONDITIONS
 THE FOLLOWING WEATHER WAS RECORDED YESTERDAY.
  FOG


RELATIVE HUMIDITY (PERCENT)
 HIGHEST    93          1200 AM
 LOWEST     58           200 PM
 AVERAGE    76

..........................................................


THE OAKLAND AIRPORT CLIMATE NORMALS FOR TODAY
                         NORMAL    RECORD    YEAR
 MAXIMUM TEMPERATURE (F)   61        73      1986
 MINIMUM TEMPERATURE (F)   45        31      1962


SUNRISE AND SUNSET
FEBRUARY 27 2015......SUNRISE   643 AM PST   SUNSET   600 PM PST
FEBRUARY 28 2015......SUNRISE   642 AM PST   SUNSET   601 PM PST


-  INDICATES NEGATIVE NUMBERS.
R  INDICATES RECORD WAS SET OR TIED.
MM INDICATES DATA IS MISSING.
T  INDICATES TRACE AMOUNT.




$$
