000
CDUS43 KOAX 291015 CCA
CLIOAX

CLIMATE REPORT...CORRECTION
NATIONAL WEATHER SERVICE OMAHA NEBRASKA
124 AM CDT SUN MAR 29 2015

...CORRECTED HIGHEST GUST SPEED FROM 30 MPH TO 32 MPH...


...................................

...THE VALLEY  NWS, NEBRASKA CLIMATE SUMMARY FOR MARCH 28 2015...

CLIMATE NORMAL PERIOD 1981 TO 2010
CLIMATE RECORD PERIOD 1997 TO 2015


WEATHER ITEM   OBSERVED TIME   NORMAL DEPARTURE LAST
                VALUE   (LST)  VALUE  FROM      YEAR
                                      NORMAL
......................................................
TEMPERATURE (F)
 YESTERDAY
  MAXIMUM         53    339 PM  54     -1       40
  MINIMUM         31    622 AM  33     -2       25
  AVERAGE         42            44     -2       33

PRECIPITATION (IN)
  YESTERDAY        0.00          0.09  -0.09      T
  MONTH TO DATE    0.66          1.72  -1.06     0.36
  SINCE MAR 1      0.66          1.72  -1.06     0.36
  SINCE JAN 1      2.23          3.43  -1.20     1.40

SNOWFALL (IN)
  YESTERDAY        0.0                            T
  MONTH TO DATE    0.2                           1.9
  SINCE JUL 1     19.1                          17.3
  SNOW DEPTH       0

DEGREE DAYS
 HEATING
  YESTERDAY       23            22      1       32
  MONTH TO DATE  622           766   -144      848
  SINCE MAR 1    622           766   -144      848
  SINCE JUL 1   5351          5597   -246     5908

 COOLING
  YESTERDAY        0             0      0        0
  MONTH TO DATE    0             0      0        0
  SINCE MAR 1      0             0      0        0
  SINCE JAN 1      0             0      0        0
......................................................


WIND (MPH)
  HIGHEST WIND SPEED    MM   HIGHEST WIND DIRECTION    MM
  HIGHEST GUST SPEED    32   HIGHEST GUST DIRECTION    MM


SKY COVER
  POSSIBLE SUNSHINE  MM


WEATHER CONDITIONS
 THE FOLLOWING WEATHER WAS RECORDED YESTERDAY.
  NO SIGNIFICANT WEATHER WAS OBSERVED.


..........................................................


THE VALLEY  NWS, NEBRASKA CLIMATE NORMALS FOR TODAY
                         NORMAL
 MAXIMUM TEMPERATURE (F)   55
 MINIMUM TEMPERATURE (F)   33


SUNRISE AND SUNSET
MARCH 29 2015.........SUNRISE   714 AM CDT   SUNSET   747 PM CDT
MARCH 30 2015.........SUNRISE   712 AM CDT   SUNSET   748 PM CDT


-  INDICATES NEGATIVE NUMBERS.
R  INDICATES RECORD WAS SET OR TIED.
MM INDICATES DATA IS MISSING.
T  INDICATES TRACE AMOUNT.




$$

COR BY KLISH
