000
CDUS43 KOAX 130657
CLIOAX


CLIMATE REPORT
NATIONAL WEATHER SERVICE OMAHA NEBRASKA
1257 AM CST SAT FEB 13 2016


...................................

...THE VALLEY  NWS, NEBRASKA CLIMATE SUMMARY FOR FEBRUARY 12 2016...

CLIMATE NORMAL PERIOD 1981 TO 2010
CLIMATE RECORD PERIOD 1997 TO 2016


WEATHER ITEM   OBSERVED TIME   NORMAL DEPARTURE LAST
                VALUE   (LST)  VALUE  FROM      YEAR
                                      NORMAL
......................................................
TEMPERATURE (F)
 YESTERDAY
  MAXIMUM         26   1224 PM  36    -10       20
  MINIMUM         12   1159 PM  17     -5        6
  AVERAGE         19            26     -7       13

PRECIPITATION (IN)
  YESTERDAY        T             0.03  -0.03     0.00
  MONTH TO DATE    0.92          0.38   0.54     0.76
  SINCE DEC 1      6.78          2.28   4.50     3.38
  SINCE JAN 1      1.67          1.17   0.50     1.48

SNOWFALL (IN)
  YESTERDAY        T                             0.0
  MONTH TO DATE    9.0                           9.0
  SINCE JUL 1     27.8                          18.6
  SNOW DEPTH       2

DEGREE DAYS
 HEATING
  YESTERDAY       46            39      7       52
  MONTH TO DATE  471           478     -7      493
  SINCE DEC 1   2677          2982   -305     2683
  SINCE JUL 1   3562          4252   -690     4000

 COOLING
  YESTERDAY        0             0      0        0
  MONTH TO DATE    0             0      0        0
  SINCE DEC 1      0             0      0        0
  SINCE JAN 1      0             0      0        0
......................................................


WIND (MPH)
  HIGHEST WIND SPEED    MM   HIGHEST WIND DIRECTION    MM
  HIGHEST GUST SPEED    25   HIGHEST GUST DIRECTION    MM


SKY COVER
  POSSIBLE SUNSHINE  MM


WEATHER CONDITIONS
 THE FOLLOWING WEATHER WAS RECORDED YESTERDAY.
  LIGHT SNOW


..........................................................


THE VALLEY  NWS, NEBRASKA CLIMATE NORMALS FOR TODAY
                         NORMAL
 MAXIMUM TEMPERATURE (F)   36
 MINIMUM TEMPERATURE (F)   17


SUNRISE AND SUNSET
FEBRUARY 13 2016......SUNRISE   723 AM CST   SUNSET   556 PM CST
FEBRUARY 14 2016......SUNRISE   722 AM CST   SUNSET   558 PM CST


-  INDICATES NEGATIVE NUMBERS.
R  INDICATES RECORD WAS SET OR TIED.
MM INDICATES DATA IS MISSING.
T  INDICATES TRACE AMOUNT.




$$
