000
CDUS43 KOAX 260634
CLIOAX


CLIMATE REPORT
NATIONAL WEATHER SERVICE OMAHA NEBRASKA
1225 AM CST FRI DEC 26 2014


...................................

...THE VALLEY  NWS, NEBRASKA CLIMATE SUMMARY FOR DECEMBER 25 2014...

CLIMATE NORMAL PERIOD 1981 TO 2010
CLIMATE RECORD PERIOD 1997 TO 2014


WEATHER ITEM   OBSERVED TIME   NORMAL DEPARTURE LAST
                VALUE   (LST)  VALUE  FROM      YEAR
                                      NORMAL
......................................................
TEMPERATURE (F)
 YESTERDAY
  MAXIMUM         48    409 PM  32     16       44
  MINIMUM         30   1205 AM  15     15       18
  AVERAGE         39            24     15       31

PRECIPITATION (IN)
  YESTERDAY        0.00          0.03  -0.03     0.00
  MONTH TO DATE    1.81          0.94   0.87     0.18
  SINCE DEC 1      1.81          0.94   0.87     0.18
  SINCE JAN 1     38.29         32.47   5.82    29.09

SNOWFALL (IN)
  YESTERDAY        0.0                           0.0
  MONTH TO DATE    0.1                           3.4
  SINCE JUL 1      3.1                           4.1
  SNOW DEPTH       0

DEGREE DAYS
 HEATING
  YESTERDAY       26            41    -15       34
  MONTH TO DATE  760           959   -199     1087
  SINCE DEC 1    760           959   -199     1087
  SINCE JUL 1   2077          2229   -152     2306

 COOLING
  YESTERDAY        0             0      0        0
  MONTH TO DATE    0             0      0        0
  SINCE DEC 1      0             0      0        0
  SINCE JAN 1   1039          1075    -36     1237
......................................................


WIND (MPH)
  HIGHEST WIND SPEED    MM   HIGHEST WIND DIRECTION    MM
  HIGHEST GUST SPEED    26   HIGHEST GUST DIRECTION    MM


SKY COVER
  POSSIBLE SUNSHINE  MM


WEATHER CONDITIONS
 THE FOLLOWING WEATHER WAS RECORDED YESTERDAY.
  NO SIGNIFICANT WEATHER WAS OBSERVED.


..........................................................


THE VALLEY  NWS, NEBRASKA CLIMATE NORMALS FOR TODAY
                         NORMAL
 MAXIMUM TEMPERATURE (F)   32
 MINIMUM TEMPERATURE (F)   15


SUNRISE AND SUNSET
DECEMBER 26 2014......SUNRISE   750 AM CST   SUNSET   502 PM CST
DECEMBER 27 2014......SUNRISE   750 AM CST   SUNSET   503 PM CST


-  INDICATES NEGATIVE NUMBERS.
R  INDICATES RECORD WAS SET OR TIED.
MM INDICATES DATA IS MISSING.
T  INDICATES TRACE AMOUNT.




$$
