000
CDUS43 KOAX 232157
CLIOAX


CLIMATE REPORT
NATIONAL WEATHER SERVICE OMAHA NEBRASKA
447 PM CDT SAT SEP 23 2017


...................................

...THE VALLEY  NWS, NEBRASKA CLIMATE SUMMARY FOR SEPTEMBER 23 2017...
VALID TODAY AS OF 400 PM LOCAL TIME.

CLIMATE NORMAL PERIOD 1981 TO 2010
CLIMATE RECORD PERIOD 1997 TO 2017


WEATHER ITEM   OBSERVED TIME   NORMAL DEPARTURE LAST
                VALUE   (LST)  VALUE  FROM      YEAR
                                      NORMAL
......................................................
TEMPERATURE (F)
 TODAY
  MAXIMUM         90    234 PM  74     16       88
  MINIMUM         71    608 AM  51     20       70
  AVERAGE         81            63     18       79

PRECIPITATION (IN)
  TODAY            0.00          0.09  -0.09     0.00
  MONTH TO DATE    1.45          2.25  -0.80     2.19
  SINCE SEP 1      1.45          2.25  -0.80     2.19
  SINCE JAN 1     26.67         27.17  -0.50    39.63

SNOWFALL (IN)
  TODAY            0.0                           0.0
  MONTH TO DATE    0.0                           0.0
  SINCE JUL 1      0.0                           0.0
  SNOW DEPTH       0

DEGREE DAYS
 HEATING
  TODAY            0             4     -4        0
  MONTH TO DATE   17            51    -34       10
  SINCE SEP 1     17            51    -34       10
  SINCE JUL 1     17            57    -40       12

 COOLING
  TODAY           16             2     14       14
  MONTH TO DATE  174            96     78      164
  SINCE SEP 1    174            96     78      164
  SINCE JAN 1   1179          1047    132     1261
......................................................


WIND (MPH)
  HIGHEST WIND SPEED    MM   HIGHEST WIND DIRECTION    MM
  HIGHEST GUST SPEED    28   HIGHEST GUST DIRECTION    MM



WEATHER CONDITIONS
 THE FOLLOWING WEATHER WAS RECORDED TODAY.
  NO SIGNIFICANT WEATHER WAS OBSERVED.


..........................................................


THE VALLEY  NWS, NEBRASKA CLIMATE NORMALS FOR TOMORROW
                         NORMAL
 MAXIMUM TEMPERATURE (F)   74
 MINIMUM TEMPERATURE (F)   51


SUNRISE AND SUNSET
SEPTEMBER 23 2017.....SUNRISE   714 AM CDT   SUNSET   720 PM CDT
SEPTEMBER 24 2017.....SUNRISE   715 AM CDT   SUNSET   719 PM CDT


-  INDICATES NEGATIVE NUMBERS.
R  INDICATES RECORD WAS SET OR TIED.
MM INDICATES DATA IS MISSING.
T  INDICATES TRACE AMOUNT.




$$

Klish
