000
CDUS43 KOAX 101028 CCA
CLIOAX

CLIMATE REPORT...CORRECTION
NATIONAL WEATHER SERVICE OMAHA NEBRASKA
1225 AM CST SAT DEC 10 2016

...CORRECTED MAXIMUM TEMPERATURE FROM 23 TO 22 DEGREES...


...................................

...THE VALLEY  NWS, NEBRASKA CLIMATE SUMMARY FOR DECEMBER 9 2016...

CLIMATE NORMAL PERIOD 1981 TO 2010
CLIMATE RECORD PERIOD 1997 TO 2016


WEATHER ITEM   OBSERVED TIME   NORMAL DEPARTURE LAST
                VALUE   (LST)  VALUE  FROM      YEAR
                                      NORMAL
......................................................
TEMPERATURE (F)
 YESTERDAY
  MAXIMUM         22   1159 PM  36    -13       59
  MINIMUM          7    457 AM  19    -12       35
  AVERAGE         15            28    -13       47

PRECIPITATION (IN)
  YESTERDAY        0.00          0.04  -0.04     0.00
  MONTH TO DATE    0.28          0.39  -0.11      T
  SINCE DEC 1      0.28          0.39  -0.11      T
  SINCE JAN 1     43.03         31.92  11.11    34.83

SNOWFALL (IN)
  YESTERDAY        0.0                           0.0
  MONTH TO DATE    1.1                           0.1
  SINCE JUL 1      1.1                           3.5
  SNOW DEPTH       0

DEGREE DAYS
 HEATING
  YESTERDAY       50            37     13       18
  MONTH TO DATE  328           322      6      220
  SINCE DEC 1    328           322      6      220
  SINCE JUL 1   1117          1592   -475     1105

 COOLING
  YESTERDAY        0             0      0        0
  MONTH TO DATE    0             0      0        0
  SINCE DEC 1      0             0      0        0
  SINCE JAN 1   1284          1075    209     1079
......................................................


WIND (MPH)
  HIGHEST WIND SPEED    MM   HIGHEST WIND DIRECTION    MM
  HIGHEST GUST SPEED    12   HIGHEST GUST DIRECTION    MM


SKY COVER
  POSSIBLE SUNSHINE  MM


WEATHER CONDITIONS
 THE FOLLOWING WEATHER WAS RECORDED YESTERDAY.
  NO SIGNIFICANT WEATHER WAS OBSERVED.


..........................................................


THE VALLEY  NWS, NEBRASKA CLIMATE NORMALS FOR TODAY
                         NORMAL
 MAXIMUM TEMPERATURE (F)   36
 MINIMUM TEMPERATURE (F)   18


SUNRISE AND SUNSET
DECEMBER 10 2016......SUNRISE   741 AM CST   SUNSET   456 PM CST
DECEMBER 11 2016......SUNRISE   742 AM CST   SUNSET   456 PM CST


-  INDICATES NEGATIVE NUMBERS.
R  INDICATES RECORD WAS SET OR TIED.
MM INDICATES DATA IS MISSING.
T  INDICATES TRACE AMOUNT.




$$

COR BY KLISH
