000
CDUS43 KGID 140729
CLIODX


CLIMATE REPORT
NATIONAL WEATHER SERVICE HASTINGS NE
129 AM CST THU DEC 14 2017


...................................

...THE ORD NE CLIMATE SUMMARY FOR DECEMBER 13 2017...

CLIMATE NORMAL PERIOD 1981 TO 2010
CLIMATE RECORD PERIOD 1895 TO 2017


WEATHER ITEM   OBSERVED TIME   NORMAL DEPARTURE LAST
                VALUE   (LST)  VALUE  FROM      YEAR
                                      NORMAL
......................................................
TEMPERATURE (F)
 YESTERDAY
  MAXIMUM         53    513 AM  36     17       24
  MINIMUM         27   1231 AM  13     14        0
  AVERAGE         40            25     15       12

PRECIPITATION (IN)
  YESTERDAY        0.00          0.01  -0.01      T
  MONTH TO DATE    0.01          0.43  -0.42     0.01
  SINCE DEC 1      0.01          0.43  -0.42     0.01
  SINCE JAN 1     28.65         24.78   3.87    30.22

DEGREE DAYS
 HEATING
  YESTERDAY       25            40    -15       53
  MONTH TO DATE  380           499   -119      545
  SINCE DEC 1    380           499   -119      545
  SINCE JUL 1   1725          1980   -255     1661

 COOLING
  YESTERDAY        0             0      0        0
  MONTH TO DATE    0             0      0        0
  SINCE DEC 1      0             0      0        0
  SINCE JAN 1    840           845     -5      887
......................................................


WIND (MPH)
  HIGHEST WIND SPEED    40   HIGHEST WIND DIRECTION    NW (320)
  HIGHEST GUST SPEED    57   HIGHEST GUST DIRECTION    NW (320)
  AVERAGE WIND SPEED    19.4


SKY COVER
  AVERAGE SKY COVER 0.1


WEATHER CONDITIONS
 THE FOLLOWING WEATHER WAS RECORDED YESTERDAY.
  NO SIGNIFICANT WEATHER WAS OBSERVED.


RELATIVE HUMIDITY (PERCENT)
 HIGHEST    75          1100 PM
 LOWEST     26           500 AM
 AVERAGE    51

..........................................................


THE ORD NE CLIMATE NORMALS FOR TODAY
                         NORMAL
 MAXIMUM TEMPERATURE (F)   36
 MINIMUM TEMPERATURE (F)   13


SUNRISE AND SUNSET
DECEMBER 14 2017......SUNRISE   755 AM CST   SUNSET   506 PM CST
DECEMBER 15 2017......SUNRISE   756 AM CST   SUNSET   506 PM CST


-  INDICATES NEGATIVE NUMBERS.
R  INDICATES RECORD WAS SET OR TIED.
MM INDICATES DATA IS MISSING.
T  INDICATES TRACE AMOUNT.




$$
