000
CDUS43 KGID 300635
CLIODX


CLIMATE REPORT
NATIONAL WEATHER SERVICE HASTINGS NE
132 AM CDT SAT JUL 30 2016


...................................

...THE ORD NE CLIMATE SUMMARY FOR JULY 29 2016...

CLIMATE NORMAL PERIOD 1981 TO 2010
CLIMATE RECORD PERIOD 1895 TO 2016


WEATHER ITEM   OBSERVED TIME   NORMAL DEPARTURE LAST
                VALUE   (LST)  VALUE  FROM      YEAR
                                      NORMAL
......................................................
TEMPERATURE (F)
 YESTERDAY
  MAXIMUM         79    538 PM  88     -9       86
  MINIMUM         61    525 AM  62     -1       51
  AVERAGE         70            75     -5       69

PRECIPITATION (IN)
  YESTERDAY        0.02          0.16  -0.14     0.00
  MONTH TO DATE    4.01          2.62   1.39     2.16
  SINCE JUN 1      7.53          6.74   0.79     5.43
  SINCE JAN 1     24.07         15.40   8.67    11.89

DEGREE DAYS
 HEATING
  YESTERDAY        0             0      0        0
  MONTH TO DATE    8             0      8        5
  SINCE JUN 1     10            37    -27       11
  SINCE JUL 1      8             0      8        5

 COOLING
  YESTERDAY        5            10     -5        4
  MONTH TO DATE  270           277     -7      279
  SINCE JUN 1    535           439     96      439
  SINCE JAN 1    557           480     77      448
......................................................


WIND (MPH)
  HIGHEST WIND SPEED     8   HIGHEST WIND DIRECTION    NW (330)
  HIGHEST GUST SPEED    10   HIGHEST GUST DIRECTION    NW (330)
  AVERAGE WIND SPEED     2.8


SKY COVER
  AVERAGE SKY COVER 0.5


WEATHER CONDITIONS
 THE FOLLOWING WEATHER WAS RECORDED YESTERDAY.
  LIGHT RAIN


RELATIVE HUMIDITY (PERCENT)
 HIGHEST    97           500 AM
 LOWEST     48           500 PM
 AVERAGE    73

..........................................................


THE ORD NE CLIMATE NORMALS FOR TODAY
                         NORMAL
 MAXIMUM TEMPERATURE (F)   88
 MINIMUM TEMPERATURE (F)   62


SUNRISE AND SUNSET
JULY 30 2016..........SUNRISE   629 AM CDT   SUNSET   855 PM CDT
JULY 31 2016..........SUNRISE   630 AM CDT   SUNSET   854 PM CDT


-  INDICATES NEGATIVE NUMBERS.
R  INDICATES RECORD WAS SET OR TIED.
MM INDICATES DATA IS MISSING.
T  INDICATES TRACE AMOUNT.

$$

KELLEY
