000
CDUS43 KGID 060638
CLIODX


CLIMATE REPORT
NATIONAL WEATHER SERVICE HASTINGS NE
1236 AM CST TUE DEC 6 2016


...................................

...THE ORD NE CLIMATE SUMMARY FOR DECEMBER 5 2016...

CLIMATE NORMAL PERIOD 1981 TO 2010
CLIMATE RECORD PERIOD 1895 TO 2016


WEATHER ITEM   OBSERVED TIME   NORMAL DEPARTURE LAST
                VALUE   (LST)  VALUE  FROM      YEAR
                                      NORMAL
......................................................
TEMPERATURE (F)
 YESTERDAY
  MAXIMUM         49    339 PM  39     10       45
  MINIMUM         26   1159 PM  15     11       31
  AVERAGE         38            27     11       38

PRECIPITATION (IN)
  YESTERDAY        0.00          0.04  -0.04     0.00
  MONTH TO DATE    0.00          0.23  -0.23      T
  SINCE DEC 1      0.00          0.23  -0.23      T
  SINCE JAN 1     30.21         24.58   5.63    22.65

DEGREE DAYS
 HEATING
  YESTERDAY       27            38    -11       27
  MONTH TO DATE  160           185    -25      174
  SINCE DEC 1    160           185    -25      174
  SINCE JUL 1   1276          1666   -390     1313

 COOLING
  YESTERDAY        0             0      0        0
  MONTH TO DATE    0             0      0        0
  SINCE DEC 1      0             0      0        0
  SINCE JAN 1    887           845     42      818
......................................................


WIND (MPH)
  HIGHEST WIND SPEED    25   HIGHEST WIND DIRECTION    NW (330)
  HIGHEST GUST SPEED    37   HIGHEST GUST DIRECTION    NW (330)
  AVERAGE WIND SPEED    11.8


SKY COVER
  AVERAGE SKY COVER 0.5


WEATHER CONDITIONS
 THE FOLLOWING WEATHER WAS RECORDED YESTERDAY.
  NO SIGNIFICANT WEATHER WAS OBSERVED.


RELATIVE HUMIDITY (PERCENT)
 HIGHEST    64           500 PM
 LOWEST     42           300 PM
 AVERAGE    53

..........................................................


THE ORD NE CLIMATE NORMALS FOR TODAY
                         NORMAL
 MAXIMUM TEMPERATURE (F)   39
 MINIMUM TEMPERATURE (F)   15


SUNRISE AND SUNSET
DECEMBER  6 2016......SUNRISE   749 AM CST   SUNSET   505 PM CST
DECEMBER  7 2016......SUNRISE   749 AM CST   SUNSET   505 PM CST


-  INDICATES NEGATIVE NUMBERS.
R  INDICATES RECORD WAS SET OR TIED.
MM INDICATES DATA IS MISSING.
T  INDICATES TRACE AMOUNT.




$$
