809
CDUS43 KGID 242324
CLIODX


CLIMATE REPORT
NATIONAL WEATHER SERVICE HASTINGS NE
523 PM CST TUE JAN 24 2017


...................................

...THE ORD NE CLIMATE SUMMARY FOR JANUARY 24 2017...
VALID TODAY AS OF 0500 PM LOCAL TIME.

CLIMATE NORMAL PERIOD 1981 TO 2010
CLIMATE RECORD PERIOD 1895 TO 2017


WEATHER ITEM   OBSERVED TIME   NORMAL DEPARTURE LAST
                VALUE   (LST)  VALUE  FROM      YEAR
                                      NORMAL
......................................................
TEMPERATURE (F)
 TODAY
  MAXIMUM         32    217 PM  38     -6       41
  MINIMUM         30    723 AM  13     17       19
  AVERAGE         31            25      6       30

PRECIPITATION (IN)
  TODAY            0.29          0.02   0.27     0.00
  MONTH TO DATE    0.96          0.27   0.69     0.24
  SINCE DEC 1      1.37          0.86   0.51     0.93
  SINCE JAN 1      0.96          0.27   0.69     0.24

DEGREE DAYS
 HEATING
  TODAY           34            40     -6       35
  MONTH TO DATE 1017           973     44      992
  SINCE DEC 1   2297          2216     81     2103
  SINCE JUL 1   3413          3697   -284     3242

 COOLING
  TODAY            0             0      0        0
  MONTH TO DATE    0             0      0        0
  SINCE DEC 1      0             0      0        0
  SINCE JAN 1      0             0      0        0
......................................................


WIND (MPH)
  HIGHEST WIND SPEED    18   HIGHEST WIND DIRECTION     E (90)
  HIGHEST GUST SPEED    25   HIGHEST GUST DIRECTION     E (90)
  AVERAGE WIND SPEED     9.7


SKY COVER
  AVERAGE SKY COVER 1.0


WEATHER CONDITIONS
 THE FOLLOWING WEATHER WAS RECORDED TODAY.
  HEAVY SNOW
  SNOW
  LIGHT SNOW
  FOG
  FOG W/VISIBILITY <= 1/4 MILE


RELATIVE HUMIDITY (PERCENT)
 HIGHEST    92          1200 AM
 LOWEST     85          1100 AM
 AVERAGE    89

..........................................................


THE ORD NE CLIMATE NORMALS FOR TOMORROW
                         NORMAL
 MAXIMUM TEMPERATURE (F)   38
 MINIMUM TEMPERATURE (F)   13


SUNRISE AND SUNSET
JANUARY 24 2017.......SUNRISE   755 AM CST   SUNSET   542 PM CST
JANUARY 25 2017.......SUNRISE   754 AM CST   SUNSET   543 PM CST


-  INDICATES NEGATIVE NUMBERS.
R  INDICATES RECORD WAS SET OR TIED.
MM INDICATES DATA IS MISSING.
T  INDICATES TRACE AMOUNT.




$$
