000
CDUS43 KGID 070633
CLIODX


CLIMATE REPORT
NATIONAL WEATHER SERVICE HASTINGS NE
131 AM CDT TUE JUL 7 2015


...................................

...THE ORD NE CLIMATE SUMMARY FOR JULY 6 2015...

CLIMATE NORMAL PERIOD 1981 TO 2010
CLIMATE RECORD PERIOD 1895 TO 2015


WEATHER ITEM   OBSERVED TIME   NORMAL DEPARTURE LAST
                VALUE   (LST)  VALUE  FROM      YEAR
                                      NORMAL
......................................................
TEMPERATURE (F)
 YESTERDAY
  MAXIMUM         77    416 PM  87    -10       91
  MINIMUM         55   1159 PM  61     -6       61
  AVERAGE         66            74     -8       76

PRECIPITATION (IN)
  YESTERDAY        0.17          0.08   0.09     0.00
  MONTH TO DATE    0.17          0.57  -0.40     0.00
  SINCE JUN 1      3.44          4.69  -1.25     8.08
  SINCE JAN 1      9.90         13.35  -3.45    10.30

DEGREE DAYS
 HEATING
  YESTERDAY        0             0      0        0
  MONTH TO DATE    0             0      0        5
  SINCE JUN 1      6            37    -31       37
  SINCE JUL 1      0             0      0        5

 COOLING
  YESTERDAY        1             9     -8       11
  MONTH TO DATE   46            52     -6       31
  SINCE JUN 1    206           214     -8      177
  SINCE JAN 1    215           255    -40      246
......................................................


WIND (MPH)
  HIGHEST WIND SPEED    24   HIGHEST WIND DIRECTION     N (10)
  HIGHEST GUST SPEED    32   HIGHEST GUST DIRECTION     N (20)
  AVERAGE WIND SPEED    12.5


SKY COVER
  AVERAGE SKY COVER 0.3


WEATHER CONDITIONS
 THE FOLLOWING WEATHER WAS RECORDED YESTERDAY.
  RAIN
  LIGHT RAIN
  FOG
  HAZE


RELATIVE HUMIDITY (PERCENT)
 HIGHEST    93           600 AM
 LOWEST     40           200 PM
 AVERAGE    67

..........................................................


THE ORD NE CLIMATE NORMALS FOR TODAY
                         NORMAL
 MAXIMUM TEMPERATURE (F)   87
 MINIMUM TEMPERATURE (F)   61


SUNRISE AND SUNSET
JULY  7 2015..........SUNRISE   609 AM CDT   SUNSET   912 PM CDT
JULY  8 2015..........SUNRISE   609 AM CDT   SUNSET   912 PM CDT


-  INDICATES NEGATIVE NUMBERS.
R  INDICATES RECORD WAS SET OR TIED.
MM INDICATES DATA IS MISSING.
T  INDICATES TRACE AMOUNT.




$$

BRYANT
