000
CDUS43 KGID 260627
CLIODX


CLIMATE REPORT
NATIONAL WEATHER SERVICE HASTINGS NE
125 AM CDT WED APR 26 2017


...................................

...THE ORD NE CLIMATE SUMMARY FOR APRIL 25 2017...

CLIMATE NORMAL PERIOD 1981 TO 2010
CLIMATE RECORD PERIOD 1895 TO 2017


WEATHER ITEM   OBSERVED TIME   NORMAL DEPARTURE LAST
                VALUE   (LST)  VALUE  FROM      YEAR
                                      NORMAL
......................................................
TEMPERATURE (F)
 YESTERDAY
  MAXIMUM         49   1249 AM  65    -16       69
  MINIMUM         35   1159 PM  39     -4       44
  AVERAGE         42            52    -10       57

PRECIPITATION (IN)
  YESTERDAY        0.36          0.10   0.26     0.00
  MONTH TO DATE    2.03          2.05  -0.02     4.23
  SINCE MAR 1      3.86          3.50   0.36     5.58
  SINCE JAN 1      5.80          4.31   1.49     6.73

DEGREE DAYS
 HEATING
  YESTERDAY       23            13     10        8
  MONTH TO DATE  321           427   -106      339
  SINCE MAR 1   1050          1273   -223     1020
  SINCE JUL 1   5561          6290   -729     5369

 COOLING
  YESTERDAY        0             0      0        0
  MONTH TO DATE    0             0      0        0
  SINCE MAR 1      0             0      0        0
  SINCE JAN 1      0             0      0        0
......................................................


WIND (MPH)
  HIGHEST WIND SPEED    24   HIGHEST WIND DIRECTION     N (340)
  HIGHEST GUST SPEED    30   HIGHEST GUST DIRECTION     N (350)
  AVERAGE WIND SPEED    16.7


SKY COVER
  AVERAGE SKY COVER 1.0


WEATHER CONDITIONS
 THE FOLLOWING WEATHER WAS RECORDED YESTERDAY.
  THUNDERSTORM
  HEAVY RAIN
  RAIN
  LIGHT RAIN
  FOG


RELATIVE HUMIDITY (PERCENT)
 HIGHEST    92           800 AM
 LOWEST     66           100 AM
 AVERAGE    79

..........................................................


THE ORD NE CLIMATE NORMALS FOR TODAY
                         NORMAL
 MAXIMUM TEMPERATURE (F)   65
 MINIMUM TEMPERATURE (F)   40


SUNRISE AND SUNSET
APRIL 26 2017.........SUNRISE   639 AM CDT   SUNSET   829 PM CDT
APRIL 27 2017.........SUNRISE   638 AM CDT   SUNSET   830 PM CDT


-  INDICATES NEGATIVE NUMBERS.
R  INDICATES RECORD WAS SET OR TIED.
MM INDICATES DATA IS MISSING.
T  INDICATES TRACE AMOUNT.




$$
