000
CDUS43 KGID 050639
CLIODX


CLIMATE REPORT
NATIONAL WEATHER SERVICE HASTINGS NE
137 AM CDT WED AUG 5 2015


...................................

...THE ORD NE CLIMATE SUMMARY FOR AUGUST 4 2015...

CLIMATE NORMAL PERIOD 1981 TO 2010
CLIMATE RECORD PERIOD 1895 TO 2015


WEATHER ITEM   OBSERVED TIME   NORMAL DEPARTURE LAST
                VALUE   (LST)  VALUE  FROM      YEAR
                                      NORMAL
......................................................
TEMPERATURE (F)
 YESTERDAY
  MAXIMUM         82    124 PM  87     -5       85
  MINIMUM         64   1159 PM  62      2       63
  AVERAGE         73            75     -2       74

PRECIPITATION (IN)
  YESTERDAY        0.04          0.09  -0.05     0.00
  MONTH TO DATE    0.29          0.38  -0.09     0.04
  SINCE JUN 1      6.24          7.47  -1.23    10.19
  SINCE JAN 1     12.70         16.13  -3.43    12.41

DEGREE DAYS
 HEATING
  YESTERDAY        0             0      0        0
  MONTH TO DATE    0             0      0        0
  SINCE JUN 1     11            42    -31       51
  SINCE JUL 1      5             5      0       19

 COOLING
  YESTERDAY        8            10     -2        9
  MONTH TO DATE   35            40     -5       33
  SINCE JUN 1    495           499     -4      364
  SINCE JAN 1    504           540    -36      433
......................................................


WIND (MPH)
  HIGHEST WIND SPEED    21   HIGHEST WIND DIRECTION     S (170)
  HIGHEST GUST SPEED    28   HIGHEST GUST DIRECTION     S (180)
  AVERAGE WIND SPEED     8.7


SKY COVER
  AVERAGE SKY COVER 0.5


WEATHER CONDITIONS
 THE FOLLOWING WEATHER WAS RECORDED YESTERDAY.
  THUNDERSTORM
  LIGHT RAIN


RELATIVE HUMIDITY (PERCENT)
 HIGHEST    93           300 AM
 LOWEST     49           100 PM
 AVERAGE    71

..........................................................


THE ORD NE CLIMATE NORMALS FOR TODAY
                         NORMAL
 MAXIMUM TEMPERATURE (F)   87
 MINIMUM TEMPERATURE (F)   62


SUNRISE AND SUNSET
AUGUST  5 2015........SUNRISE   634 AM CDT   SUNSET   849 PM CDT
AUGUST  6 2015........SUNRISE   635 AM CDT   SUNSET   848 PM CDT


-  INDICATES NEGATIVE NUMBERS.
R  INDICATES RECORD WAS SET OR TIED.
MM INDICATES DATA IS MISSING.
T  INDICATES TRACE AMOUNT.




$$
