000
CDUS43 KGID 220630
CLIODX


CLIMATE REPORT
NATIONAL WEATHER SERVICE HASTINGS NE
130 AM CDT FRI MAY 22 2015


...................................

...THE ORD NE CLIMATE SUMMARY FOR MAY 21 2015...

CLIMATE NORMAL PERIOD 1981 TO 2010
CLIMATE RECORD PERIOD 1895 TO 2015


WEATHER ITEM   OBSERVED TIME   NORMAL DEPARTURE LAST
                VALUE   (LST)  VALUE  FROM      YEAR
                                      NORMAL
......................................................
TEMPERATURE (F)
 YESTERDAY
  MAXIMUM         66    439 PM  73     -7       77
  MINIMUM         31    528 AM  49    -18       53
  AVERAGE         49            61    -12       65

PRECIPITATION (IN)
  YESTERDAY        0.00          0.13  -0.13     0.00
  MONTH TO DATE    2.48          2.37   0.11     0.33
  SINCE MAR 1      5.22          6.41  -1.19     1.79
  SINCE JAN 1      5.96          7.22  -1.26     2.04

DEGREE DAYS
 HEATING
  YESTERDAY       16             5     11        0
  MONTH TO DATE  184           176      8      255
  SINCE MAR 1   1333          1512   -179     1701
  SINCE JUL 1   6465          6529    -64     6854

 COOLING
  YESTERDAY        0             2     -2        0
  MONTH TO DATE    5            19    -14       11
  SINCE MAR 1      9            21    -12       12
  SINCE JAN 1      9            21    -12       12
......................................................


WIND (MPH)
  HIGHEST WIND SPEED    12   HIGHEST WIND DIRECTION     S (200)
  HIGHEST GUST SPEED    16   HIGHEST GUST DIRECTION     S (200)
  AVERAGE WIND SPEED     3.5


SKY COVER
  AVERAGE SKY COVER 0.0


WEATHER CONDITIONS
 THE FOLLOWING WEATHER WAS RECORDED YESTERDAY.
  NO SIGNIFICANT WEATHER WAS OBSERVED.


RELATIVE HUMIDITY (PERCENT)
 HIGHEST    96           600 AM
 LOWEST     30           400 PM
 AVERAGE    63

..........................................................


THE ORD NE CLIMATE NORMALS FOR TODAY
                         NORMAL
 MAXIMUM TEMPERATURE (F)   74
 MINIMUM TEMPERATURE (F)   49


SUNRISE AND SUNSET
MAY 22 2015...........SUNRISE   610 AM CDT   SUNSET   855 PM CDT
MAY 23 2015...........SUNRISE   610 AM CDT   SUNSET   856 PM CDT


-  INDICATES NEGATIVE NUMBERS.
R  INDICATES RECORD WAS SET OR TIED.
MM INDICATES DATA IS MISSING.
T  INDICATES TRACE AMOUNT.




$$
