000
CDUS43 KOAX 302154
CLIOFK


CLIMATE REPORT
NATIONAL WEATHER SERVICE OMAHA NEBRASKA
454 PM CDT SAT JUL 30 2016


...................................

...THE NORFOLK, NEBRASKA CLIMATE SUMMARY FOR JULY 30 2016...
VALID TODAY AS OF 400 PM LOCAL TIME.

CLIMATE NORMAL PERIOD 1981 TO 2010
CLIMATE RECORD PERIOD 1888 TO 2016


WEATHER ITEM   OBSERVED TIME   RECORD YEAR NORMAL DEPARTURE LAST
                VALUE   (LST)  VALUE       VALUE  FROM      YEAR
                                                  NORMAL
..................................................................
TEMPERATURE (F)
 TODAY
  MAXIMUM         80    259 PM 104    1935  86     -6       88
  MINIMUM         57    428 AM  42    1971  64     -7       55
  AVERAGE         69                        75     -6       72

PRECIPITATION (IN)
  TODAY            0.00          2.44 1958   0.10  -0.10     0.00
  MONTH TO DATE    2.75                      3.22  -0.47     5.14
  SINCE JUN 1      5.96                      7.48  -1.52     9.74
  SINCE JAN 1     22.41                     17.18   5.23    16.70

SNOWFALL (IN)
  TODAY            0.0                       0.0    0.0      0.0
  MONTH TO DATE    0.0                       0.0    0.0      0.0
  SINCE JUL 1      0.0                       0.0    0.0      0.0
  SNOW DEPTH       0

DEGREE DAYS
 HEATING
  TODAY            0                         0      0        0
  MONTH TO DATE    7                         0      7        4
  SINCE JUN 1     10                        30    -20        7
  SINCE JUL 1      7                         0      7        4

 COOLING
  TODAY            4                        10     -6        7
  MONTH TO DATE  284                       298    -14      292
  SINCE JUN 1    560                       484     76      478
  SINCE JAN 1    598                       545     53      511
..................................................................


WIND (MPH)
  HIGHEST WIND SPEED    16   HIGHEST WIND DIRECTION    SE (130)
  HIGHEST GUST SPEED    22   HIGHEST GUST DIRECTION     S (160)
  AVERAGE WIND SPEED     5.8


SKY COVER
  POSSIBLE SUNSHINE  MM
  AVERAGE SKY COVER 0.3


WEATHER CONDITIONS
 THE FOLLOWING WEATHER WAS RECORDED TODAY.
  FOG


RELATIVE HUMIDITY (PERCENT)
 HIGHEST    93           300 AM
 LOWEST     54           200 PM
 AVERAGE    74

..........................................................


THE NORFOLK, NEBRASKA CLIMATE NORMALS FOR TOMORROW
                         NORMAL    RECORD    YEAR
 MAXIMUM TEMPERATURE (F)   86       105      1955
 MINIMUM TEMPERATURE (F)   64        48      2009
                                             1904
                                             1893


SUNRISE AND SUNSET
JULY 30 2016..........SUNRISE   622 AM CDT   SUNSET   850 PM CDT
JULY 31 2016..........SUNRISE   623 AM CDT   SUNSET   849 PM CDT


-  INDICATES NEGATIVE NUMBERS.
R  INDICATES RECORD WAS SET OR TIED.
MM INDICATES DATA IS MISSING.
T  INDICATES TRACE AMOUNT.




$$

KLISH
