000
CDUS43 KOAX 300626
CLIOFK


CLIMATE REPORT
NATIONAL WEATHER SERVICE OMAHA NEBRASKA
123 AM CDT MON MAR 30 2015


...................................

...THE NORFOLK, NEBRASKA CLIMATE SUMMARY FOR MARCH 29 2015...

CLIMATE NORMAL PERIOD 1981 TO 2010
CLIMATE RECORD PERIOD 1888 TO 2015


WEATHER ITEM   OBSERVED TIME   RECORD YEAR NORMAL DEPARTURE LAST
                VALUE   (LST)  VALUE       VALUE  FROM      YEAR
                                                  NORMAL
..................................................................
TEMPERATURE (F)
 YESTERDAY
  MAXIMUM         62    444 PM  88    1986  55      7       60
  MINIMUM         34   1159 PM   5    1969  31      3       16
  AVERAGE         48                        43      5       38

PRECIPITATION (IN)
  YESTERDAY        0.00          1.14 1976   0.08  -0.08     0.00
  MONTH TO DATE    0.82                      1.61  -0.79     0.37
  SINCE MAR 1      0.82                      1.61  -0.79     0.37
  SINCE JAN 1      1.70                      2.96  -1.26     0.93

SNOWFALL (IN)
  YESTERDAY        0.0                       0.2   -0.2      0.0
  MONTH TO DATE    0.2                       4.8   -4.6      4.0
  SINCE JUL 1     20.5                      27.6   -7.1     15.4
  SNOW DEPTH       0

DEGREE DAYS
 HEATING
  YESTERDAY       17                        22     -5       27
  MONTH TO DATE  666                       812   -146      918
  SINCE MAR 1    666                       812   -146      918
  SINCE JUL 1   5712                      5905   -193     6268

 COOLING
  YESTERDAY        0                         0      0        0
  MONTH TO DATE    0                         0      0        0
  SINCE MAR 1      0                         0      0        0
  SINCE JAN 1      0                         0      0        0
..................................................................


WIND (MPH)
  HIGHEST WIND SPEED    41   HIGHEST WIND DIRECTION    NW (310)
  HIGHEST GUST SPEED    54   HIGHEST GUST DIRECTION    NW (330)
  AVERAGE WIND SPEED    16.3


SKY COVER
  POSSIBLE SUNSHINE  MM
  AVERAGE SKY COVER 0.2


WEATHER CONDITIONS
 THE FOLLOWING WEATHER WAS RECORDED YESTERDAY.
  NO SIGNIFICANT WEATHER WAS OBSERVED.


RELATIVE HUMIDITY (PERCENT)
 HIGHEST    71           500 AM
 LOWEST     20           400 PM
 AVERAGE    46

..........................................................


THE NORFOLK, NEBRASKA CLIMATE NORMALS FOR TODAY
                         NORMAL    RECORD    YEAR
 MAXIMUM TEMPERATURE (F)   55        87      1968
 MINIMUM TEMPERATURE (F)   31        10      1944


SUNRISE AND SUNSET
MARCH 30 2015.........SUNRISE   716 AM CDT   SUNSET   753 PM CDT
MARCH 31 2015.........SUNRISE   715 AM CDT   SUNSET   754 PM CDT


-  INDICATES NEGATIVE NUMBERS.
R  INDICATES RECORD WAS SET OR TIED.
MM INDICATES DATA IS MISSING.
T  INDICATES TRACE AMOUNT.


$$

BCM
