000
CDUS43 KOAX 280746
CLIOFK


CLIMATE REPORT
NATIONAL WEATHER SERVICE OMAHA NEBRASKA
143 AM CST SAT FEB 28 2015


...................................

...THE NORFOLK, NEBRASKA CLIMATE SUMMARY FOR FEBRUARY 27 2015...

CLIMATE NORMAL PERIOD 1981 TO 2010
CLIMATE RECORD PERIOD 1888 TO 2015


WEATHER ITEM   OBSERVED TIME   RECORD YEAR NORMAL DEPARTURE LAST
                VALUE   (LST)  VALUE       VALUE  FROM      YEAR
                                                  NORMAL
..................................................................
TEMPERATURE (F)
 YESTERDAY
  MAXIMUM         22    440 PM  68    2006  41    -19       15
  MINIMUM         -9    613 AM -18    1899  20    -29        2
  AVERAGE          7                        31    -24        9

PRECIPITATION (IN)
  YESTERDAY        0.00          0.63 1907   0.03  -0.03     0.00
  MONTH TO DATE    0.31                      0.73  -0.42     0.39
  SINCE DEC 1      2.08                      2.07   0.01     0.67
  SINCE JAN 1      0.88                      1.32  -0.44     0.53

SNOWFALL (IN)
  YESTERDAY        0.0                       0.1   -0.1      0.0
  MONTH TO DATE    4.0                       5.3   -1.3      6.2
  SINCE JUL 1     20.3                      22.6   -2.3     10.7
  SNOW DEPTH       T

DEGREE DAYS
 HEATING
  YESTERDAY       58                        34     24       56
  MONTH TO DATE 1167                      1035    132     1210
  SINCE DEC 1   3505                      3612   -107     3920
  SINCE JUL 1   4998                      5057    -59     5306

 COOLING
  YESTERDAY        0                         0      0        0
  MONTH TO DATE    0                         0      0        0
  SINCE DEC 1      0                         0      0        0
  SINCE JAN 1      0                         0      0        0
..................................................................


WIND (MPH)
  HIGHEST WIND SPEED    15   HIGHEST WIND DIRECTION    SE (150)
  HIGHEST GUST SPEED    17   HIGHEST GUST DIRECTION    SE (150)
  AVERAGE WIND SPEED     6.3


SKY COVER
  POSSIBLE SUNSHINE  MM
  AVERAGE SKY COVER 0.0


WEATHER CONDITIONS
 THE FOLLOWING WEATHER WAS RECORDED YESTERDAY.
  NO SIGNIFICANT WEATHER WAS OBSERVED.


RELATIVE HUMIDITY (PERCENT)
 HIGHEST    83           500 AM
 LOWEST     39           300 PM
 AVERAGE    61

..........................................................


THE NORFOLK, NEBRASKA CLIMATE NORMALS FOR TODAY
                         NORMAL    RECORD    YEAR
 MAXIMUM TEMPERATURE (F)   41        71      1972
 MINIMUM TEMPERATURE (F)   21       -26      1962


SUNRISE AND SUNSET
FEBRUARY 28 2015......SUNRISE   707 AM CST   SUNSET   618 PM CST
MARCH  1 2015.........SUNRISE   705 AM CST   SUNSET   620 PM CST


-  INDICATES NEGATIVE NUMBERS.
R  INDICATES RECORD WAS SET OR TIED.
MM INDICATES DATA IS MISSING.
T  INDICATES TRACE AMOUNT.




$$
