000
CDUS43 KOAX 280631
CLIOFK


CLIMATE REPORT
NATIONAL WEATHER SERVICE OMAHA NEBRASKA
127 AM CDT FRI APR 28 2017


...................................

...THE NORFOLK, NEBRASKA CLIMATE SUMMARY FOR APRIL 27 2017...

CLIMATE NORMAL PERIOD 1981 TO 2010
CLIMATE RECORD PERIOD 1888 TO 2017


WEATHER ITEM   OBSERVED TIME   RECORD YEAR NORMAL DEPARTURE LAST
                VALUE   (LST)  VALUE       VALUE  FROM      YEAR
                                                  NORMAL
..................................................................
TEMPERATURE (F)
 YESTERDAY
  MAXIMUM         54    442 PM  94    1989  66    -12       54
  MINIMUM         29    551 AM  19    1928  42    -13       44
  AVERAGE         42                        54    -12       49

PRECIPITATION (IN)
  YESTERDAY        0.00          1.16 1951   0.10  -0.10     1.11
  MONTH TO DATE    1.78                      2.35  -0.57     4.05
  SINCE MAR 1      2.99                      4.12  -1.13     6.46
  SINCE JAN 1      5.23                      5.47  -0.24     8.61

SNOWFALL (IN)
  YESTERDAY        0.0                       0.0    0.0      0.0
  MONTH TO DATE    T                         2.5   -2.5       T
  SINCE JUL 1     30.2                      30.4   -0.2     53.0
  SNOW DEPTH       0

DEGREE DAYS
 HEATING
  YESTERDAY       23                        12     11       16
  MONTH TO DATE  384                       440    -56      355
  SINCE MAR 1   1150                      1296   -146     1018
  SINCE JUL 1   5605                      6389   -784     5319

 COOLING
  YESTERDAY        0                         1     -1        0
  MONTH TO DATE    0                         9     -9        0
  SINCE MAR 1      0                         9     -9        0
  SINCE JAN 1      0                         9     -9        0
..................................................................


WIND (MPH)
  HIGHEST WIND SPEED    16   HIGHEST WIND DIRECTION    NW (330)
  HIGHEST GUST SPEED    20   HIGHEST GUST DIRECTION    NW (320)
  AVERAGE WIND SPEED     6.4


SKY COVER
  POSSIBLE SUNSHINE  MM
  AVERAGE SKY COVER 0.5


WEATHER CONDITIONS
 THE FOLLOWING WEATHER WAS RECORDED YESTERDAY.
  NO SIGNIFICANT WEATHER WAS OBSERVED.


RELATIVE HUMIDITY (PERCENT)
 HIGHEST    92           500 AM
 LOWEST     50           400 PM
 AVERAGE    71

..........................................................


THE NORFOLK, NEBRASKA CLIMATE NORMALS FOR TODAY
                         NORMAL    RECORD    YEAR
 MAXIMUM TEMPERATURE (F)   67       102      1910
 MINIMUM TEMPERATURE (F)   42        24      1926


SUNRISE AND SUNSET
APRIL 28 2017.........SUNRISE   629 AM CDT   SUNSET   826 PM CDT
APRIL 29 2017.........SUNRISE   628 AM CDT   SUNSET   827 PM CDT


-  INDICATES NEGATIVE NUMBERS.
R  INDICATES RECORD WAS SET OR TIED.
MM INDICATES DATA IS MISSING.
T  INDICATES TRACE AMOUNT.




$$
