000
CDUS43 KOAX 230700
CLIOFK


CLIMATE REPORT
NATIONAL WEATHER SERVICE OMAHA NEBRASKA
159 AM CDT SAT SEP 23 2017


...................................

...THE NORFOLK, NEBRASKA CLIMATE SUMMARY FOR SEPTEMBER 22 2017...

CLIMATE NORMAL PERIOD 1981 TO 2010
CLIMATE RECORD PERIOD 1888 TO 2017


WEATHER ITEM   OBSERVED TIME   RECORD YEAR NORMAL DEPARTURE LAST
                VALUE   (LST)  VALUE       VALUE  FROM      YEAR
                                                  NORMAL
..................................................................
TEMPERATURE (F)
 YESTERDAY
  MAXIMUM         94    337 PM  96    1940  74     20       82
  MINIMUM         75    659 AM  26    1995  48     27       67
  AVERAGE         85                        61     24       75

PRECIPITATION (IN)
  YESTERDAY        0.00          1.32 1994   0.09  -0.09     0.01
  MONTH TO DATE    0.71                      1.97  -1.26     1.71
  SINCE SEP 1      0.71                      1.97  -1.26     1.71
  SINCE JAN 1     22.49                     22.50  -0.01    26.58

SNOWFALL (IN)
  YESTERDAY        0.0                       0.0    0.0      0.0
  MONTH TO DATE    0.0                       0.0    0.0      0.0
  SINCE JUL 1      0.0                       0.0    0.0      0.0
  SNOW DEPTH       0

DEGREE DAYS
 HEATING
  YESTERDAY        0                         6     -6        0
  MONTH TO DATE   43                        69    -26       23
  SINCE SEP 1     43                        69    -26       23
  SINCE JUL 1     54                        85    -31       36

 COOLING
  YESTERDAY       20                         2     18       10
  MONTH TO DATE  103                        82     21       99
  SINCE SEP 1    103                        82     21       99
  SINCE JAN 1    861                       898    -37      942
..................................................................


WIND (MPH)
  HIGHEST WIND SPEED    29   HIGHEST WIND DIRECTION     S (180)
  HIGHEST GUST SPEED    38   HIGHEST GUST DIRECTION     S (170)
  AVERAGE WIND SPEED    18.7


SKY COVER
  POSSIBLE SUNSHINE  MM
  AVERAGE SKY COVER 0.0


WEATHER CONDITIONS
 THE FOLLOWING WEATHER WAS RECORDED YESTERDAY.
  NO SIGNIFICANT WEATHER WAS OBSERVED.


RELATIVE HUMIDITY (PERCENT)
 HIGHEST    82           500 AM
 LOWEST     38           400 PM
 AVERAGE    60

..........................................................


THE NORFOLK, NEBRASKA CLIMATE NORMALS FOR TODAY
                         NORMAL    RECORD    YEAR
 MAXIMUM TEMPERATURE (F)   74        92      1921
 MINIMUM TEMPERATURE (F)   48        27      1983


SUNRISE AND SUNSET
SEPTEMBER 23 2017.....SUNRISE   718 AM CDT   SUNSET   725 PM CDT
SEPTEMBER 24 2017.....SUNRISE   720 AM CDT   SUNSET   723 PM CDT


-  INDICATES NEGATIVE NUMBERS.
R  INDICATES RECORD WAS SET OR TIED.
MM INDICATES DATA IS MISSING.
T  INDICATES TRACE AMOUNT.




$$
