000
CDUS43 KOAX 220631
CLIOFK


CLIMATE REPORT
NATIONAL WEATHER SERVICE OMAHA NEBRASKA
130 AM CDT FRI AUG 22 2014


...................................

...THE NORFOLK, NEBRASKA CLIMATE SUMMARY FOR AUGUST 21 2014...

CLIMATE NORMAL PERIOD 1981 TO 2010
CLIMATE RECORD PERIOD 1888 TO 2014


WEATHER ITEM   OBSERVED TIME   RECORD YEAR NORMAL DEPARTURE LAST
                VALUE   (LST)  VALUE       VALUE  FROM      YEAR
                                                  NORMAL
..................................................................
TEMPERATURE (F)
 YESTERDAY
  MAXIMUM         90    427 PM 100    1914  84      6       91
  MINIMUM         71    544 AM  43    1939  61     10       68
  AVERAGE         81                        72      9       80

PRECIPITATION (IN)
  YESTERDAY        T             2.48 1998   0.10  -0.10     0.50
  MONTH TO DATE    1.80                      2.32  -0.52     3.13
  SINCE JUN 1     14.32                      9.90   4.42     6.54
  SINCE JAN 1     19.81                     19.60   0.21    17.96

SNOWFALL (IN)
  YESTERDAY        0.0                       0.0    0.0      0.0
  MONTH TO DATE    0.0                       0.0    0.0      0.0
  SINCE JUL 1      0.0                       0.0    0.0      0.0
  SNOW DEPTH       0

DEGREE DAYS
 HEATING
  YESTERDAY        0                         0      0        0
  MONTH TO DATE    0                         0      0        3
  SINCE JUN 1     37                        34      3       58
  SINCE JUL 1     12                         4      8       16

 COOLING
  YESTERDAY       16                         8      8       15
  MONTH TO DATE  170                       188    -18      134
  SINCE JUN 1    560                       688   -128      608
  SINCE JAN 1    657                       749    -92      672
..................................................................


WIND (MPH)
  HIGHEST WIND SPEED    24   HIGHEST WIND DIRECTION     S (190)
  HIGHEST GUST SPEED    31   HIGHEST GUST DIRECTION     S (190)
  AVERAGE WIND SPEED     8.3


SKY COVER
  POSSIBLE SUNSHINE  MM
  AVERAGE SKY COVER 0.1


WEATHER CONDITIONS
 THE FOLLOWING WEATHER WAS RECORDED YESTERDAY.
  LIGHT RAIN


RELATIVE HUMIDITY (PERCENT)
 HIGHEST    88          1100 PM
 LOWEST     52           400 PM
 AVERAGE    70

..........................................................


THE NORFOLK, NEBRASKA CLIMATE NORMALS FOR TODAY
                         NORMAL    RECORD    YEAR
 MAXIMUM TEMPERATURE (F)   84       106      1938
 MINIMUM TEMPERATURE (F)   61        40      1923


SUNRISE AND SUNSET
AUGUST 22 2014........SUNRISE   645 AM CDT   SUNSET   819 PM CDT
AUGUST 23 2014........SUNRISE   646 AM CDT   SUNSET   818 PM CDT


-  INDICATES NEGATIVE NUMBERS.
R  INDICATES RECORD WAS SET OR TIED.
MM INDICATES DATA IS MISSING.
T  INDICATES TRACE AMOUNT.




$$
