000
CDUS42 KCAE 020616
CLIOGB


CLIMATE REPORT
NATIONAL WEATHER SERVICE COLUMBIA SC
116 AM EST MON MAR 2 2015


...................................

...THE ORANGEBURG AIRPORT SC CLIMATE SUMMARY FOR MARCH 1 2015...

CLIMATE NORMAL PERIOD 1981 TO 2010
CLIMATE RECORD PERIOD 9999 TO 9999


WEATHER ITEM   OBSERVED TIME   NORMAL DEPARTURE LAST
                VALUE   (LST)  VALUE  FROM      YEAR
                                      NORMAL
......................................................
TEMPERATURE (F)
 YESTERDAY
  MAXIMUM         44   1203 AM  65    -21       62
  MINIMUM         35    947 AM  41     -6       39
  AVERAGE         40            53    -13       51

PRECIPITATION (IN)
  YESTERDAY        0.21          0.13   0.08     0.00
  MONTH TO DATE    0.21          0.13   0.08     0.00
  SINCE MAR 1      0.21          0.13   0.08     0.00
  SINCE JAN 1      7.06          7.70  -0.64     5.92

DEGREE DAYS
 HEATING
  YESTERDAY       25            12     13       14
  MONTH TO DATE   25            12     13       14
  SINCE MAR 1     25            12     13       14
  SINCE JUL 1   2099          1944    155     1878

 COOLING
  YESTERDAY        0             0      0        0
  MONTH TO DATE    0             0      0        0
  SINCE MAR 1      0             0      0        0
  SINCE JAN 1      0             3     -3        6
......................................................


WIND (MPH)
  HIGHEST WIND SPEED    14   HIGHEST WIND DIRECTION    NE (40)
  HIGHEST GUST SPEED    20   HIGHEST GUST DIRECTION    NE (30)
  AVERAGE WIND SPEED     6.2


SKY COVER
  AVERAGE SKY COVER 1.0


WEATHER CONDITIONS
 THE FOLLOWING WEATHER WAS RECORDED YESTERDAY.
  HEAVY RAIN
  RAIN
  LIGHT RAIN
  FOG
  HAZE


RELATIVE HUMIDITY (PERCENT)
 HIGHEST    89           800 AM
 LOWEST     65           100 AM

..........................................................


THE ORANGEBURG AIRPORT SC CLIMATE NORMALS FOR TODAY
                         NORMAL    RECORD    YEAR
 MAXIMUM TEMPERATURE (F)   65        MM        MM
 MINIMUM TEMPERATURE (F)   41        MM        MM


SUNRISE AND SUNSET
MARCH  2 2015.........SUNRISE   651 AM EST   SUNSET   621 PM EST
MARCH  3 2015.........SUNRISE   650 AM EST   SUNSET   622 PM EST


-  INDICATES NEGATIVE NUMBERS.
R  INDICATES RECORD WAS SET OR TIED.
MM INDICATES DATA IS MISSING.
T  INDICATES TRACE AMOUNT.




$$
