000
CDHW42 PHFO 010228
CLIOGG


CLIMATE REPORT
NATIONAL WEATHER SERVICE HONOLULU HI
428 PM HST FRI OCT 31 2014


...................................

...THE KAHULUI HI CLIMATE SUMMARY FOR OCTOBER 31 2014...
VALID TODAY AS OF 0400 PM LOCAL TIME.

CLIMATE NORMAL PERIOD 1981 TO 2010
CLIMATE RECORD PERIOD 1946 TO 2014


WEATHER ITEM   OBSERVED TIME   RECORD YEAR NORMAL DEPARTURE LAST
                VALUE   (LST)  VALUE       VALUE  FROM      YEAR
                                                  NORMAL
..................................................................
TEMPERATURE (F)
 TODAY
  MAXIMUM         87    300 PM  92    1994  86      1       89
                                      1972
                                      1950
  MINIMUM         74    610 AM  60    1950  69      5       68
  AVERAGE         81                        77      4       79

PRECIPITATION (IN)
  TODAY            0.00          1.87 1951   0.05  -0.05     0.00
  MONTH TO DATE    0.89                      1.20  -0.31     0.04
  SINCE SEP 1      1.60                      1.58   0.02     0.29
  SINCE JAN 1     17.25                     12.28   4.97     8.95

SNOWFALL (IN)
  TODAY            0.0
  MONTH TO DATE    0.0
  SINCE SEP 1      0.0
  SINCE JUL 1      0.0
  SNOW DEPTH       0

DEGREE DAYS
 HEATING
  TODAY            0                         0      0        0
  MONTH TO DATE    0                         0      0        0
  SINCE SEP 1      0                         0      0        0
  SINCE JUL 1      0                         0      0        0

 COOLING
  TODAY           16                        12      4       14
  MONTH TO DATE  471                       408     63      405
  SINCE SEP 1    948                       834    114      866
  SINCE JAN 1   3836                      3376    460     3653
..................................................................


WIND (MPH)
  HIGHEST WIND SPEED    31   HIGHEST WIND DIRECTION     E (80)
  HIGHEST GUST SPEED    45   HIGHEST GUST DIRECTION     E (70)
  AVERAGE WIND SPEED    17.3


SKY COVER
  POSSIBLE SUNSHINE  MM
  AVERAGE SKY COVER 0.3


WEATHER CONDITIONS
 THE FOLLOWING WEATHER WAS RECORDED TODAY.
  NO SIGNIFICANT WEATHER WAS OBSERVED.


RELATIVE HUMIDITY (PERCENT)
 HIGHEST    84           100 AM
 LOWEST     46           300 PM
 AVERAGE    65

..........................................................


THE KAHULUI HI CLIMATE NORMALS FOR TOMORROW
                         NORMAL    RECORD    YEAR
 MAXIMUM TEMPERATURE (F)   86        93      1950
 MINIMUM TEMPERATURE (F)   69        62      2012


SUNRISE AND SUNSET
OCTOBER 31 2014.......SUNRISE   628 AM HST   SUNSET   551 PM HST
NOVEMBER  1 2014......SUNRISE   628 AM HST   SUNSET   550 PM HST


-  INDICATES NEGATIVE NUMBERS.
R  INDICATES RECORD WAS SET OR TIED.
MM INDICATES DATA IS MISSING.
T  INDICATES TRACE AMOUNT.




$$
