000
CDHW42 PHFO 021245
CLIOGG


CLIMATE REPORT
NATIONAL WEATHER SERVICE HONOLULU HI
245 AM HST MON MAR 2 2015


...................................

...THE KAHULUI HI CLIMATE SUMMARY FOR MARCH 1 2015...

CLIMATE NORMAL PERIOD 1981 TO 2010
CLIMATE RECORD PERIOD 1946 TO 2015


WEATHER ITEM   OBSERVED TIME   RECORD YEAR NORMAL DEPARTURE LAST
                VALUE   (LST)  VALUE       VALUE  FROM      YEAR
                                                  NORMAL
..................................................................
TEMPERATURE (F)
 YESTERDAY
  MAXIMUM         82    310 PM  91    1951  81      1       84
  MINIMUM         70    339 AM  57    1988  63      7       70
                                      1982
                                      1953
  AVERAGE         76                        72      4       77

PRECIPITATION (IN)
  YESTERDAY        2.26          2.35 1990   0.07   2.19     0.05
  MONTH TO DATE    2.26                      0.07   2.19     0.05
  SINCE MAR 1      2.26                      0.07   2.19     0.05
  SINCE JAN 1      6.57                      4.83   1.74     6.70

SNOWFALL (IN)
  YESTERDAY        0.0
  MONTH TO DATE    0.0
  SINCE MAR 1      0.0
  SINCE JUL 1      0.0
  SNOW DEPTH       0

DEGREE DAYS
 HEATING
  YESTERDAY        0                         0      0        0
  MONTH TO DATE    0                         0      0        0
  SINCE MAR 1      0                         0      0        0
  SINCE JUL 1      0                         0      0        0

 COOLING
  YESTERDAY       11                         7      4       12
  MONTH TO DATE   11                         7      4       12
  SINCE MAR 1     11                         7      4       12
  SINCE JAN 1    415                       416     -1      523
..................................................................


WIND (MPH)
  HIGHEST WIND SPEED    20   HIGHEST WIND DIRECTION    NE (40)
  HIGHEST GUST SPEED    24   HIGHEST GUST DIRECTION    NE (40)
  AVERAGE WIND SPEED    12.2


SKY COVER
  POSSIBLE SUNSHINE  MM
  AVERAGE SKY COVER 0.8


WEATHER CONDITIONS
 THE FOLLOWING WEATHER WAS RECORDED YESTERDAY.
  HEAVY RAIN
  RAIN
  LIGHT RAIN
  FOG


RELATIVE HUMIDITY (PERCENT)
 HIGHEST    97           300 AM
 LOWEST     67          1200 PM
 AVERAGE    82

..........................................................


THE KAHULUI HI CLIMATE NORMALS FOR TODAY
                         NORMAL    RECORD    YEAR
 MAXIMUM TEMPERATURE (F)   81        88      2006
 MINIMUM TEMPERATURE (F)   63        55      1983
                                             1950


SUNRISE AND SUNSET
MARCH  2 2015.........SUNRISE   645 AM HST   SUNSET   631 PM HST
MARCH  3 2015.........SUNRISE   644 AM HST   SUNSET   631 PM HST


-  INDICATES NEGATIVE NUMBERS.
R  INDICATES RECORD WAS SET OR TIED.
MM INDICATES DATA IS MISSING.
T  INDICATES TRACE AMOUNT.




$$
