000
CDHW42 PHFO 271245
CLIOGG


CLIMATE REPORT
NATIONAL WEATHER SERVICE HONOLULU HI
245 AM HST MON MAR 27 2017


...................................

...THE KAHULUI HI CLIMATE SUMMARY FOR MARCH 26 2017...

CLIMATE NORMAL PERIOD 1981 TO 2010
CLIMATE RECORD PERIOD 1946 TO 2017


WEATHER ITEM   OBSERVED TIME   RECORD YEAR NORMAL DEPARTURE LAST
                VALUE   (LST)  VALUE       VALUE  FROM      YEAR
                                                  NORMAL
..................................................................
TEMPERATURE (F)
 YESTERDAY
  MAXIMUM         88   1229 PM  90    1981  82      6       82
                                      1952
  MINIMUM         67   1159 PM  56    1985  65      2       65
  AVERAGE         78                        73      5       74

PRECIPITATION (IN)
  YESTERDAY        0.00          1.62 2005   0.09  -0.09      T
  MONTH TO DATE    4.14                      2.03   2.11     1.94
  SINCE MAR 1      4.14                      2.03   2.11     1.94
  SINCE JAN 1      6.62                      6.79  -0.17     3.49

SNOWFALL (IN)
  YESTERDAY        0.0
  MONTH TO DATE    0.0
  SINCE MAR 1      0.0
  SINCE JUL 1      0.0
  SNOW DEPTH       0

DEGREE DAYS
 HEATING
  YESTERDAY        0                         0      0        0
  MONTH TO DATE    0                         0      0        0
  SINCE MAR 1      0                         0      0        0
  SINCE JUL 1      0                         0      0        0

 COOLING
  YESTERDAY       13                         8      5        9
  MONTH TO DATE  266                       200     66      230
  SINCE MAR 1    266                       200     66      230
  SINCE JAN 1    737                       609    128      698
..................................................................


WIND (MPH)
  HIGHEST WIND SPEED    31   HIGHEST WIND DIRECTION    NE (60)
  HIGHEST GUST SPEED    43   HIGHEST GUST DIRECTION     E (70)
  AVERAGE WIND SPEED    15.5


SKY COVER
  POSSIBLE SUNSHINE  MM
  AVERAGE SKY COVER 0.2


WEATHER CONDITIONS
 THE FOLLOWING WEATHER WAS RECORDED YESTERDAY.
  NO SIGNIFICANT WEATHER WAS OBSERVED.


RELATIVE HUMIDITY (PERCENT)
 HIGHEST    74           700 PM
 LOWEST     46           400 PM
 AVERAGE    60

..........................................................


THE KAHULUI HI CLIMATE NORMALS FOR TODAY
                         NORMAL    RECORD    YEAR
 MAXIMUM TEMPERATURE (F)   82        88      1981
                                             1953
 MINIMUM TEMPERATURE (F)   65        56      1965


SUNRISE AND SUNSET
MARCH 27 2017.........SUNRISE   623 AM HST   SUNSET   639 PM HST
MARCH 28 2017.........SUNRISE   622 AM HST   SUNSET   639 PM HST


-  INDICATES NEGATIVE NUMBERS.
R  INDICATES RECORD WAS SET OR TIED.
MM INDICATES DATA IS MISSING.
T  INDICATES TRACE AMOUNT.




$$
