506
CDHW42 PHFO 091245
CLIOGG


CLIMATE REPORT
NATIONAL WEATHER SERVICE HONOLULU HI
245 AM HST TUE FEB 9 2016


...................................

...THE KAHULUI HI CLIMATE SUMMARY FOR FEBRUARY 8 2016...

CLIMATE NORMAL PERIOD 1981 TO 2010
CLIMATE RECORD PERIOD 1946 TO 2016


WEATHER ITEM   OBSERVED TIME   RECORD YEAR NORMAL DEPARTURE LAST
                VALUE   (LST)  VALUE       VALUE  FROM      YEAR
                                                  NORMAL
..................................................................
TEMPERATURE (F)
 YESTERDAY
  MAXIMUM         78    127 PM  88    1980  81     -3       81
  MINIMUM         56    415 AM  52    1970  63     -7       56
  AVERAGE         67                        72     -5       69

PRECIPITATION (IN)
  YESTERDAY        0.00          1.98 1949   0.07  -0.07     0.00
  MONTH TO DATE    0.27                      0.59  -0.32     0.48
  SINCE DEC 1      1.55                      6.81  -5.26     5.84
  SINCE JAN 1      0.82                      3.46  -2.64     1.60

SNOWFALL (IN)
  YESTERDAY        0.0
  MONTH TO DATE    0.0
  SINCE DEC 1      0.0
  SINCE JUL 1      0.0
  SNOW DEPTH       0

DEGREE DAYS
 HEATING
  YESTERDAY        0                         0      0        0
  MONTH TO DATE    0                         0      0        0
  SINCE DEC 1      0                         0      0        0
  SINCE JUL 1      0                         0      0        0

 COOLING
  YESTERDAY        2                         7     -5        4
  MONTH TO DATE   59                        56      3       51
  SINCE DEC 1    607                       532     75      492
  SINCE JAN 1    292                       273     19      232
..................................................................


WIND (MPH)
  HIGHEST WIND SPEED    17   HIGHEST WIND DIRECTION     N (20)
  HIGHEST GUST SPEED    20   HIGHEST GUST DIRECTION     N (10)
  AVERAGE WIND SPEED     7.5


SKY COVER
  POSSIBLE SUNSHINE  MM
  AVERAGE SKY COVER 0.2


WEATHER CONDITIONS
 THE FOLLOWING WEATHER WAS RECORDED YESTERDAY.
  NO SIGNIFICANT WEATHER WAS OBSERVED.


RELATIVE HUMIDITY (PERCENT)
 HIGHEST    86           400 AM
 LOWEST     41           900 AM
 AVERAGE    64

..........................................................


THE KAHULUI HI CLIMATE NORMALS FOR TODAY
                         NORMAL    RECORD    YEAR
 MAXIMUM TEMPERATURE (F)   81        89      2001
                                             1950
 MINIMUM TEMPERATURE (F)   63        51      1951


SUNRISE AND SUNSET
FEBRUARY  9 2016......SUNRISE   659 AM HST   SUNSET   621 PM HST
FEBRUARY 10 2016......SUNRISE   659 AM HST   SUNSET   621 PM HST


-  INDICATES NEGATIVE NUMBERS.
R  INDICATES RECORD WAS SET OR TIED.
MM INDICATES DATA IS MISSING.
T  INDICATES TRACE AMOUNT.




$$
