000
CDUS43 KEAX 242128
CLIOJC


CLIMATE REPORT
NATIONAL WEATHER SERVICE KANSAS CITY/PLEASANT HILL MO
427 PM CDT SAT SEP 24 2016


...................................

...THE JOHNSON COUNTY EXECUTIVE KS CLIMATE SUMMARY FOR SEPTEMBER 24 2016...
VALID AS OF 0400 PM LOCAL TIME.

CLIMATE NORMAL PERIOD 1981 TO 2010
CLIMATE RECORD PERIOD 9999 TO 9999


WEATHER ITEM   OBSERVED TIME   NORMAL DEPARTURE LAST
                VALUE   (LST)  VALUE  FROM      YEAR
                                      NORMAL
......................................................
TEMPERATURE (F)
 TODAY
  MAXIMUM         87    241 PM  75     12       81
  MINIMUM         67    639 AM  55     12       64
  AVERAGE         77            65     12       73

PRECIPITATION (IN)
  TODAY            0.00          0.13  -0.13     0.00
  MONTH TO DATE    2.83          3.76  -0.93     2.67
  SINCE SEP 1      2.83          3.76  -0.93     2.67
  SINCE JAN 1     32.71         31.72   0.99    36.06

DEGREE DAYS
 HEATING
  TODAY            0             3     -3        0
  MONTH TO DATE    2            24    -22       13
  SINCE SEP 1      2            24    -22       13
  SINCE JUL 1      2            25    -23       15

 COOLING
  TODAY           12             3      9        8
  MONTH TO DATE  194           140     54      193
  SINCE SEP 1    194           140     54      193
  SINCE JAN 1   1413          1305    108     1311
......................................................


WIND (MPH)
  HIGHEST WIND SPEED    22   HIGHEST WIND DIRECTION     S (160)
  HIGHEST GUST SPEED    27   HIGHEST GUST DIRECTION     S (160)
  AVERAGE WIND SPEED     9.6


SKY COVER
  AVERAGE SKY COVER 0.3


WEATHER CONDITIONS
 THE FOLLOWING WEATHER WAS RECORDED TODAY.
  NO SIGNIFICANT WEATHER WAS OBSERVED.


RELATIVE HUMIDITY (PERCENT)
 HIGHEST    93           500 AM
 LOWEST     57           300 PM
 AVERAGE    75

..........................................................


THE JOHNSON COUNTY EXECUTIVE KS CLIMATE NORMALS FOR TOMORROW
                         NORMAL
 MAXIMUM TEMPERATURE (F)   75
 MINIMUM TEMPERATURE (F)   55


SUNRISE AND SUNSET
SEPTEMBER 24 2016.....SUNRISE   709 AM CDT   SUNSET   712 PM CDT
SEPTEMBER 25 2016.....SUNRISE   710 AM CDT   SUNSET   710 PM CDT


-  INDICATES NEGATIVE NUMBERS.
R  INDICATES RECORD WAS SET OR TIED.
MM INDICATES DATA IS MISSING.
T  INDICATES TRACE AMOUNT.




$$
