000
CDUS43 KEAX 290642
CLIOJC


CLIMATE REPORT
NATIONAL WEATHER SERVICE KANSAS CITY/PLEASANT HILL MO
140 AM CDT SAT APR 29 2017


...................................

...THE JOHNSON COUNTY EXECUTIVE KS CLIMATE SUMMARY FOR APRIL 28 2017...

CLIMATE NORMAL PERIOD 1981 TO 2010
CLIMATE RECORD PERIOD 9999 TO 9999


WEATHER ITEM   OBSERVED TIME   NORMAL DEPARTURE LAST
                VALUE   (LST)  VALUE  FROM      YEAR
                                      NORMAL
......................................................
TEMPERATURE (F)
 YESTERDAY
  MAXIMUM         65    355 PM  69     -4       63
  MINIMUM         44   1159 PM  49     -5       43
  AVERAGE         55            59     -4       53

PRECIPITATION (IN)
  YESTERDAY        0.24          0.19   0.05     0.00
  MONTH TO DATE    2.91          3.60  -0.69     4.09
  SINCE MAR 1      5.22          6.23  -1.01     6.18
  SINCE JAN 1      6.14          8.92  -2.78     7.43

DEGREE DAYS
 HEATING
  YESTERDAY       10             7      3       12
  MONTH TO DATE  229           302    -73      212
  SINCE MAR 1    746           926   -180      646
  SINCE JUL 1   3886          4819   -933     3991

 COOLING
  YESTERDAY        0             1     -1        0
  MONTH TO DATE   17            20     -3        6
  SINCE MAR 1     26            21      5        6
  SINCE JAN 1     26            21      5        6
......................................................


WIND (MPH)
  HIGHEST WIND SPEED    20   HIGHEST WIND DIRECTION     N (10)
  HIGHEST GUST SPEED    25   HIGHEST GUST DIRECTION     N (10)
  AVERAGE WIND SPEED    10.0


SKY COVER
  AVERAGE SKY COVER 0.9


WEATHER CONDITIONS
 THE FOLLOWING WEATHER WAS RECORDED YESTERDAY.
  LIGHT RAIN
  FOG


RELATIVE HUMIDITY (PERCENT)
 HIGHEST   100           500 AM
 LOWEST     84           400 PM
 AVERAGE    92

..........................................................


THE JOHNSON COUNTY EXECUTIVE KS CLIMATE NORMALS FOR TODAY
                         NORMAL
 MAXIMUM TEMPERATURE (F)   69
 MINIMUM TEMPERATURE (F)   50


SUNRISE AND SUNSET
APRIL 29 2017.........SUNRISE   623 AM CDT   SUNSET   810 PM CDT
APRIL 30 2017.........SUNRISE   622 AM CDT   SUNSET   811 PM CDT


-  INDICATES NEGATIVE NUMBERS.
R  INDICATES RECORD WAS SET OR TIED.
MM INDICATES DATA IS MISSING.
T  INDICATES TRACE AMOUNT.




$$
