000
CDUS43 KEAX 280034
CLIOJC


CLIMATE REPORT
NATIONAL WEATHER SERVICE KANSAS CITY/PLEASANT HILL MO
734 PM CDT SAT AUG 27 2016


...................................

...THE JOHNSON COUNTY EXECUTIVE KS CLIMATE SUMMARY FOR AUGUST 27 2016...
VALID TODAY AS OF 0700 PM LOCAL TIME.

CLIMATE NORMAL PERIOD 1981 TO 2010
CLIMATE RECORD PERIOD 9999 TO 9999


WEATHER ITEM   OBSERVED TIME   NORMAL DEPARTURE LAST
                VALUE   (LST)  VALUE  FROM      YEAR
                                      NORMAL
......................................................
TEMPERATURE (F)
 TODAY
  MAXIMUM         MM        MM  86     MM       73
  MINIMUM         MM        MM  66     MM       60
  AVERAGE         MM            76     MM       67

PRECIPITATION (IN)
  TODAY            0.00          0.15  -0.15     2.06
  MONTH TO DATE    5.86          3.16   2.70     3.88
  SINCE JUN 1     11.86         12.66  -0.80    17.14
  SINCE JAN 1     27.26         27.40  -0.14    33.36

DEGREE DAYS
 HEATING
  TODAY           MM             0     MM        0
  MONTH TO DATE    0             0      0        1
  SINCE JUN 1      0             8     -8        6
  SINCE JUL 1      0             0      0        2

 COOLING
  TODAY           MM            11     MM        2
  MONTH TO DATE  313           353    -40      266
  SINCE JUN 1   1117          1021     96     1005
  SINCE JAN 1   1171          1125     46     1082
......................................................


WIND (MPH)
  HIGHEST WIND SPEED    10   HIGHEST WIND DIRECTION     S (190)
  HIGHEST GUST SPEED    MM   HIGHEST GUST DIRECTION    MM
  AVERAGE WIND SPEED     6.7


SKY COVER
  AVERAGE SKY COVER 0.2


WEATHER CONDITIONS
 THE FOLLOWING WEATHER WAS RECORDED TODAY.
  NO SIGNIFICANT WEATHER WAS OBSERVED.


RELATIVE HUMIDITY (PERCENT)
 HIGHEST   100           600 AM
 LOWEST     61           300 PM
 AVERAGE    81

..........................................................


THE JOHNSON COUNTY EXECUTIVE KS CLIMATE NORMALS FOR TOMORROW
                         NORMAL
 MAXIMUM TEMPERATURE (F)   85
 MINIMUM TEMPERATURE (F)   66


SUNRISE AND SUNSET
AUGUST 27 2016........SUNRISE   644 AM CDT   SUNSET   756 PM CDT
AUGUST 28 2016........SUNRISE   645 AM CDT   SUNSET   754 PM CDT


-  INDICATES NEGATIVE NUMBERS.
R  INDICATES RECORD WAS SET OR TIED.
MM INDICATES DATA IS MISSING.
T  INDICATES TRACE AMOUNT.




$$
