000
CDUS43 KEAX 060634
CLIOJC


CLIMATE REPORT
NATIONAL WEATHER SERVICE KANSAS CITY/PLEASANT HILL MO
133 AM CDT FRI MAY 6 2016


...................................

...THE JOHNSON COUNTY EXECUTIVE KS CLIMATE SUMMARY FOR MAY 5 2016...

CLIMATE NORMAL PERIOD 1981 TO 2010
CLIMATE RECORD PERIOD 9999 TO 9999


WEATHER ITEM   OBSERVED TIME   NORMAL DEPARTURE LAST
                VALUE   (LST)  VALUE  FROM      YEAR
                                      NORMAL
......................................................
TEMPERATURE (F)
 YESTERDAY
  MAXIMUM         73    453 PM  71      2       80
  MINIMUM         48    551 AM  52     -4       60
  AVERAGE         61            61      0       70

PRECIPITATION (IN)
  YESTERDAY        0.00          0.19  -0.19     0.45
  MONTH TO DATE    T             0.96  -0.96     0.56
  SINCE MAR 1      6.59          7.58  -0.99     4.59
  SINCE JAN 1      7.84         10.27  -2.43     6.18

DEGREE DAYS
 HEATING
  YESTERDAY        4             5     -1        0
  MONTH TO DATE   43            27     16        3
  SINCE MAR 1    706           965   -259      760
  SINCE JUL 1   4051          4858   -807     4795

 COOLING
  YESTERDAY        0             1     -1        5
  MONTH TO DATE    0             5     -5       19
  SINCE MAR 1      6            23    -17       28
  SINCE JAN 1      6            23    -17       28
......................................................


WIND (MPH)
  HIGHEST WIND SPEED    14   HIGHEST WIND DIRECTION    NE (40)
  HIGHEST GUST SPEED    17   HIGHEST GUST DIRECTION    NE (40)
  AVERAGE WIND SPEED     4.3


SKY COVER
  AVERAGE SKY COVER 0.0


WEATHER CONDITIONS
 THE FOLLOWING WEATHER WAS RECORDED YESTERDAY.
  NO SIGNIFICANT WEATHER WAS OBSERVED.


RELATIVE HUMIDITY (PERCENT)
 HIGHEST    72          1000 PM
 LOWEST     24           300 PM
 AVERAGE    48

..........................................................


THE JOHNSON COUNTY EXECUTIVE KS CLIMATE NORMALS FOR TODAY
                         NORMAL
 MAXIMUM TEMPERATURE (F)   71
 MINIMUM TEMPERATURE (F)   52


SUNRISE AND SUNSET
MAY  6 2016...........SUNRISE   615 AM CDT   SUNSET   817 PM CDT
MAY  7 2016...........SUNRISE   614 AM CDT   SUNSET   818 PM CDT


-  INDICATES NEGATIVE NUMBERS.
R  INDICATES RECORD WAS SET OR TIED.
MM INDICATES DATA IS MISSING.
T  INDICATES TRACE AMOUNT.




$$
