000
CDUS46 KSGX 211131
CLIOKB


CLIMATE REPORT
NATIONAL WEATHER SERVICE SAN DIEGO, CA
431 AM PDT MON AUG 21 2017


...................................

...THE OCEANSIDE AIRPORT CA CLIMATE SUMMARY FOR AUGUST 20 2017...

CLIMATE NORMAL PERIOD 1981 TO 2010
CLIMATE RECORD PERIOD 1999 TO 2017


WEATHER ITEM   OBSERVED TIME   RECORD YEAR NORMAL DEPARTURE LAST
                VALUE   (LST)  VALUE       VALUE  FROM      YEAR
                                                  NORMAL
..................................................................
TEMPERATURE (F)
 YESTERDAY
  MAXIMUM         77    127 PM  84    2012  77      0       76
                                      2007
  MINIMUM         65    842 PM  56    2005  62      3       58
  AVERAGE         71                        70      1       67

PRECIPITATION (IN)
  YESTERDAY        0.00          0.11 2014   0.01  -0.01     0.00
  MONTH TO DATE    0.02                      0.08  -0.06     0.00
  SINCE OCT 1     14.99                     13.35   1.64     7.12
  SINCE JAN 1      9.84                      9.47   0.37     4.95

DEGREE DAYS
 HEATING
  YESTERDAY        0                         0      0        0
  MONTH TO DATE    0                         0      0        0
  SINCE JUN 1     14                        30    -16        2
  SINCE JUL 1      0                         3     -3        0

 COOLING
  YESTERDAY        6                         4      2        2
  MONTH TO DATE  153                        88     65      117
  SINCE JUN 1    432                       240    192      387
  SINCE JAN 1    449                       250    199      407
..................................................................


WIND (MPH)
  RESULTANT WIND SPEED   3   RESULTANT WIND DIRECTION   W (270)
  HIGHEST WIND SPEED    15   HIGHEST WIND DIRECTION    SW (240)
  HIGHEST GUST SPEED    19   HIGHEST GUST DIRECTION     W (250)
  AVERAGE WIND SPEED     4.9


SKY COVER
  POSSIBLE SUNSHINE  MM
  AVERAGE SKY COVER 0.7


WEATHER CONDITIONS
 THE FOLLOWING WEATHER WAS RECORDED YESTERDAY.
  NO SIGNIFICANT WEATHER WAS OBSERVED.


RELATIVE HUMIDITY (PERCENT)
 HIGHEST    87           500 AM
 LOWEST     56          1200 PM
 AVERAGE    72

..........................................................


THE OCEANSIDE AIRPORT CA CLIMATE NORMALS FOR TODAY
                         NORMAL    RECORD    YEAR
 MAXIMUM TEMPERATURE (F)   77        83      2007
 MINIMUM TEMPERATURE (F)   62        57      2010
                                             2009
                                             2004


SUNRISE AND SUNSET
AUGUST 21 2017........SUNRISE   617 AM PDT   SUNSET   728 PM PDT
AUGUST 22 2017........SUNRISE   617 AM PDT   SUNSET   727 PM PDT


-  INDICATES NEGATIVE NUMBERS.
R  INDICATES RECORD WAS SET OR TIED.
MM INDICATES DATA IS MISSING.
T  INDICATES TRACE AMOUNT.




$$
