000
CDUS46 KSGX 291416
CLIOKB


CLIMATE REPORT
NATIONAL WEATHER SERVICE SAN DIEGO, CA
716 AM PDT MON AUG 29 2016


...................................

...THE OCEANSIDE AIRPORT CA CLIMATE SUMMARY FOR AUGUST 28 2016...

CLIMATE NORMAL PERIOD 1981 TO 2010
CLIMATE RECORD PERIOD 1999 TO 2016


WEATHER ITEM   OBSERVED TIME   RECORD YEAR NORMAL DEPARTURE LAST
                VALUE   (LST)  VALUE       VALUE  FROM      YEAR
                                                  NORMAL
..................................................................
TEMPERATURE (F)
 YESTERDAY
  MAXIMUM         76    151 PM  91    2015  77     -1       91
                                      2009
  MINIMUM         57    456 AM  54    2009  61     -4       66
  AVERAGE         67                        69     -2       79

PRECIPITATION (IN)
  YESTERDAY        0.00          T    2012   0.01  -0.01     0.00
  MONTH TO DATE    0.00                      0.13  -0.13      T
  SINCE OCT 1      7.12                     13.40  -6.28     8.17
  SINCE JAN 1      4.95                      9.52  -4.57     3.77

DEGREE DAYS
 HEATING
  YESTERDAY        0                         0      0        0
  MONTH TO DATE    0                         0      0        0
  SINCE JUN 1      2                        30    -28        4
  SINCE JUL 1      0                         3     -3        0

 COOLING
  YESTERDAY        2                         4     -2       14
  MONTH TO DATE  147                       120     27      217
  SINCE JUN 1    417                       272    145      533
  SINCE JAN 1    437                       282    155      572
..................................................................


WIND (MPH)
  RESULTANT WIND SPEED   5   RESULTANT WIND DIRECTION   W (250)
  HIGHEST WIND SPEED    15   HIGHEST WIND DIRECTION     W (250)
  HIGHEST GUST SPEED    19   HIGHEST GUST DIRECTION    SW (240)
  AVERAGE WIND SPEED     4.9


SKY COVER
  POSSIBLE SUNSHINE  MM
  AVERAGE SKY COVER 0.1


WEATHER CONDITIONS
 THE FOLLOWING WEATHER WAS RECORDED YESTERDAY.
  FOG


RELATIVE HUMIDITY (PERCENT)
 HIGHEST    93           500 AM
 LOWEST     60          1100 AM
 AVERAGE    77

..........................................................


THE OCEANSIDE AIRPORT CA CLIMATE NORMALS FOR TODAY
                         NORMAL    RECORD    YEAR
 MAXIMUM TEMPERATURE (F)   77        88      2009
 MINIMUM TEMPERATURE (F)   61        58      2014


SUNRISE AND SUNSET
AUGUST 29 2016........SUNRISE   622 AM PDT   SUNSET   718 PM PDT
AUGUST 30 2016........SUNRISE   623 AM PDT   SUNSET   716 PM PDT


-  INDICATES NEGATIVE NUMBERS.
R  INDICATES RECORD WAS SET OR TIED.
MM INDICATES DATA IS MISSING.
T  INDICATES TRACE AMOUNT.




$$
