000
CDUS46 KSGX 230018
CLIOKB


CLIMATE REPORT
NATIONAL WEATHER SERVICE SAN DIEGO, CA
518 PM PDT SUN OCT 22 2017


...................................

...THE OCEANSIDE AIRPORT CA CLIMATE SUMMARY FOR OCTOBER 22 2017...
VALID TODAY AS OF 0500 PM LOCAL TIME.

CLIMATE NORMAL PERIOD 1981 TO 2010
CLIMATE RECORD PERIOD 1999 TO 2017


WEATHER ITEM   OBSERVED TIME   RECORD YEAR NORMAL DEPARTURE LAST
                VALUE   (LST)  VALUE       VALUE  FROM      YEAR
                                                  NORMAL
..................................................................
TEMPERATURE (F)
 TODAY
  MAXIMUM         85    158 PM  95    2008  73     12       84
  MINIMUM         51    339 AM  43    2007  50      1       46
  AVERAGE         68                        62      6       65

PRECIPITATION (IN)
  TODAY            0.00          0.01 2006   0.03  -0.03     0.00
                                      2006
                                      2010
  MONTH TO DATE    T                         0.42  -0.42     0.04
  SINCE OCT 1      T                         0.42  -0.42     0.04
  SINCE JAN 1      9.84                     10.20  -0.36     5.23

DEGREE DAYS
 HEATING
  TODAY            0                         4     -4        0
  MONTH TO DATE   12                        47    -35       19
  SINCE SEP 1     22                        57    -35       31
  SINCE JUL 1     22                        62    -40       31

 COOLING
  TODAY            3                         0      3        0
  MONTH TO DATE   38                        18     20       31
  SINCE SEP 1    186                       112     74      165
  SINCE JAN 1    705                       412    293      622
..................................................................


WIND (MPH)
  RESULTANT WIND SPEED   2   RESULTANT WIND DIRECTION   W (280)
  HIGHEST WIND SPEED    13   HIGHEST WIND DIRECTION    SW (230)
  HIGHEST GUST SPEED    MM   HIGHEST GUST DIRECTION    MM
  AVERAGE WIND SPEED     5.8


SKY COVER
  POSSIBLE SUNSHINE  MM
  AVERAGE SKY COVER 0.0


WEATHER CONDITIONS
 THE FOLLOWING WEATHER WAS RECORDED TODAY.
  NO SIGNIFICANT WEATHER WAS OBSERVED.


RELATIVE HUMIDITY (PERCENT)
 HIGHEST    93          1200 AM
 LOWEST     21           900 AM
 AVERAGE    57

..........................................................


THE OCEANSIDE AIRPORT CA CLIMATE NORMALS FOR TOMORROW
                         NORMAL    RECORD    YEAR
 MAXIMUM TEMPERATURE (F)   73        91      2008
 MINIMUM TEMPERATURE (F)   50        44      1999


SUNRISE AND SUNSET
OCTOBER 22 2017.......SUNRISE   700 AM PDT   SUNSET   608 PM PDT
OCTOBER 23 2017.......SUNRISE   700 AM PDT   SUNSET   606 PM PDT


-  INDICATES NEGATIVE NUMBERS.
R  INDICATES RECORD WAS SET OR TIED.
MM INDICATES DATA IS MISSING.
T  INDICATES TRACE AMOUNT.




$$
