000
CDUS46 KSGX 230117
CLIOKB


CLIMATE REPORT
NATIONAL WEATHER SERVICE SAN DIEGO, CA
517 PM PST MON JAN 22 2018


...................................

...THE OCEANSIDE AIRPORT CA CLIMATE SUMMARY FOR JANUARY 22 2018...
VALID TODAY AS OF 0500 PM LOCAL TIME.

CLIMATE NORMAL PERIOD 1981 TO 2010
CLIMATE RECORD PERIOD 1999 TO 2018


WEATHER ITEM   OBSERVED TIME   RECORD YEAR NORMAL DEPARTURE LAST
                VALUE   (LST)  VALUE       VALUE  FROM      YEAR
                                                  NORMAL
..................................................................
TEMPERATURE (F)
 TODAY
  MAXIMUM         67   1128 AM  80    2013  66      1       61
  MINIMUM         37    707 AM  29    2007  41     -4       48
  AVERAGE         52                        53     -1       55

PRECIPITATION (IN)
  TODAY            0.00          0.58 2017   0.07  -0.07     0.58
  MONTH TO DATE    2.63                      2.15   0.48     3.65
  SINCE OCT 1      2.67                      6.03  -3.36     8.80
  SINCE JAN 1      2.63                      2.15   0.48     3.65

DEGREE DAYS
 HEATING
  TODAY           13                        12      1       10
  MONTH TO DATE  160                       269   -109      210
  SINCE DEC 1    403                       653   -250      490
  SINCE JUL 1    572                      1003   -431      676

 COOLING
  TODAY            0                         0      0        0
  MONTH TO DATE    2                         0      2        0
  SINCE DEC 1      4                         0      4        0
  SINCE JAN 1      2                         0      2        0
..................................................................


WIND (MPH)
  RESULTANT WIND SPEED   2   RESULTANT WIND DIRECTION  NW (320)
  HIGHEST WIND SPEED    15   HIGHEST WIND DIRECTION     W (280)
  HIGHEST GUST SPEED    18   HIGHEST GUST DIRECTION     W (290)
  AVERAGE WIND SPEED     5.4


SKY COVER
  POSSIBLE SUNSHINE  MM
  AVERAGE SKY COVER 0.0


WEATHER CONDITIONS
 THE FOLLOWING WEATHER WAS RECORDED TODAY.
  NO SIGNIFICANT WEATHER WAS OBSERVED.


RELATIVE HUMIDITY (PERCENT)
 HIGHEST    92           100 AM
 LOWEST     24          1100 AM
 AVERAGE    58

..........................................................


THE OCEANSIDE AIRPORT CA CLIMATE NORMALS FOR TOMORROW
                         NORMAL    RECORD    YEAR
 MAXIMUM TEMPERATURE (F)   66        79      2011
 MINIMUM TEMPERATURE (F)   41        31      2007


SUNRISE AND SUNSET
JANUARY 22 2018.......SUNRISE   651 AM PST   SUNSET   512 PM PST
JANUARY 23 2018.......SUNRISE   650 AM PST   SUNSET   513 PM PST


-  INDICATES NEGATIVE NUMBERS.
R  INDICATES RECORD WAS SET OR TIED.
MM INDICATES DATA IS MISSING.
T  INDICATES TRACE AMOUNT.




$$
