000
CDUS46 KSGX 202318
CLIOKB


CLIMATE REPORT
NATIONAL WEATHER SERVICE SAN DIEGO, CA
417 PM PDT SUN APR 20 2014


...................................

...THE OCEANSIDE AIRPORT CA CLIMATE SUMMARY FOR APRIL 20 2014...
VALID TODAY AS OF 0400 PM LOCAL TIME.

CLIMATE NORMAL PERIOD 1981 TO 2010
CLIMATE RECORD PERIOD 1999 TO 2014


WEATHER ITEM   OBSERVED TIME   RECORD YEAR NORMAL DEPARTURE LAST
                VALUE   (LST)  VALUE       VALUE  FROM      YEAR
                                                  NORMAL
..................................................................
TEMPERATURE (F)
 TODAY
  MAXIMUM         68    223 PM  98    2009  68      0       79
  MINIMUM         51    541 AM  42    2013  50      1       42
                                      2002
  AVERAGE         60                        59      1       61

PRECIPITATION (IN)
  TODAY            0.00          0.62 2007   0.04  -0.04     0.00
  MONTH TO DATE    0.30                      0.69  -0.39      T
  SINCE JUL 1      4.17                     13.01  -8.84     5.58
  SINCE JAN 1      2.57                      8.62  -6.05     1.74

SNOWFALL (IN)
  TODAY            0.0
  MONTH TO DATE    0.0
  SINCE JAN 1      0.0
  SINCE JUL 1      0.0
  SNOW DEPTH      MM

DEGREE DAYS
 HEATING
  TODAY            5                         6     -1        4
  MONTH TO DATE  117                       141    -24      104
  SINCE MAR 1    285                       431   -146      317
  SINCE JUL 1   1457                      1839   -382     1715

 COOLING
  TODAY            0                         0      0        0
  MONTH TO DATE    2                         0      2        0
  SINCE MAR 1      4                         1      3        0
  SINCE JAN 1      4                         1      3        0
..................................................................


WIND (MPH)
  RESULTANT WIND SPEED   3   RESULTANT WIND DIRECTION   W (260)
  HIGHEST WIND SPEED    13   HIGHEST WIND DIRECTION    SW (240)
  HIGHEST GUST SPEED    18   HIGHEST GUST DIRECTION    SW (240)
  AVERAGE WIND SPEED     4.0


SKY COVER
  POSSIBLE SUNSHINE  MM
  AVERAGE SKY COVER 0.4


WEATHER CONDITIONS
 THE FOLLOWING WEATHER WAS RECORDED TODAY.
  FOG
  HAZE


RELATIVE HUMIDITY (PERCENT)
 HIGHEST    96           500 AM
 LOWEST     63           100 PM
 AVERAGE    80

..........................................................


THE OCEANSIDE AIRPORT CA CLIMATE NORMALS FOR TOMORROW
                         NORMAL    RECORD    YEAR
 MAXIMUM TEMPERATURE (F)   68        86      2009
 MINIMUM TEMPERATURE (F)   50        42      2008
                                             2002


SUNRISE AND SUNSET
APRIL 20 2014.........SUNRISE   613 AM PDT   SUNSET   724 PM PDT
APRIL 21 2014.........SUNRISE   612 AM PDT   SUNSET   724 PM PDT


-  INDICATES NEGATIVE NUMBERS.
R  INDICATES RECORD WAS SET OR TIED.
MM INDICATES DATA IS MISSING.
T  INDICATES TRACE AMOUNT.




$$
