000
CDUS44 KOUN 120655
CLIOKC

OUNCLIOKC 000
TTAA00 KOUN 120635


CLIMATE REPORT
NATIONAL WEATHER SERVICE NORMAN OK
1235 AM CST TUE DEC 12 2017


...................................

...THE OKLAHOMA CITY CLIMATE SUMMARY FOR DECEMBER 11 2017...

CLIMATE NORMAL PERIOD 1981 TO 2010
CLIMATE RECORD PERIOD 1890 TO 2017


WEATHER ITEM   OBSERVED TIME   RECORD YEAR NORMAL DEPARTURE LAST
                VALUE   (LST)  VALUE       VALUE  FROM      YEAR
                                                  NORMAL
..................................................................
TEMPERATURE (F)
 YESTERDAY
  MAXIMUM         70   1224 PM  75    1939  51     19       64
  MINIMUM         31    309 AM   5    1917  31      0       33
  AVERAGE         51                        41     10       49

PRECIPITATION (IN)
  YESTERDAY        0.00          1.37 1991   0.06  -0.06     0.00
  MONTH TO DATE    0.00                      0.71  -0.71     0.62
  SINCE DEC 1      0.00                      0.71  -0.71     0.62
  SINCE JAN 1     33.04                     35.35  -2.31    26.12

SNOWFALL (IN)
  YESTERDAY        0.0

DEGREE DAYS
 HEATING
  YESTERDAY       14                        24    -10       16
  MONTH TO DATE  217                       248    -31      276
  SINCE DEC 1    217                       248    -31      276
  SINCE JUL 1    767                       847    -80      599

 COOLING
  YESTERDAY        0                         0      0        0
  MONTH TO DATE    0                         0      0        0
  SINCE DEC 1      0                         0      0        0
  SINCE JAN 1   1916                      2099   -183     2214
..................................................................


WIND (MPH)
  HIGHEST WIND SPEED    24   HIGHEST WIND DIRECTION    NW (330)
  HIGHEST GUST SPEED    32   HIGHEST GUST DIRECTION     N (10)
  AVERAGE WIND SPEED     7.9


SKY COVER
  AVERAGE SKY COVER 0.1


WEATHER CONDITIONS
 THE FOLLOWING WEATHER WAS RECORDED YESTERDAY.
  NO SIGNIFICANT WEATHER WAS OBSERVED.


RELATIVE HUMIDITY (PERCENT)
 HIGHEST    47           500 AM
 LOWEST     13          1200 PM
 AVERAGE    30

..........................................................


THE OKLAHOMA CITY CLIMATE NORMALS FOR TODAY
                         NORMAL    RECORD    YEAR
 MAXIMUM TEMPERATURE (F)   51        73      1973
                                             1924
 MINIMUM TEMPERATURE (F)   31         6      1932


SUNRISE AND SUNSET
DECEMBER 12 2017......SUNRISE   730 AM CST   SUNSET   518 PM CST
DECEMBER 13 2017......SUNRISE   731 AM CST   SUNSET   519 PM CST


-  INDICATES NEGATIVE NUMBERS.
R  INDICATES RECORD WAS SET OR TIED.
MM INDICATES DATA IS MISSING.
T  INDICATES TRACE AMOUNT.




$$
