000
CDUS44 KOUN 312216
CLIOKC

CLIMATE REPORT
NATIONAL WEATHER SERVICE NORMAN OK
515 PM CDT FRI OCT 31 2014


...................................

...THE OKLAHOMA CITY CLIMATE SUMMARY FOR OCTOBER 31 2014...
VALID TODAY AS OF 0500 PM LOCAL TIME.

CLIMATE NORMAL PERIOD 1981 TO 2010
CLIMATE RECORD PERIOD 1890 TO 2014


WEATHER ITEM   OBSERVED TIME   RECORD YEAR NORMAL DEPARTURE LAST
                VALUE   (LST)  VALUE       VALUE  FROM      YEAR
                                                  NORMAL
..................................................................
TEMPERATURE (F)
 TODAY
  MAXIMUM         60    132 PM  86    1938  68     -8       69
  MINIMUM         46    844 AM  16    1993  46      0       47
  AVERAGE         53                        57     -4       58

PRECIPITATION (IN)
  TODAY            0.00          1.82 1972   0.11  -0.11     0.23
  MONTH TO DATE    2.44                      3.71  -1.27     3.42
  SINCE JAN 1     25.30                     32.66  -7.36    50.56

SNOWFALL (IN)
  TODAY            0.0           T    1991   0.0    0.0      0.0
  MONTH TO DATE    0.0                       T      0.0      0.0
  SINCE JUL 1      0.0                       T      0.0      0.0
  SNOW DEPTH       0

DEGREE DAYS
 HEATING
  TODAY           12                         8      4        7
  MONTH TO DATE   71                       145    -74      161
  SINCE JUL 1     82                       164    -82      164

 COOLING
  TODAY            0                         1     -1        0
  MONTH TO DATE  135                        67     68       84
  SINCE JAN 1   2126                      2092     34     2069
..................................................................


WIND (MPH)
  HIGHEST WIND SPEED    22   HIGHEST WIND DIRECTION     N (360)
  HIGHEST GUST SPEED    28   HIGHEST GUST DIRECTION     N (10)
  AVERAGE WIND SPEED    14.9


SKY COVER
  AVERAGE SKY COVER 0.2


WEATHER CONDITIONS
 THE FOLLOWING WEATHER WAS RECORDED TODAY.
  NO SIGNIFICANT WEATHER WAS OBSERVED.


RELATIVE HUMIDITY (PERCENT)
 HIGHEST    71           700 AM
 LOWEST     30           400 PM
 AVERAGE    51

..........................................................


THE OKLAHOMA CITY CLIMATE NORMALS FOR TOMORROW
                         NORMAL    RECORD    YEAR
 MAXIMUM TEMPERATURE (F)   68        83      1916
                                             1893
 MINIMUM TEMPERATURE (F)   46        25      1991


SUNRISE AND SUNSET
OCTOBER 31 2014.......SUNRISE   751 AM CDT   SUNSET   636 PM CDT
NOVEMBER  1 2014......SUNRISE   752 AM CDT   SUNSET   635 PM CDT


-  INDICATES NEGATIVE NUMBERS.
R  INDICATES RECORD WAS SET OR TIED.
MM INDICATES DATA IS MISSING.
T  INDICATES TRACE AMOUNT.




$$
