000
CDUS44 KOUN 072210
CLIOKC

CLIMATE REPORT
NATIONAL WEATHER SERVICE NORMAN OK
510 PM CDT TUE JUL 7 2015


...................................

...THE OKLAHOMA CITY CLIMATE SUMMARY FOR JULY 7 2015...
VALID TODAY AS OF 0500 PM LOCAL TIME.

CLIMATE NORMAL PERIOD 1981 TO 2010
CLIMATE RECORD PERIOD 1890 TO 2015


WEATHER ITEM   OBSERVED TIME   RECORD YEAR NORMAL DEPARTURE LAST
                VALUE   (LST)  VALUE       VALUE  FROM      YEAR
                                                  NORMAL
..................................................................
TEMPERATURE (F)
 TODAY
  MAXIMUM         78   1031 AM 108    2011  93    -15       98
  MINIMUM         69    359 PM  60    1952  72     -3       73
                                      1908
  AVERAGE         74                        82     -8       86

PRECIPITATION (IN)
  TODAY            0.32          2.03 1895   0.10   0.22     0.00
  MONTH TO DATE    4.70                      0.75   3.95     0.00
  SINCE JAN 1     39.13                     19.43  19.70    15.73

DEGREE DAYS
 COOLING
  TODAY            9                        17     -8       21
  MONTH TO DATE  104                       118    -14      106
  SINCE JAN 1    708                       758    -50      796
..................................................................


WIND (MPH)
  HIGHEST WIND SPEED    17   HIGHEST WIND DIRECTION    NE (30)
  HIGHEST GUST SPEED    21   HIGHEST GUST DIRECTION    NE (40)
  AVERAGE WIND SPEED     8.6


SKY COVER
  AVERAGE SKY COVER 1.0


WEATHER CONDITIONS
 THE FOLLOWING WEATHER WAS RECORDED TODAY.
  THUNDERSTORM
  RAIN
  LIGHT RAIN
  FOG


RELATIVE HUMIDITY (PERCENT)
 HIGHEST   100           500 AM
 LOWEST     82          1000 AM
 AVERAGE    91

..........................................................


THE OKLAHOMA CITY CLIMATE NORMALS FOR TOMORROW
                         NORMAL    RECORD    YEAR
 MAXIMUM TEMPERATURE (F)   93       105      1964
 MINIMUM TEMPERATURE (F)   72        57      1958


SUNRISE AND SUNSET
JULY  7 2015..........SUNRISE   622 AM CDT   SUNSET   849 PM CDT
JULY  8 2015..........SUNRISE   622 AM CDT   SUNSET   848 PM CDT


-  INDICATES NEGATIVE NUMBERS.
R  INDICATES RECORD WAS SET OR TIED.
MM INDICATES DATA IS MISSING.
T  INDICATES TRACE AMOUNT.

$$
