000
CDUS44 KOUN 250640
CLIOKC

CLIMATE REPORT
NATIONAL WEATHER SERVICE NORMAN OK
137 AM CDT MON MAY 25 2015


...................................

...THE OKLAHOMA CITY CLIMATE SUMMARY FOR MAY 24 2015...

CLIMATE NORMAL PERIOD 1981 TO 2010
CLIMATE RECORD PERIOD 1890 TO 2015


WEATHER ITEM   OBSERVED TIME   RECORD YEAR NORMAL DEPARTURE LAST
                VALUE   (LST)  VALUE       VALUE  FROM      YEAR
                                                  NORMAL
..................................................................
TEMPERATURE (F)
 YESTERDAY
  MAXIMUM         71    626 PM  98    2000  82    -11       83
  MINIMUM         59    558 AM  42    1935  62     -3       64
  AVERAGE         65                        72     -7       74

PRECIPITATION (IN)
  YESTERDAY        0.50          4.06 1903   0.16   0.34     0.74
  MONTH TO DATE   18.69                      3.53  15.16     2.34
  SINCE JAN 1     27.87                     12.63  15.24     5.03

DEGREE DAYS
 COOLING
  YESTERDAY        0                         8     -8        9
  MONTH TO DATE   89                       124    -35      165
  SINCE JAN 1    151                       190    -39      231
..................................................................


WIND (MPH)
  HIGHEST WIND SPEED    21   HIGHEST WIND DIRECTION     E (100)
  HIGHEST GUST SPEED    25   HIGHEST GUST DIRECTION     E (100)
  AVERAGE WIND SPEED     9.2


SKY COVER
  AVERAGE SKY COVER 0.8


WEATHER CONDITIONS
 THE FOLLOWING WEATHER WAS RECORDED YESTERDAY.
  HEAVY RAIN
  RAIN
  LIGHT RAIN
  FOG


RELATIVE HUMIDITY (PERCENT)
 HIGHEST   100          1000 PM
 LOWEST     84           500 PM
 AVERAGE    92

..........................................................


THE OKLAHOMA CITY CLIMATE NORMALS FOR TODAY
                         NORMAL    RECORD    YEAR
 MAXIMUM TEMPERATURE (F)   82        96      2006
 MINIMUM TEMPERATURE (F)   62        45      2001


SUNRISE AND SUNSET
MAY 25 2015...........SUNRISE   620 AM CDT   SUNSET   835 PM CDT
MAY 26 2015...........SUNRISE   619 AM CDT   SUNSET   836 PM CDT


-  INDICATES NEGATIVE NUMBERS.
R  INDICATES RECORD WAS SET OR TIED.
MM INDICATES DATA IS MISSING.
T  INDICATES TRACE AMOUNT.




$$
