000
CDUS44 KOUN 210634
CLIOKC

CLIMATE REPORT
NATIONAL WEATHER SERVICE NORMAN OK
132 AM CDT MON AUG 21 2017


...................................

...THE OKLAHOMA CITY CLIMATE SUMMARY FOR AUGUST 20 2017...

CLIMATE NORMAL PERIOD 1981 TO 2010
CLIMATE RECORD PERIOD 1890 TO 2017


WEATHER ITEM   OBSERVED TIME   RECORD YEAR NORMAL DEPARTURE LAST
                VALUE   (LST)  VALUE       VALUE  FROM      YEAR
                                                  NORMAL
..................................................................
TEMPERATURE (F)
 YESTERDAY
  MAXIMUM         91    455 PM 105    2011  93     -2       86
                                      1911
  MINIMUM         70    611 AM  50    2015  71     -1       69
  AVERAGE         81                        82     -1       78

PRECIPITATION (IN)
  YESTERDAY        T             1.83 1983   0.10  -0.10     0.06
  MONTH TO DATE    4.70                      2.12   2.58     0.07
  SINCE JUN 1      6.12                      9.98  -3.86     7.02
  SINCE JAN 1     20.78                     23.73  -2.95    19.43

SNOWFALL (IN)
  YESTERDAY        0.0

DEGREE DAYS
 HEATING
  YESTERDAY        0                         0      0        0
  MONTH TO DATE    0                         0      0        0
  SINCE JUN 1      0                         1     -1        0
  SINCE JUL 1      0                         0      0        0

 COOLING
  YESTERDAY       16                        17     -1       13
  MONTH TO DATE  271                       363    -92      361
  SINCE JUN 1   1227                      1312    -85     1370
  SINCE JAN 1   1452                      1562   -110     1556
..................................................................


WIND (MPH)
  HIGHEST WIND SPEED    18   HIGHEST WIND DIRECTION     S (190)
  HIGHEST GUST SPEED    23   HIGHEST GUST DIRECTION     S (190)
  AVERAGE WIND SPEED     9.0


SKY COVER
  AVERAGE SKY COVER 0.5


WEATHER CONDITIONS
 THE FOLLOWING WEATHER WAS RECORDED YESTERDAY.
  LIGHT RAIN


RELATIVE HUMIDITY (PERCENT)
 HIGHEST   100           600 AM
 LOWEST     49           500 PM
 AVERAGE    75

..........................................................


THE OKLAHOMA CITY CLIMATE NORMALS FOR TODAY
                         NORMAL    RECORD    YEAR
 MAXIMUM TEMPERATURE (F)   93       105      1911
 MINIMUM TEMPERATURE (F)   71        51      1956


SUNRISE AND SUNSET
AUGUST 21 2017........SUNRISE   655 AM CDT   SUNSET   812 PM CDT
AUGUST 22 2017........SUNRISE   655 AM CDT   SUNSET   810 PM CDT


-  INDICATES NEGATIVE NUMBERS.
R  INDICATES RECORD WAS SET OR TIED.
MM INDICATES DATA IS MISSING.
T  INDICATES TRACE AMOUNT.




$$
