000
CDUS44 KOUN 240637
CLIOKC

CLIMATE REPORT
NATIONAL WEATHER SERVICE NORMAN OK
135 AM CDT WED MAY 24 2017


...................................

...THE OKLAHOMA CITY CLIMATE SUMMARY FOR MAY 23 2017...

CLIMATE NORMAL PERIOD 1981 TO 2010
CLIMATE RECORD PERIOD 1890 TO 2017


WEATHER ITEM   OBSERVED TIME   RECORD YEAR NORMAL DEPARTURE LAST
                VALUE   (LST)  VALUE       VALUE  FROM      YEAR
                                                  NORMAL
..................................................................
TEMPERATURE (F)
 YESTERDAY
  MAXIMUM         69    418 PM 100    2000  82    -13       77
  MINIMUM         52   1159 PM  42    1892  62    -10       65
  AVERAGE         61                        72    -11       71

PRECIPITATION (IN)
  YESTERDAY        T             4.16 1908   0.15  -0.15     0.11
  MONTH TO DATE    1.10                      3.37  -2.27     1.98
  SINCE MAR 1      9.97                      9.50   0.47    10.31
  SINCE JAN 1     14.66                     12.47   2.19    11.77

SNOWFALL (IN)
  YESTERDAY        0.0           0.0  2002   0.0    0.0      0.0
  MONTH TO DATE    0.0                       0.0    0.0      0.0
  SINCE MAR 1      T                         0.9   -0.9       T
  SINCE JUL 1      2.1                       7.6   -5.5      1.2
  SNOW DEPTH       0

DEGREE DAYS
 HEATING
  YESTERDAY        4                         1      3        0
  MONTH TO DATE   45                        31     14       60
  SINCE MAR 1    477                       613   -136      460
  SINCE JUL 1   2697                      3363   -666     2817

 COOLING
  YESTERDAY        0                         7     -7        6
  MONTH TO DATE   60                       116    -56       55
  SINCE MAR 1    151                       181    -30       93
  SINCE JAN 1    160                       182    -22       97
..................................................................


WIND (MPH)
  HIGHEST WIND SPEED    26   HIGHEST WIND DIRECTION     N (340)
  HIGHEST GUST SPEED    35   HIGHEST GUST DIRECTION     N (340)
  AVERAGE WIND SPEED    12.9


SKY COVER
  AVERAGE SKY COVER 0.7


WEATHER CONDITIONS
 THE FOLLOWING WEATHER WAS RECORDED YESTERDAY.
  LIGHT RAIN


RELATIVE HUMIDITY (PERCENT)
 HIGHEST   100           200 AM
 LOWEST     42           400 PM
 AVERAGE    71

..........................................................


THE OKLAHOMA CITY CLIMATE NORMALS FOR TODAY
                         NORMAL    RECORD    YEAR
 MAXIMUM TEMPERATURE (F)   82        98      2000
 MINIMUM TEMPERATURE (F)   62        42      1935


SUNRISE AND SUNSET
MAY 24 2017...........SUNRISE   620 AM CDT   SUNSET   835 PM CDT
MAY 25 2017...........SUNRISE   619 AM CDT   SUNSET   836 PM CDT


-  INDICATES NEGATIVE NUMBERS.
R  INDICATES RECORD WAS SET OR TIED.
MM INDICATES DATA IS MISSING.
T  INDICATES TRACE AMOUNT.




$$
