000
CDUS44 KOUN 292206
CLIOKC

CLIMATE REPORT
NATIONAL WEATHER SERVICE NORMAN OK
505 PM CDT SUN MAR 29 2015


...................................

...THE OKLAHOMA CITY CLIMATE SUMMARY FOR MARCH 29 2015...
VALID TODAY AS OF 0500 PM LOCAL TIME.

CLIMATE NORMAL PERIOD 1981 TO 2010
CLIMATE RECORD PERIOD 1890 TO 2015


WEATHER ITEM   OBSERVED TIME   RECORD YEAR NORMAL DEPARTURE LAST
                VALUE   (LST)  VALUE       VALUE  FROM      YEAR
                                                  NORMAL
..................................................................
TEMPERATURE (F)
 TODAY
  MAXIMUM         78    311 PM  87    1895  67     11       73
  MINIMUM         49    705 AM  19    1894  44      5       36
  AVERAGE         64                        56      8       55

PRECIPITATION (IN)
  TODAY            0.00          1.43 2007   0.10  -0.10     0.00
  MONTH TO DATE    1.97                      2.85  -0.88     1.26
  SINCE JAN 1      4.18                      5.82  -1.64     1.69

SNOWFALL (IN)
  TODAY            0.0           3.0  1937   0.0    0.0      0.0
  MONTH TO DATE    3.0                       0.9    2.1      1.5
  SINCE JUL 1     13.6                       7.6    6.0     10.2
  SNOW DEPTH       0

DEGREE DAYS
 HEATING
  TODAY            1                        10     -9       10
  MONTH TO DATE  353                       391    -38      512
  SINCE JUL 1   3128                      3141    -13     3600

 COOLING
  TODAY            0                         1     -1        0
  MONTH TO DATE    5                         8     -3        4
  SINCE JAN 1      5                         9     -4        4
..................................................................


WIND (MPH)
  HIGHEST WIND SPEED    23   HIGHEST WIND DIRECTION     N (20)
  HIGHEST GUST SPEED    30   HIGHEST GUST DIRECTION     N (10)
  AVERAGE WIND SPEED    14.5


SKY COVER
  AVERAGE SKY COVER 0.2


WEATHER CONDITIONS
 THE FOLLOWING WEATHER WAS RECORDED TODAY.
  NO SIGNIFICANT WEATHER WAS OBSERVED.


RELATIVE HUMIDITY (PERCENT)
 HIGHEST    80           700 AM
 LOWEST     36           300 PM
 AVERAGE    58

..........................................................


THE OKLAHOMA CITY CLIMATE NORMALS FOR TOMORROW
                         NORMAL    RECORD    YEAR
 MAXIMUM TEMPERATURE (F)   68        88      1904
 MINIMUM TEMPERATURE (F)   45        22      1987


SUNRISE AND SUNSET
MARCH 29 2015.........SUNRISE   722 AM CDT   SUNSET   749 PM CDT
MARCH 30 2015.........SUNRISE   720 AM CDT   SUNSET   750 PM CDT


-  INDICATES NEGATIVE NUMBERS.
R  INDICATES RECORD WAS SET OR TIED.
MM INDICATES DATA IS MISSING.
T  INDICATES TRACE AMOUNT.

$$
