000
CDUS44 KOUN 240631
CLIOKC

CLIMATE REPORT
NATIONAL WEATHER SERVICE NORMAN OK
1230 AM CST SAT FEB 24 2018


...................................

...THE OKLAHOMA CITY CLIMATE SUMMARY FOR FEBRUARY 23 2018...

CLIMATE NORMAL PERIOD 1981 TO 2010
CLIMATE RECORD PERIOD 1890 TO 2018


WEATHER ITEM   OBSERVED TIME   RECORD YEAR NORMAL DEPARTURE LAST
                VALUE   (LST)  VALUE       VALUE  FROM      YEAR
                                                  NORMAL
..................................................................
TEMPERATURE (F)
 YESTERDAY
  MAXIMUM         38   1159 PM  88    1918  57    -19       87
  MINIMUM         32    855 AM   7    1910  35     -3       46
  AVERAGE         35                        46    -11       67

PRECIPITATION (IN)
  YESTERDAY        0.31          1.44 2005   0.07   0.24     0.00
  MONTH TO DATE    2.05                      1.26   0.79     3.12
  SINCE DEC 1      2.93                      4.53  -1.60     5.48
  SINCE JAN 1      2.25                      2.65  -0.40     4.69

SNOWFALL (IN)
  YESTERDAY        0.0           2.2  1941   0.1   -0.1      0.0
  MONTH TO DATE    0.3                       1.3   -1.0      0.0
  SINCE DEC 1      0.4                       6.2   -5.8      2.1
  SINCE JUL 1      0.4                       6.6   -6.2      2.1
  SNOW DEPTH       0

DEGREE DAYS
 HEATING
  YESTERDAY       30                        19     11        0
  MONTH TO DATE  608                       505    103      315
  SINCE DEC 1   2238                      2059    179     1819
  SINCE JUL 1   2788                      2658    130     2142

 COOLING
  YESTERDAY        0                         0      0        2
  MONTH TO DATE    4                         0      4        9
  SINCE DEC 1      4                         0      4        9
  SINCE JAN 1      4                         0      4        9
..................................................................


WIND (MPH)
  HIGHEST WIND SPEED    15   HIGHEST WIND DIRECTION     N (20)
  HIGHEST GUST SPEED    19   HIGHEST GUST DIRECTION     N (20)
  AVERAGE WIND SPEED     7.5


SKY COVER
  AVERAGE SKY COVER 1.0


WEATHER CONDITIONS
 THE FOLLOWING WEATHER WAS RECORDED YESTERDAY.
  THUNDERSTORM
  RAIN
  LIGHT RAIN
  FOG
  FOG W/VISIBILITY <= 1/4 MILE


RELATIVE HUMIDITY (PERCENT)
 HIGHEST   100          1200 AM
 LOWEST     92           200 PM
 AVERAGE    96

..........................................................


THE OKLAHOMA CITY CLIMATE NORMALS FOR TODAY
                         NORMAL    RECORD    YEAR
 MAXIMUM TEMPERATURE (F)   57        87      1918
 MINIMUM TEMPERATURE (F)   35         7      1965


SUNRISE AND SUNSET
FEBRUARY 24 2018......SUNRISE   706 AM CST   SUNSET   621 PM CST
FEBRUARY 25 2018......SUNRISE   705 AM CST   SUNSET   622 PM CST


-  INDICATES NEGATIVE NUMBERS.
R  INDICATES RECORD WAS SET OR TIED.
MM INDICATES DATA IS MISSING.
T  INDICATES TRACE AMOUNT.




$$
