000
CDUS44 KOUN 242213
CLIOKC

CLIMATE REPORT
NATIONAL WEATHER SERVICE NORMAN OK
511 PM CDT THU APR 24 2014


...................................

...THE OKLAHOMA CITY CLIMATE SUMMARY FOR APRIL 24 2014...
VALID TODAY AS OF 0500 PM LOCAL TIME.

CLIMATE NORMAL PERIOD 1981 TO 2010
CLIMATE RECORD PERIOD 1890 TO 2014


WEATHER ITEM   OBSERVED TIME   RECORD YEAR NORMAL DEPARTURE LAST
                VALUE   (LST)  VALUE       VALUE  FROM      YEAR
                                                  NORMAL
..................................................................
TEMPERATURE (F)
 TODAY
  MAXIMUM         76    249 PM  89    1901  75      1       58
  MINIMUM         61    900 AM  31    2013  53      8       31
  AVERAGE         69                        64      5       45

PRECIPITATION (IN)
  TODAY            T             1.67 1948   0.12  -0.12     0.00
  MONTH TO DATE    0.85                      2.29  -1.44     6.61
  SINCE JAN 1      2.54                      8.32  -5.78    11.56

SNOWFALL (IN)
  TODAY            0.0           0.0    MM   0.0    0.0      0.0
  MONTH TO DATE    T                         0.0    0.0       T
  SINCE JUL 1     10.2                       7.6    2.6      7.7
  SNOW DEPTH       0

DEGREE DAYS
 HEATING
  TODAY            0                         4     -4       20
  MONTH TO DATE  136                       154    -18      278
  SINCE JUL 1   3738                      3313    425     3323

 COOLING
  TODAY            4                         2      2        0
  MONTH TO DATE   39                        36      3       10
  SINCE JAN 1     50                        49      1       14
..................................................................


WIND (MPH)
  HIGHEST WIND SPEED    35   HIGHEST WIND DIRECTION    NW (330)
  HIGHEST GUST SPEED    43   HIGHEST GUST DIRECTION    NW (310)
  AVERAGE WIND SPEED    22.0


SKY COVER
  AVERAGE SKY COVER 0.4


WEATHER CONDITIONS
 THE FOLLOWING WEATHER WAS RECORDED TODAY.
  THUNDERSTORM
  LIGHT RAIN


RELATIVE HUMIDITY (PERCENT)
 HIGHEST    87           500 AM
 LOWEST     27           300 PM
 AVERAGE    57

..........................................................


THE OKLAHOMA CITY CLIMATE NORMALS FOR TOMORROW
                         NORMAL    RECORD    YEAR
 MAXIMUM TEMPERATURE (F)   75        91      1939
 MINIMUM TEMPERATURE (F)   53        35      2013
                                             1910


SUNRISE AND SUNSET
APRIL 24 2014.........SUNRISE   647 AM CDT   SUNSET   811 PM CDT
APRIL 25 2014.........SUNRISE   646 AM CDT   SUNSET   812 PM CDT


-  INDICATES NEGATIVE NUMBERS.
R  INDICATES RECORD WAS SET OR TIED.
MM INDICATES DATA IS MISSING.
T  INDICATES TRACE AMOUNT.




$$
