000
CDUS45 KGGW 270035
CLIOLF


CLIMATE REPORT
NATIONAL WEATHER SERVICE GLASGOW MT
635 PM MDT WED APR 26 2017


...................................

...THE WOLF POINT MT CLIMATE SUMMARY FOR APRIL 26 2017...
VALID TODAY AS OF 0500 PM LOCAL TIME.

CLIMATE NORMAL PERIOD 1981 TO 2010
CLIMATE RECORD PERIOD 9999 TO 9999


WEATHER ITEM   OBSERVED RECORD YEAR NORMAL DEPARTURE
                VALUE   VALUE       VALUE  FROM
                                           NORMAL
........................................................
TEMPERATURE (F)
 TODAY
  MAXIMUM         54     MM      MM  64
  MINIMUM         34     MM      MM  32
  AVERAGE         44

PRECIPITATION (IN)
  TODAY            0.00  MM      MM   0.04  -0.04
  MONTH TO DATE    0.88               0.74   0.14
  SINCE OCT 1      3.23               3.22   0.01
  SINCE JAN 1      1.36               1.72  -0.36

SNOWFALL (IN)
  TODAY            0.0   MM      MM  MM
  MONTH TO DATE    0.0               MM
  SINCE MAR 1      0.0               MM
  SINCE JUL 1      0.0               MM

DEGREE DAYS
 HEATING
  TODAY           21

 COOLING
  TODAY            0
........................................................







THE WOLF POINT MT CLIMATE NORMALS FOR TOMORROW
                         NORMAL    RECORD    YEAR
 MAXIMUM TEMPERATURE (F)   64        MM        MM
 MINIMUM TEMPERATURE (F)   32        MM        MM


SUNRISE AND SUNSET
APRIL 26 2017.........SUNRISE   552 AM MDT   SUNSET   809 PM MDT
APRIL 27 2017.........SUNRISE   550 AM MDT   SUNSET   811 PM MDT


-  INDICATES NEGATIVE NUMBERS.
R  INDICATES RECORD WAS SET OR TIED.
MM INDICATES DATA IS MISSING.
T  INDICATES TRACE AMOUNT.




$$
