090
CDUS45 KGGW 090741
CLIOLF


CLIMATE REPORT
NATIONAL WEATHER SERVICE GLASGOW MT
1241 AM MST FRI DEC 9 2016


...................................

...THE WOLF POINT MT CLIMATE SUMMARY FOR DECEMBER 8 2016...

CLIMATE NORMAL PERIOD 1981 TO 2010
CLIMATE RECORD PERIOD 9999 TO 9999


WEATHER ITEM   OBSERVED RECORD YEAR NORMAL DEPARTURE
                VALUE   VALUE       VALUE  FROM
                                           NORMAL
........................................................
TEMPERATURE (F)
 YESTERDAY
  MAXIMUM          6     MM      MM  29
  MINIMUM        -12     MM      MM   5
  AVERAGE         -3

PRECIPITATION (IN)
  YESTERDAY        0.00  MM      MM   0.01  -0.01
  MONTH TO DATE    0.14               0.08   0.06
  SINCE OCT 1      1.70               1.28   0.42
  SINCE JAN 1     15.63              11.96   3.67

SNOWFALL (IN)
  YESTERDAY        0.0   MM      MM  MM
  MONTH TO DATE    0.0               MM
  SINCE DEC 1      0.0               MM
  SINCE JUL 1      0.0               MM

DEGREE DAYS
 HEATING
  YESTERDAY       68

 COOLING
  YESTERDAY        0
........................................................







THE WOLF POINT MT CLIMATE NORMALS FOR TODAY
                         NORMAL    RECORD    YEAR
 MAXIMUM TEMPERATURE (F)   28        MM        MM
 MINIMUM TEMPERATURE (F)    5        MM        MM


SUNRISE AND SUNSET
DECEMBER  9 2016......SUNRISE   741 AM MST   SUNSET   409 PM MST
DECEMBER 10 2016......SUNRISE   742 AM MST   SUNSET   409 PM MST


-  INDICATES NEGATIVE NUMBERS.
R  INDICATES RECORD WAS SET OR TIED.
MM INDICATES DATA IS MISSING.
T  INDICATES TRACE AMOUNT.




$$
