000
CDUS46 KSEW 290118
CLIOLM


CLIMATE REPORT
NATIONAL WEATHER SERVICE SEATTLE WA
617 PM PDT SUN MAY 28 2017


...................................

...THE OLYMPIA WA AIRPORT CLIMATE SUMMARY FOR MAY 28 2017...
VALID TODAY AS OF 0600 PM LOCAL TIME.

CLIMATE NORMAL PERIOD 1981 TO 2010
CLIMATE RECORD PERIOD 1948 TO 2017


WEATHER ITEM   OBSERVED TIME   RECORD YEAR NORMAL DEPARTURE LAST
                VALUE   (LST)  VALUE       VALUE  FROM      YEAR
                                                  NORMAL
..................................................................
TEMPERATURE (F)
 TODAY
  MAXIMUM         87    447 PM  96    1983  68     19       62
  MINIMUM         49    423 AM  28    1966  45      4       49
  AVERAGE         68                        56     12       56

PRECIPITATION (IN)
  TODAY            0.00          0.80 1948   0.07  -0.07     0.04
  MONTH TO DATE    2.98                      2.11   0.87     0.15
  SINCE OCT 1     60.95                     44.74  16.21    58.38
  SINCE JAN 1     32.85                     24.05   8.80    25.38

DEGREE DAYS
 HEATING
  TODAY            0                         9     -9        9
  MONTH TO DATE  267                       313    -46      216
  SINCE MAR 1   1415                      1450    -35     1143
  SINCE JUL 1   5143                      5172    -29     4501

 COOLING
  TODAY            3                         0      3        0
  MONTH TO DATE   10                         0     10        0
  SINCE MAR 1     10                         0     10        1
  SINCE JAN 1     10                         0     10        1
..................................................................


WIND (MPH)
  RESULTANT WIND SPEED   2   RESULTANT WIND DIRECTION  NE (30)
  HIGHEST WIND SPEED    10   HIGHEST WIND DIRECTION     N (10)
  HIGHEST GUST SPEED    14   HIGHEST GUST DIRECTION     N (360)
  AVERAGE WIND SPEED     3.3


SKY COVER
  AVERAGE SKY COVER 0.0


WEATHER CONDITIONS
 THE FOLLOWING WEATHER WAS RECORDED TODAY.
  NO SIGNIFICANT WEATHER WAS OBSERVED.


RELATIVE HUMIDITY (PERCENT)
 HIGHEST   100           600 AM
 LOWEST     32           400 PM
 AVERAGE    66

..........................................................


THE OLYMPIA WA AIRPORT CLIMATE NORMALS FOR TOMORROW
                         NORMAL    RECORD    YEAR
 MAXIMUM TEMPERATURE (F)   68        87      1995
                                             1973
 MINIMUM TEMPERATURE (F)   46        33      1966


SUNRISE AND SUNSET
MAY 28 2017...........SUNRISE   523 AM PDT   SUNSET   855 PM PDT
MAY 29 2017...........SUNRISE   522 AM PDT   SUNSET   856 PM PDT


-  INDICATES NEGATIVE NUMBERS.
R  INDICATES RECORD WAS SET OR TIED.
MM INDICATES DATA IS MISSING.
T  INDICATES TRACE AMOUNT.




$$
