000
CDUS46 KSEW 280119
CLIOLM


CLIMATE REPORT
NATIONAL WEATHER SERVICE SEATTLE WA
519 PM PST THU NOV 27 2014


...................................

...THE OLYMPIA WA AIRPORT CLIMATE SUMMARY FOR NOVEMBER 27 2014...
VALID TODAY AS OF 0500 PM LOCAL TIME.

CLIMATE NORMAL PERIOD 1981 TO 2010
CLIMATE RECORD PERIOD 1948 TO 2014


WEATHER ITEM   OBSERVED TIME   RECORD YEAR NORMAL DEPARTURE LAST
                VALUE   (LST)  VALUE       VALUE  FROM      YEAR
                                                  NORMAL
..................................................................
TEMPERATURE (F)
 TODAY
  MAXIMUM         58R  1200 AM  57    1959  47     11       54
  MINIMUM         52    659 AM  17    1958  34     18       29
  AVERAGE         55                        41     14       42

PRECIPITATION (IN)
  TODAY            0.51          1.60 1984   0.30   0.21     0.00
  MONTH TO DATE    5.56                      7.73  -2.17     4.51
  SINCE OCT 1     12.47                     12.33   0.14     6.64
  SINCE JAN 1     47.95                     41.64   6.31    39.26

DEGREE DAYS
 HEATING
  TODAY           10                        24    -14       23
  MONTH TO DATE  558                       576    -18      602
  SINCE SEP 1    954                      1220   -266     1250
  SINCE JUL 1   1007                      1370   -363     1327

 COOLING
  TODAY            0                         0      0        0
  MONTH TO DATE    0                         0      0        0
  SINCE SEP 1      6                         7     -1       26
  SINCE JAN 1    187                       106     81      147
..................................................................


WIND (MPH)
  RESULTANT WIND SPEED  11   RESULTANT WIND DIRECTION   S (200)
  HIGHEST WIND SPEED    24   HIGHEST WIND DIRECTION     S (180)
  HIGHEST GUST SPEED    32   HIGHEST GUST DIRECTION     S (170)
  AVERAGE WIND SPEED    11.6


SKY COVER
  AVERAGE SKY COVER 0.9


WEATHER CONDITIONS
 THE FOLLOWING WEATHER WAS RECORDED TODAY.
  RAIN
  LIGHT RAIN
  FOG


RELATIVE HUMIDITY (PERCENT)
 HIGHEST    96           400 AM
 LOWEST     83           100 AM
 AVERAGE    90

..........................................................


THE OLYMPIA WA AIRPORT CLIMATE NORMALS FOR TOMORROW
                         NORMAL    RECORD    YEAR
 MAXIMUM TEMPERATURE (F)   47        57      1999
                                             1995
 MINIMUM TEMPERATURE (F)   34        18      1952


SUNRISE AND SUNSET
NOVEMBER 27 2014......SUNRISE   732 AM PST   SUNSET   427 PM PST
NOVEMBER 28 2014......SUNRISE   733 AM PST   SUNSET   426 PM PST


-  INDICATES NEGATIVE NUMBERS.
R  INDICATES RECORD WAS SET OR TIED.
MM INDICATES DATA IS MISSING.
T  INDICATES TRACE AMOUNT.




$$
