000
CDUS46 KSEW 230926
CLIOLM


CLIMATE REPORT
NATIONAL WEATHER SERVICE SEATTLE WA
226 AM PDT SAT SEP 23 2017


...................................

...THE OLYMPIA WA AIRPORT CLIMATE SUMMARY FOR SEPTEMBER 22 2017...

CLIMATE NORMAL PERIOD 1981 TO 2010
CLIMATE RECORD PERIOD 1948 TO 2017


WEATHER ITEM   OBSERVED TIME   RECORD YEAR NORMAL DEPARTURE LAST
                VALUE   (LST)  VALUE       VALUE  FROM      YEAR
                                                  NORMAL
..................................................................
TEMPERATURE (F)
 YESTERDAY
  MAXIMUM         69    323 PM  91    1990  70     -1       66
  MINIMUM         40    119 AM  31    1961  45     -5       40
  AVERAGE         55                        57     -2       53

PRECIPITATION (IN)
  YESTERDAY        0.00          1.50 1978   0.06  -0.06     0.00
  MONTH TO DATE    1.01                      1.15  -0.14     1.46
  SINCE OCT 1     63.54                     49.44  14.10    62.10
  SINCE JAN 1     35.44                     28.75   6.69    29.10

DEGREE DAYS
 HEATING
  YESTERDAY       10                         8      2       12
  MONTH TO DATE   99                       118    -19      138
  SINCE SEP 1     99                       118    -19      138
  SINCE JUL 1    155                       268   -113      248

 COOLING
  YESTERDAY        0                         0      0        0
  MONTH TO DATE   37                         4     33        0
  SINCE SEP 1     37                         4     33        0
  SINCE JAN 1    203                       103    100      145
..................................................................


WIND (MPH)
  RESULTANT WIND SPEED   1   RESULTANT WIND DIRECTION   E (100)
  HIGHEST WIND SPEED     8   HIGHEST WIND DIRECTION    NE (60)
  HIGHEST GUST SPEED    11   HIGHEST GUST DIRECTION    NE (60)
  AVERAGE WIND SPEED     2.3


SKY COVER
  AVERAGE SKY COVER 0.5


WEATHER CONDITIONS
 THE FOLLOWING WEATHER WAS RECORDED YESTERDAY.
  FOG


RELATIVE HUMIDITY (PERCENT)
 HIGHEST   100          1200 AM
 LOWEST     37           200 PM
 AVERAGE    69

..........................................................


THE OLYMPIA WA AIRPORT CLIMATE NORMALS FOR TODAY
                         NORMAL    RECORD    YEAR
 MAXIMUM TEMPERATURE (F)   70        91      1957
 MINIMUM TEMPERATURE (F)   45        26      2000


SUNRISE AND SUNSET
SEPTEMBER 23 2017.....SUNRISE   700 AM PDT   SUNSET   706 PM PDT
SEPTEMBER 24 2017.....SUNRISE   702 AM PDT   SUNSET   704 PM PDT


-  INDICATES NEGATIVE NUMBERS.
R  INDICATES RECORD WAS SET OR TIED.
MM INDICATES DATA IS MISSING.
T  INDICATES TRACE AMOUNT.




$$
