000
CDUS46 KSEW 300831
CLIOLM


CLIMATE REPORT
NATIONAL WEATHER SERVICE SEATTLE WA
130 AM PDT MON MAY 30 2016


...................................

...THE OLYMPIA WA AIRPORT CLIMATE SUMMARY FOR MAY 29 2016...

CLIMATE NORMAL PERIOD 1981 TO 2010
CLIMATE RECORD PERIOD 1948 TO 2016


WEATHER ITEM   OBSERVED TIME   RECORD YEAR NORMAL DEPARTURE LAST
                VALUE   (LST)  VALUE       VALUE  FROM      YEAR
                                                  NORMAL
..................................................................
TEMPERATURE (F)
 YESTERDAY
  MAXIMUM         68    149 PM  87    1995  68      0       80
                                      1973
  MINIMUM         45   1148 PM  33    1966  46     -1       50
  AVERAGE         57                        57      0       65

PRECIPITATION (IN)
  YESTERDAY        T             1.10 1969   0.08  -0.08     0.00
  MONTH TO DATE    0.15                      2.19  -2.04     0.67
  SINCE OCT 1     58.38                     44.82  13.56    39.52
  SINCE JAN 1     25.38                     24.13   1.25    20.49

DEGREE DAYS
 HEATING
  YESTERDAY        8                         9     -1        0
  MONTH TO DATE  224                       322    -98      245
  SINCE MAR 1   1151                      1459   -308     1257
  SINCE JUL 1   4509                      5181   -672     4292

 COOLING
  YESTERDAY        0                         0      0        0
  MONTH TO DATE    0                         0      0        1
  SINCE MAR 1      1                         0      1        1
  SINCE JAN 1      1                         0      1        1
..................................................................


WIND (MPH)
  RESULTANT WIND SPEED   5   RESULTANT WIND DIRECTION  SW (240)
  HIGHEST WIND SPEED    15   HIGHEST WIND DIRECTION     W (250)
  HIGHEST GUST SPEED    20   HIGHEST GUST DIRECTION    SW (230)
  AVERAGE WIND SPEED     7.6


SKY COVER
  AVERAGE SKY COVER 0.7


WEATHER CONDITIONS
 THE FOLLOWING WEATHER WAS RECORDED YESTERDAY.
  LIGHT RAIN


RELATIVE HUMIDITY (PERCENT)
 HIGHEST    96           100 AM
 LOWEST     42           100 PM
 AVERAGE    69

..........................................................


THE OLYMPIA WA AIRPORT CLIMATE NORMALS FOR TODAY
                         NORMAL    RECORD    YEAR
 MAXIMUM TEMPERATURE (F)   68        92      1956
 MINIMUM TEMPERATURE (F)   46        33      1966


SUNRISE AND SUNSET
MAY 30 2016...........SUNRISE   521 AM PDT   SUNSET   858 PM PDT
MAY 31 2016...........SUNRISE   521 AM PDT   SUNSET   858 PM PDT


-  INDICATES NEGATIVE NUMBERS.
R  INDICATES RECORD WAS SET OR TIED.
MM INDICATES DATA IS MISSING.
T  INDICATES TRACE AMOUNT.




$$
