000
CDUS46 KSEW 150828
CLIOLM


CLIMATE REPORT
NATIONAL WEATHER SERVICE SEATTLE WA
127 AM PDT MON SEP 15 2014


...................................

...THE OLYMPIA WA AIRPORT CLIMATE SUMMARY FOR SEPTEMBER 14 2014...

CLIMATE NORMAL PERIOD 1981 TO 2010
CLIMATE RECORD PERIOD 1948 TO 2014


WEATHER ITEM   OBSERVED TIME   RECORD YEAR NORMAL DEPARTURE LAST
                VALUE   (LST)  VALUE       VALUE  FROM      YEAR
                                                  NORMAL
..................................................................
TEMPERATURE (F)
 YESTERDAY
  MAXIMUM         85    437 PM  90    1979  73     12       70
                                      1951
  MINIMUM         40    518 AM  35    1992  46     -6       54
  AVERAGE         63                        60      3       62

PRECIPITATION (IN)
  YESTERDAY        0.00          0.76 1976   0.05  -0.05     0.00
                                      1968
  MONTH TO DATE    T                         0.71  -0.71     2.21
  SINCE OCT 1     41.25                     49.00  -7.75    52.43
  SINCE JAN 1     32.41                     28.31   4.10    25.47

DEGREE DAYS
 HEATING
  YESTERDAY        2                         6     -4        3
  MONTH TO DATE   55                        63     -8        5
  SINCE SEP 1     55                        63     -8        5
  SINCE JUL 1    108                       213   -105       82

 COOLING
  YESTERDAY        0                         0      0        0
  MONTH TO DATE    4                         4      0       26
  SINCE SEP 1      4                         4      0       26
  SINCE JAN 1    185                       103     82      147
..................................................................


WIND (MPH)
  RESULTANT WIND SPEED   2   RESULTANT WIND DIRECTION   N (10)
  HIGHEST WIND SPEED    10   HIGHEST WIND DIRECTION     N (360)
  HIGHEST GUST SPEED    13   HIGHEST GUST DIRECTION     N (10)
  AVERAGE WIND SPEED     2.5


SKY COVER
  AVERAGE SKY COVER 0.0


WEATHER CONDITIONS
 THE FOLLOWING WEATHER WAS RECORDED YESTERDAY.
  NO SIGNIFICANT WEATHER WAS OBSERVED.


RELATIVE HUMIDITY (PERCENT)
 HIGHEST    89           400 AM
 LOWEST     17           400 PM
 AVERAGE    53

..........................................................


THE OLYMPIA WA AIRPORT CLIMATE NORMALS FOR TODAY
                         NORMAL    RECORD    YEAR
 MAXIMUM TEMPERATURE (F)   72        94      1967
 MINIMUM TEMPERATURE (F)   46        32      1970
                                             1969


SUNRISE AND SUNSET
SEPTEMBER 15 2014.....SUNRISE   649 AM PDT   SUNSET   723 PM PDT
SEPTEMBER 16 2014.....SUNRISE   651 AM PDT   SUNSET   721 PM PDT


-  INDICATES NEGATIVE NUMBERS.
R  INDICATES RECORD WAS SET OR TIED.
MM INDICATES DATA IS MISSING.
T  INDICATES TRACE AMOUNT.




$$
