000
CDUS46 KSEW 310124
CLIOLM


CLIMATE REPORT
NATIONAL WEATHER SERVICE SEATTLE WA
623 PM PDT SUN AUG 30 2015


...................................

...THE OLYMPIA WA AIRPORT CLIMATE SUMMARY FOR AUGUST 30 2015...
VALID TODAY AS OF 0600 PM LOCAL TIME.

CLIMATE NORMAL PERIOD 1981 TO 2010
CLIMATE RECORD PERIOD 1948 TO 2015


WEATHER ITEM   OBSERVED TIME   RECORD YEAR NORMAL DEPARTURE LAST
                VALUE   (LST)  VALUE       VALUE  FROM      YEAR
                                                  NORMAL
..................................................................
TEMPERATURE (F)
 TODAY
  MAXIMUM         67    447 PM  90    1987  76     -9       69
  MINIMUM         54    618 AM  36    1977  49      5       57
  AVERAGE         61                        63     -2       63

PRECIPITATION (IN)
  TODAY            0.49          0.82 1990   0.05   0.44     0.59
  MONTH TO DATE    2.81                      0.89   1.92     1.45
  SINCE OCT 1     42.62                     48.24  -5.62    41.25
  SINCE JAN 1     23.59                     27.55  -3.96    32.41

DEGREE DAYS
 HEATING
  TODAY            4                         3      1        2
  MONTH TO DATE   27                        66    -39       17
  SINCE JUN 1    107                       334   -227      205
  SINCE JUL 1     44                       146   -102       50

 COOLING
  TODAY            0                         1     -1        0
  MONTH TO DATE   71                        46     25       83
  SINCE JUN 1    261                       100    161      180
  SINCE JAN 1    262                       103    159      181
..................................................................


WIND (MPH)
  RESULTANT WIND SPEED   7   RESULTANT WIND DIRECTION  SW (230)
  HIGHEST WIND SPEED    17   HIGHEST WIND DIRECTION    SW (240)
  HIGHEST GUST SPEED    28   HIGHEST GUST DIRECTION    SW (230)
  AVERAGE WIND SPEED     8.1


SKY COVER
  AVERAGE SKY COVER 0.9


WEATHER CONDITIONS
 THE FOLLOWING WEATHER WAS RECORDED TODAY.
  RAIN
  LIGHT RAIN
  FOG
  HAZE


RELATIVE HUMIDITY (PERCENT)
 HIGHEST    93           100 AM
 LOWEST     60           400 PM
 AVERAGE    77

..........................................................


THE OLYMPIA WA AIRPORT CLIMATE NORMALS FOR TOMORROW
                         NORMAL    RECORD    YEAR
 MAXIMUM TEMPERATURE (F)   76        94      1987
 MINIMUM TEMPERATURE (F)   49        38      1973
                                             1964


SUNRISE AND SUNSET
AUGUST 30 2015........SUNRISE   628 AM PDT   SUNSET   755 PM PDT
AUGUST 31 2015........SUNRISE   630 AM PDT   SUNSET   753 PM PDT


-  INDICATES NEGATIVE NUMBERS.
R  INDICATES RECORD WAS SET OR TIED.
MM INDICATES DATA IS MISSING.
T  INDICATES TRACE AMOUNT.




$$
