672
CDUS46 KSEW 270836
CLIOLM


CLIMATE REPORT
NATIONAL WEATHER SERVICE SEATTLE WA
135 AM PDT THU JUL 27 2017


...................................

...THE OLYMPIA WA AIRPORT CLIMATE SUMMARY FOR JULY 26 2017...

CLIMATE NORMAL PERIOD 1981 TO 2010
CLIMATE RECORD PERIOD 1948 TO 2017


WEATHER ITEM   OBSERVED TIME   RECORD YEAR NORMAL DEPARTURE LAST
                VALUE   (LST)  VALUE       VALUE  FROM      YEAR
                                                  NORMAL
..................................................................
TEMPERATURE (F)
 YESTERDAY
  MAXIMUM         84    402 PM  96    1998  78      6       81
  MINIMUM         52    511 AM  43    1966  52      0       56
  AVERAGE         68                        65      3       69

PRECIPITATION (IN)
  YESTERDAY        0.00          0.72 1978   0.01  -0.01     0.00
  MONTH TO DATE    0.05                      0.56  -0.51     0.62
  SINCE OCT 1     62.42                     47.28  15.14    60.24
  SINCE JAN 1     34.32                     26.59   7.73    27.24

DEGREE DAYS
 HEATING
  YESTERDAY        0                         2     -2        0
  MONTH TO DATE   34                        70    -36       55
  SINCE JUN 1    185                       258    -73      221
  SINCE JUL 1     34                        70    -36       55

 COOLING
  YESTERDAY        3                         2      1        4
  MONTH TO DATE   28                        36     -8       17
  SINCE JUN 1     50                        47      3       51
  SINCE JAN 1     60                        50     10       52
..................................................................


WIND (MPH)
  RESULTANT WIND SPEED   2   RESULTANT WIND DIRECTION  SW (210)
  HIGHEST WIND SPEED    12   HIGHEST WIND DIRECTION    SW (210)
  HIGHEST GUST SPEED    14   HIGHEST GUST DIRECTION    NW (300)
  AVERAGE WIND SPEED     4.3


SKY COVER
  AVERAGE SKY COVER 0.2


WEATHER CONDITIONS
 THE FOLLOWING WEATHER WAS RECORDED YESTERDAY.
  NO SIGNIFICANT WEATHER WAS OBSERVED.


RELATIVE HUMIDITY (PERCENT)
 HIGHEST   100           400 AM
 LOWEST     47           400 PM
 AVERAGE    74

..........................................................


THE OLYMPIA WA AIRPORT CLIMATE NORMALS FOR TODAY
                         NORMAL    RECORD    YEAR
 MAXIMUM TEMPERATURE (F)   78        99      1998
                                             1958
 MINIMUM TEMPERATURE (F)   52        41      1986


SUNRISE AND SUNSET
JULY 27 2017..........SUNRISE   546 AM PDT   SUNSET   850 PM PDT
JULY 28 2017..........SUNRISE   547 AM PDT   SUNSET   849 PM PDT


-  INDICATES NEGATIVE NUMBERS.
R  INDICATES RECORD WAS SET OR TIED.
MM INDICATES DATA IS MISSING.
T  INDICATES TRACE AMOUNT.




$$
