000
CDUS46 KSEW 220119
CLIOLM


CLIMATE REPORT
NATIONAL WEATHER SERVICE SEATTLE WA
518 PM PST TUE NOV 21 2017


...................................

...THE OLYMPIA WA AIRPORT CLIMATE SUMMARY FOR NOVEMBER 21 2017...
VALID TODAY AS OF 0500 PM LOCAL TIME.

CLIMATE NORMAL PERIOD 1981 TO 2010
CLIMATE RECORD PERIOD 1948 TO 2017


WEATHER ITEM   OBSERVED TIME   RECORD YEAR NORMAL DEPARTURE LAST
                VALUE   (LST)  VALUE       VALUE  FROM      YEAR
                                                  NORMAL
..................................................................
TEMPERATURE (F)
 TODAY
  MAXIMUM         58    459 PM  67    1954  49      9       52
  MINIMUM         31   1202 AM  10    1978  36     -5       36
  AVERAGE         45                        42      3       44

PRECIPITATION (IN)
  TODAY            1.07          1.79 1992   0.31   0.76     0.15
  MONTH TO DATE    8.79                      5.93   2.86     5.17
  SINCE OCT 1     15.37                     10.53   4.84    17.60
  SINCE JAN 1     51.04                     39.84  11.20    46.97

DEGREE DAYS
 HEATING
  TODAY           20                        23     -3       21
  MONTH TO DATE  462                       434     28      316
  SINCE SEP 1   1075                      1078     -3      896
  SINCE JUL 1   1131                      1228    -97     1006

 COOLING
  TODAY            0                         0      0        0
  MONTH TO DATE    0                         0      0        0
  SINCE SEP 1     38                         7     31        0
  SINCE JAN 1    204                       106     98      145
..................................................................


WIND (MPH)
  RESULTANT WIND SPEED   2   RESULTANT WIND DIRECTION   S (180)
  HIGHEST WIND SPEED    21   HIGHEST WIND DIRECTION     S (190)
  HIGHEST GUST SPEED    28   HIGHEST GUST DIRECTION     S (180)
  AVERAGE WIND SPEED     2.6


SKY COVER
  AVERAGE SKY COVER 0.9


WEATHER CONDITIONS
 THE FOLLOWING WEATHER WAS RECORDED TODAY.
  RAIN
  LIGHT RAIN
  FOG
  FOG W/VISIBILITY <= 1/4 MILE


RELATIVE HUMIDITY (PERCENT)
 HIGHEST   100          1200 AM
 LOWEST     93           400 PM
 AVERAGE    97

..........................................................


THE OLYMPIA WA AIRPORT CLIMATE NORMALS FOR TOMORROW
                         NORMAL    RECORD    YEAR
 MAXIMUM TEMPERATURE (F)   48        63      1957
 MINIMUM TEMPERATURE (F)   35         2      1985


SUNRISE AND SUNSET
NOVEMBER 21 2017......SUNRISE   724 AM PST   SUNSET   431 PM PST
NOVEMBER 22 2017......SUNRISE   725 AM PST   SUNSET   430 PM PST


-  INDICATES NEGATIVE NUMBERS.
R  INDICATES RECORD WAS SET OR TIED.
MM INDICATES DATA IS MISSING.
T  INDICATES TRACE AMOUNT.




$$
