000
CDUS46 KSEW 010827
CLIOLM


CLIMATE REPORT
NATIONAL WEATHER SERVICE SEATTLE WA
126 AM PDT FRI AUG 1 2014


...................................

...THE OLYMPIA WA AIRPORT CLIMATE SUMMARY FOR JULY 31 2014...

CLIMATE NORMAL PERIOD 1981 TO 2010
CLIMATE RECORD PERIOD 1948 TO 2014


WEATHER ITEM   OBSERVED TIME   RECORD YEAR NORMAL DEPARTURE LAST
                VALUE   (LST)  VALUE       VALUE  FROM      YEAR
                                                  NORMAL
..................................................................
TEMPERATURE (F)
 YESTERDAY
  MAXIMUM         90    425 PM  99    1965  79     11       76
  MINIMUM         51    459 AM  40    1957  52     -1       53
  AVERAGE         71                        65      6       65

PRECIPITATION (IN)
  YESTERDAY        0.00          0.30 1985   0.01  -0.01     0.00
  MONTH TO DATE    0.27                      0.63  -0.36      T
  SINCE OCT 1     39.80                     47.35  -7.55    48.38
  SINCE JAN 1     30.96                     26.66   4.30    21.42

DEGREE DAYS
 HEATING
  YESTERDAY        0                         2     -2        0
  MONTH TO DATE   33                        80    -47       57
  SINCE JUN 1    188                       268    -80      193
  SINCE JUL 1     33                        80    -47       57

 COOLING
  YESTERDAY        6                         2      4        0
  MONTH TO DATE   96                        43     53       36
  SINCE JUN 1     97                        54     43       62
  SINCE JAN 1     98                        57     41       64
..................................................................


WIND (MPH)
  RESULTANT WIND SPEED   4   RESULTANT WIND DIRECTION  NE (30)
  HIGHEST WIND SPEED    15   HIGHEST WIND DIRECTION    NE (40)
  HIGHEST GUST SPEED    19   HIGHEST GUST DIRECTION     N (10)
  AVERAGE WIND SPEED     5.2


SKY COVER
  AVERAGE SKY COVER 0.0


WEATHER CONDITIONS
 THE FOLLOWING WEATHER WAS RECORDED YESTERDAY.
  NO SIGNIFICANT WEATHER WAS OBSERVED.


RELATIVE HUMIDITY (PERCENT)
 HIGHEST    89           500 AM
 LOWEST     24           400 PM
 AVERAGE    57

..........................................................


THE OLYMPIA WA AIRPORT CLIMATE NORMALS FOR TODAY
                         NORMAL    RECORD    YEAR
 MAXIMUM TEMPERATURE (F)   79        97      1965
 MINIMUM TEMPERATURE (F)   52        41      2002


SUNRISE AND SUNSET
AUGUST  1 2014........SUNRISE   551 AM PDT   SUNSET   844 PM PDT
AUGUST  2 2014........SUNRISE   552 AM PDT   SUNSET   842 PM PDT


-  INDICATES NEGATIVE NUMBERS.
R  INDICATES RECORD WAS SET OR TIED.
MM INDICATES DATA IS MISSING.
T  INDICATES TRACE AMOUNT.




$$
