000
CDUS46 KSEW 290830
CLIOLM


CLIMATE REPORT
NATIONAL WEATHER SERVICE SEATTLE WA
130 AM PDT FRI AUG 29 2014


...................................

...THE OLYMPIA WA AIRPORT CLIMATE SUMMARY FOR AUGUST 28 2014...

CLIMATE NORMAL PERIOD 1981 TO 2010
CLIMATE RECORD PERIOD 1948 TO 2014


WEATHER ITEM   OBSERVED TIME   RECORD YEAR NORMAL DEPARTURE LAST
                VALUE   (LST)  VALUE       VALUE  FROM      YEAR
                                                  NORMAL
..................................................................
TEMPERATURE (F)
 YESTERDAY
  MAXIMUM         76    351 PM  98    1967  76      0       79
  MINIMUM         54    529 AM  37    1985  49      5       62
  AVERAGE         65                        63      2       71

PRECIPITATION (IN)
  YESTERDAY        0.00          0.44 1953   0.05  -0.05     0.13
  MONTH TO DATE    0.85                      0.80   0.05     0.51
  SINCE OCT 1     40.65                     48.15  -7.50    48.89
  SINCE JAN 1     31.81                     27.46   4.35    21.93

DEGREE DAYS
 HEATING
  YESTERDAY        0                         3     -3        0
  MONTH TO DATE   14                        60    -46       20
  SINCE JUN 1    202                       328   -126      213
  SINCE JUL 1     47                       140    -93       77

 COOLING
  YESTERDAY        0                         1     -1        6
  MONTH TO DATE   83                        44     39       51
  SINCE JUN 1    180                        98     82      113
  SINCE JAN 1    181                       101     80      115
..................................................................


WIND (MPH)
  RESULTANT WIND SPEED   5   RESULTANT WIND DIRECTION  SW (210)
  HIGHEST WIND SPEED    14   HIGHEST WIND DIRECTION    SW (240)
  HIGHEST GUST SPEED    18   HIGHEST GUST DIRECTION    SW (240)
  AVERAGE WIND SPEED     5.3


SKY COVER
  AVERAGE SKY COVER 0.5


WEATHER CONDITIONS
 THE FOLLOWING WEATHER WAS RECORDED YESTERDAY.
  FOG


RELATIVE HUMIDITY (PERCENT)
 HIGHEST    93           300 AM
 LOWEST     58           300 PM
 AVERAGE    76

..........................................................


THE OLYMPIA WA AIRPORT CLIMATE NORMALS FOR TODAY
                         NORMAL    RECORD    YEAR
 MAXIMUM TEMPERATURE (F)   76        94      1996
 MINIMUM TEMPERATURE (F)   49        34      1969


SUNRISE AND SUNSET
AUGUST 29 2014........SUNRISE   627 AM PDT   SUNSET   757 PM PDT
AUGUST 30 2014........SUNRISE   629 AM PDT   SUNSET   755 PM PDT


-  INDICATES NEGATIVE NUMBERS.
R  INDICATES RECORD WAS SET OR TIED.
MM INDICATES DATA IS MISSING.
T  INDICATES TRACE AMOUNT.




$$
