000
CDUS43 KOAX 200628
CLIOMA


CLIMATE REPORT
NATIONAL WEATHER SERVICE OMAHA NEBRASKA
127 AM CDT WED AUG 20 2014


...................................

...THE OMAHA EPPLEY, NEBRASKA CLIMATE SUMMARY FOR AUGUST 19 2014...

CLIMATE NORMAL PERIOD 1981 TO 2010
CLIMATE RECORD PERIOD 1871 TO 2014


WEATHER ITEM   OBSERVED TIME   RECORD YEAR NORMAL DEPARTURE LAST
                VALUE   (LST)  VALUE       VALUE  FROM      YEAR
                                                  NORMAL
..................................................................
TEMPERATURE (F)
 YESTERDAY
  MAXIMUM         90    257 PM  98    1972  85      5       86
  MINIMUM         68    609 AM  47    2004  64      4       66
  AVERAGE         79                        74      5       76

PRECIPITATION (IN)
  YESTERDAY        0.00          2.13 1949   0.13  -0.13     0.00
  MONTH TO DATE    2.09                      2.42  -0.33     1.69
  SINCE JUN 1     14.33                     10.43   3.90     6.87
  SINCE JAN 1     21.15                     21.71  -0.56    21.21

SNOWFALL (IN)
  YESTERDAY        0.0                       0.0    0.0      0.0
  MONTH TO DATE    0.0                       0.0    0.0      0.0
  SINCE JUL 1      0.0                       0.0    0.0      0.0
  SNOW DEPTH       0

DEGREE DAYS
 HEATING
  YESTERDAY        0                         0      0        0
  MONTH TO DATE    0                         0      0        0
  SINCE JUN 1     10                        18     -8       21
  SINCE JUL 1      4                         1      3        5

 COOLING
  YESTERDAY       14                        10      4       11
  MONTH TO DATE  183                       201    -18      150
  SINCE JUN 1    731                       796    -65      745
  SINCE JAN 1    874                       878     -4      841
..................................................................


WIND (MPH)
  HIGHEST WIND SPEED     9   HIGHEST WIND DIRECTION    SE (140)
  HIGHEST GUST SPEED    13   HIGHEST GUST DIRECTION     N (020)
  AVERAGE WIND SPEED     4.4


SKY COVER
  POSSIBLE SUNSHINE  MM
  AVERAGE SKY COVER 0.4


WEATHER CONDITIONS
 THE FOLLOWING WEATHER WAS RECORDED YESTERDAY.
  FOG
  HAZE


RELATIVE HUMIDITY (PERCENT)
 HIGHEST    90           300 AM
 LOWEST     38           200 PM
 AVERAGE    64

..........................................................


THE OMAHA EPPLEY, NEBRASKA CLIMATE NORMALS FOR TODAY
                         NORMAL    RECORD    YEAR
 MAXIMUM TEMPERATURE (F)   85       100      1975
                                             1898
 MINIMUM TEMPERATURE (F)   64        43      1950


SUNRISE AND SUNSET
AUGUST 20 2014........SUNRISE   638 AM CDT   SUNSET   815 PM CDT
AUGUST 21 2014........SUNRISE   639 AM CDT   SUNSET   814 PM CDT


-  INDICATES NEGATIVE NUMBERS.
R  INDICATES RECORD WAS SET OR TIED.
MM INDICATES DATA IS MISSING.
T  INDICATES TRACE AMOUNT.




$$
