000
CDUS43 KOAX 050631
CLIOMA


CLIMATE REPORT
NATIONAL WEATHER SERVICE OMAHA NEBRASKA
130 AM CDT THU MAY 5 2016


...................................

...THE OMAHA EPPLEY, NEBRASKA CLIMATE SUMMARY FOR MAY 4 2016...

CLIMATE NORMAL PERIOD 1981 TO 2010
CLIMATE RECORD PERIOD 1871 TO 2016


WEATHER ITEM   OBSERVED TIME   RECORD YEAR NORMAL DEPARTURE LAST
                VALUE   (LST)  VALUE       VALUE  FROM      YEAR
                                                  NORMAL
..................................................................
TEMPERATURE (F)
 YESTERDAY
  MAXIMUM         70    444 PM  93    1952  70      0       67
  MINIMUM         47    538 AM  30    2005  47      0       57
                                      1944
  AVERAGE         59                        58      1       62

PRECIPITATION (IN)
  YESTERDAY        0.00          1.56 1959   0.13  -0.13     0.06
  MONTH TO DATE    0.07                      0.52  -0.45     0.97
  SINCE MAR 1      6.50                      5.47   1.03     5.18
  SINCE JAN 1      8.22                      7.04   1.18     6.32

SNOWFALL (IN)
  YESTERDAY        0.0                       0.1   -0.1      0.0
  MONTH TO DATE    0.0                       0.1   -0.1      0.0
  SINCE JUL 1     27.4                      26.5    0.9     13.8
  SNOW DEPTH       0

DEGREE DAYS
 HEATING
  YESTERDAY        6                         7     -1        3
  MONTH TO DATE   40                        31      9        9
  SINCE MAR 1    880                      1235   -355      980
  SINCE JUL 1   4846                      6033  -1187     5691

 COOLING
  YESTERDAY        0                         1     -1        0
  MONTH TO DATE    0                         4     -4        6
  SINCE MAR 1     13                        20     -7       11
  SINCE JAN 1     13                        20     -7       11
..................................................................


WIND (MPH)
  HIGHEST WIND SPEED    23   HIGHEST WIND DIRECTION     N (360)
  HIGHEST GUST SPEED    30   HIGHEST GUST DIRECTION     N (360)
  AVERAGE WIND SPEED    10.4


SKY COVER
  POSSIBLE SUNSHINE  MM
  AVERAGE SKY COVER 0.1


WEATHER CONDITIONS
 THE FOLLOWING WEATHER WAS RECORDED YESTERDAY.
  NO SIGNIFICANT WEATHER WAS OBSERVED.


RELATIVE HUMIDITY (PERCENT)
 HIGHEST    71           200 AM
 LOWEST     31           300 PM
 AVERAGE    51

..........................................................


THE OMAHA EPPLEY, NEBRASKA CLIMATE NORMALS FOR TODAY
                         NORMAL    RECORD    YEAR
 MAXIMUM TEMPERATURE (F)   70        95      1909
 MINIMUM TEMPERATURE (F)   47        29      1944


SUNRISE AND SUNSET
MAY  5 2016...........SUNRISE   615 AM CDT   SUNSET   826 PM CDT
MAY  6 2016...........SUNRISE   614 AM CDT   SUNSET   827 PM CDT


-  INDICATES NEGATIVE NUMBERS.
R  INDICATES RECORD WAS SET OR TIED.
MM INDICATES DATA IS MISSING.
T  INDICATES TRACE AMOUNT.




$$
