000
CDUS43 KOAX 132232
CLIOMA


CLIMATE REPORT
NATIONAL WEATHER SERVICE OMAHA NEBRASKA
429 PM CST SAT FEB 13 2016


...................................

...THE OMAHA EPPLEY, NEBRASKA CLIMATE SUMMARY FOR FEBRUARY 13 2016...
VALID TODAY AS OF 400 PM LOCAL TIME.

CLIMATE NORMAL PERIOD 1981 TO 2010
CLIMATE RECORD PERIOD 1871 TO 2016


WEATHER ITEM   OBSERVED TIME   RECORD YEAR NORMAL DEPARTURE LAST
                VALUE   (LST)  VALUE       VALUE  FROM      YEAR
                                                  NORMAL
..................................................................
TEMPERATURE (F)
 TODAY
  MAXIMUM         19    359 PM  68    1967  37    -18       49
  MINIMUM          9    732 AM -22    1905  17     -8       18
  AVERAGE         14                        27    -13       34

PRECIPITATION (IN)
  TODAY            0.00          0.85 1919   0.02  -0.02     0.00
  MONTH TO DATE    0.49                      0.35   0.14     0.39
  SINCE DEC 1      6.86                      2.11   4.75     2.76
  SINCE JAN 1      1.60                      1.07   0.53     1.08

SNOWFALL (IN)
  TODAY            0.0                       0.2   -0.2      0.0
  MONTH TO DATE    6.1                       3.0    3.1      5.9
  SINCE JUL 1     27.2                      18.1    9.1     13.1
  SNOW DEPTH       0

DEGREE DAYS
 HEATING
  TODAY           51                        38     13       31
  MONTH TO DATE  514                       509      5      530
  SINCE DEC 1   2716                      3004   -288     2708
  SINCE JUL 1   3594                      4274   -680     4009

 COOLING
  TODAY            0                         0      0        0
  MONTH TO DATE    0                         0      0        0
  SINCE DEC 1      0                         0      0        0
  SINCE JAN 1      0                         0      0        0
..................................................................


WIND (MPH)
  HIGHEST WIND SPEED    18   HIGHEST WIND DIRECTION    SE (120)
  HIGHEST GUST SPEED    22   HIGHEST GUST DIRECTION    SE (150)
  AVERAGE WIND SPEED     9.3


SKY COVER
  POSSIBLE SUNSHINE  MM
  AVERAGE SKY COVER 1.0


WEATHER CONDITIONS
 THE FOLLOWING WEATHER WAS RECORDED TODAY.
  NO SIGNIFICANT WEATHER WAS OBSERVED.


RELATIVE HUMIDITY (PERCENT)
 HIGHEST    69           600 AM
 LOWEST     49           400 PM
 AVERAGE    59

..........................................................


THE OMAHA EPPLEY, NEBRASKA CLIMATE NORMALS FOR TOMORROW
                         NORMAL    RECORD    YEAR
 MAXIMUM TEMPERATURE (F)   38        72      1967
 MINIMUM TEMPERATURE (F)   18       -18      1936


SUNRISE AND SUNSET
FEBRUARY 13 2016......SUNRISE   722 AM CST   SUNSET   555 PM CST
FEBRUARY 14 2016......SUNRISE   720 AM CST   SUNSET   556 PM CST


-  INDICATES NEGATIVE NUMBERS.
R  INDICATES RECORD WAS SET OR TIED.
MM INDICATES DATA IS MISSING.
T  INDICATES TRACE AMOUNT.




$$

KLISH
