274
CDUS43 KOAX 240633
CLIOMA


CLIMATE REPORT
NATIONAL WEATHER SERVICE OMAHA NEBRASKA
131 AM CDT FRI MAR 24 2017


...................................

...THE OMAHA EPPLEY, NEBRASKA CLIMATE SUMMARY FOR MARCH 23 2017...

CLIMATE NORMAL PERIOD 1981 TO 2010
CLIMATE RECORD PERIOD 1871 TO 2017


WEATHER ITEM   OBSERVED TIME   RECORD YEAR NORMAL DEPARTURE LAST
                VALUE   (LST)  VALUE       VALUE  FROM      YEAR
                                                  NORMAL
..................................................................
TEMPERATURE (F)
 YESTERDAY
  MAXIMUM         76    414 PM  87    1910  54     22       58
  MINIMUM         45    550 AM  10    1965  31     14       35
  AVERAGE         61                        42     19       47

PRECIPITATION (IN)
  YESTERDAY        T             0.99 1973   0.07  -0.07     0.15
  MONTH TO DATE    0.13                      1.34  -1.21     0.54
  SINCE MAR 1      0.13                      1.34  -1.21     0.54
  SINCE JAN 1      2.03                      2.91  -0.88     2.26

SNOWFALL (IN)
  YESTERDAY        0.0                       0.1   -0.1      0.0
  MONTH TO DATE    0.3                       3.4   -3.1       T
  SINCE JUL 1     11.4                      24.6  -13.2     27.4
  SNOW DEPTH       0

DEGREE DAYS
 HEATING
  YESTERDAY        4                        23    -19       18
  MONTH TO DATE  513                       625   -112      396
  SINCE MAR 1    513                       625   -112      396
  SINCE JUL 1   4340                      5423  -1083     4362

 COOLING
  YESTERDAY        0                         0      0        0
  MONTH TO DATE    0                         0      0        2
  SINCE MAR 1      0                         0      0        2
  SINCE JAN 1      0                         0      0        2
..................................................................


WIND (MPH)
  HIGHEST WIND SPEED    41   HIGHEST WIND DIRECTION     S (160)
  HIGHEST GUST SPEED    49   HIGHEST GUST DIRECTION     S (160)
  AVERAGE WIND SPEED    19.8


SKY COVER
  POSSIBLE SUNSHINE  MM
  AVERAGE SKY COVER 0.9


WEATHER CONDITIONS
 THE FOLLOWING WEATHER WAS RECORDED YESTERDAY.
  THUNDERSTORM


RELATIVE HUMIDITY (PERCENT)
 HIGHEST    52           900 AM
 LOWEST     37           300 AM
 AVERAGE    45

..........................................................


THE OMAHA EPPLEY, NEBRASKA CLIMATE NORMALS FOR TODAY
                         NORMAL    RECORD    YEAR
 MAXIMUM TEMPERATURE (F)   55        89      1967
 MINIMUM TEMPERATURE (F)   31         5      1952


SUNRISE AND SUNSET
MARCH 24 2017.........SUNRISE   720 AM CDT   SUNSET   740 PM CDT
MARCH 25 2017.........SUNRISE   718 AM CDT   SUNSET   742 PM CDT


-  INDICATES NEGATIVE NUMBERS.
R  INDICATES RECORD WAS SET OR TIED.
MM INDICATES DATA IS MISSING.
T  INDICATES TRACE AMOUNT.




$$
