000
CDUS43 KOAX 162200
CLIOMA


CLIMATE REPORT
NATIONAL WEATHER SERVICE OMAHA NEBRASKA
452 PM CDT MON OCT 16 2017


...................................

...THE OMAHA EPPLEY, NEBRASKA CLIMATE SUMMARY FOR OCTOBER 16 2017...
VALID TODAY AS OF 400 PM LOCAL TIME.

CLIMATE NORMAL PERIOD 1981 TO 2010
CLIMATE RECORD PERIOD 1871 TO 2017


WEATHER ITEM   OBSERVED TIME   RECORD YEAR NORMAL DEPARTURE LAST
                VALUE   (LST)  VALUE       VALUE  FROM      YEAR
                                                  NORMAL
..................................................................
TEMPERATURE (F)
 TODAY
  MAXIMUM         74    259 PM  87    1938  65      9       83
  MINIMUM         39    445 AM  22    1943  42     -3       60
  AVERAGE         57                        53      4       72

PRECIPITATION (IN)
  TODAY            0.00          3.09 1968   0.06  -0.06     0.00
  MONTH TO DATE    3.98                      1.17   2.81     1.47
  SINCE SEP 1      6.57                      3.85   2.72     5.89
  SINCE JAN 1     25.54                     26.96  -1.42    32.21

SNOWFALL (IN)
  TODAY            0.0                       0.0    0.0      0.0
  MONTH TO DATE    0.0                       0.1   -0.1      0.0
  SINCE JUL 1      0.0                       0.1   -0.1       T
  SNOW DEPTH       0

DEGREE DAYS
 HEATING
  TODAY            8                        12     -4        0
  MONTH TO DATE  102                       155    -53      100
  SINCE SEP 1    129                       250   -121      127
  SINCE JUL 1    129                       258   -129      127

 COOLING
  TODAY            0                         0      0        7
  MONTH TO DATE   15                        12      3       11
  SINCE SEP 1    218                       129     89      218
  SINCE JAN 1   1347                      1109    238     1465
..................................................................


WIND (MPH)
  HIGHEST WIND SPEED    21   HIGHEST WIND DIRECTION     S (190)
  HIGHEST GUST SPEED    27   HIGHEST GUST DIRECTION     S (200)
  AVERAGE WIND SPEED     8.5


SKY COVER
  POSSIBLE SUNSHINE  MM
  AVERAGE SKY COVER 0.0


WEATHER CONDITIONS
 THE FOLLOWING WEATHER WAS RECORDED TODAY.
  NO SIGNIFICANT WEATHER WAS OBSERVED.


RELATIVE HUMIDITY (PERCENT)
 HIGHEST    85           200 AM
 LOWEST     23           200 PM
 AVERAGE    54

..........................................................


THE OMAHA EPPLEY, NEBRASKA CLIMATE NORMALS FOR TOMORROW
                         NORMAL    RECORD    YEAR
 MAXIMUM TEMPERATURE (F)   64        85      2016
 MINIMUM TEMPERATURE (F)   41        18      1976


SUNRISE AND SUNSET
OCTOBER 16 2017.......SUNRISE   737 AM CDT   SUNSET   641 PM CDT
OCTOBER 17 2017.......SUNRISE   738 AM CDT   SUNSET   639 PM CDT


-  INDICATES NEGATIVE NUMBERS.
R  INDICATES RECORD WAS SET OR TIED.
MM INDICATES DATA IS MISSING.
T  INDICATES TRACE AMOUNT.




$$

KLISH
