000
CDUS43 KOAX 040656
CLIOMA


CLIMATE REPORT
NATIONAL WEATHER SERVICE OMAHA NEBRASKA
156 AM CDT FRI SEP 4 2015


...................................

...THE OMAHA EPPLEY, NEBRASKA CLIMATE SUMMARY FOR SEPTEMBER 3 2015...

CLIMATE NORMAL PERIOD 1981 TO 2010
CLIMATE RECORD PERIOD 1871 TO 2015


WEATHER ITEM   OBSERVED TIME   RECORD YEAR NORMAL DEPARTURE LAST
                VALUE   (LST)  VALUE       VALUE  FROM      YEAR
                                                  NORMAL
..................................................................
TEMPERATURE (F)
 YESTERDAY
  MAXIMUM         94    338 PM 101    1939  82     12       87
  MINIMUM         74    651 AM  34    1974  59     15       65
  AVERAGE         84                        71     13       76

PRECIPITATION (IN)
  YESTERDAY        0.00          2.01 1968   0.10  -0.10     0.00
  MONTH TO DATE    0.00                      0.30  -0.30      T
  SINCE SEP 1      0.00                      0.30  -0.30      T
  SINCE JAN 1     26.65                     23.41   3.24    28.65

SNOWFALL (IN)
  YESTERDAY        0.0                       0.0    0.0      0.0
  MONTH TO DATE    0.0                       0.0    0.0      0.0
  SINCE JUL 1      0.0                       0.0    0.0      0.0
  SNOW DEPTH       0

DEGREE DAYS
 HEATING
  YESTERDAY        0                         1     -1        0
  MONTH TO DATE    0                         3     -3        0
  SINCE SEP 1      0                         3     -3        0
  SINCE JUL 1      4                        11     -7        4

 COOLING
  YESTERDAY       19                         7     12       11
  MONTH TO DATE   51                        21     30       23
  SINCE SEP 1     51                        21     30       23
  SINCE JAN 1   1004                      1001      3     1046
..................................................................


WIND (MPH)
  HIGHEST WIND SPEED    23   HIGHEST WIND DIRECTION     S (170)
  HIGHEST GUST SPEED    27   HIGHEST GUST DIRECTION     S (160)
  AVERAGE WIND SPEED    14.0


SKY COVER
  POSSIBLE SUNSHINE  MM
  AVERAGE SKY COVER 0.2


WEATHER CONDITIONS
 THE FOLLOWING WEATHER WAS RECORDED YESTERDAY.
  NO SIGNIFICANT WEATHER WAS OBSERVED.


RELATIVE HUMIDITY (PERCENT)
 HIGHEST    87           500 AM
 LOWEST     46           300 PM
 AVERAGE    67

..........................................................


THE OMAHA EPPLEY, NEBRASKA CLIMATE NORMALS FOR TODAY
                         NORMAL    RECORD    YEAR
 MAXIMUM TEMPERATURE (F)   82       100      1954
                                             1913
 MINIMUM TEMPERATURE (F)   59        40      1974


SUNRISE AND SUNSET
SEPTEMBER  4 2015.....SUNRISE   653 AM CDT   SUNSET   752 PM CDT
SEPTEMBER  5 2015.....SUNRISE   654 AM CDT   SUNSET   750 PM CDT


-  INDICATES NEGATIVE NUMBERS.
R  INDICATES RECORD WAS SET OR TIED.
MM INDICATES DATA IS MISSING.
T  INDICATES TRACE AMOUNT.




$$
