000
CDUS43 KOAX 030633
CLIOMA


CLIMATE REPORT
NATIONAL WEATHER SERVICE OMAHA NEBRASKA
132 AM CDT MON AUG 3 2015


...................................

...THE OMAHA EPPLEY, NEBRASKA CLIMATE SUMMARY FOR AUGUST 2 2015...

CLIMATE NORMAL PERIOD 1981 TO 2010
CLIMATE RECORD PERIOD 1871 TO 2015


WEATHER ITEM   OBSERVED TIME   RECORD YEAR NORMAL DEPARTURE LAST
                VALUE   (LST)  VALUE       VALUE  FROM      YEAR
                                                  NORMAL
..................................................................
TEMPERATURE (F)
 YESTERDAY
  MAXIMUM         97    345 PM 107    1964  87     10       88
  MINIMUM         72   1159 PM  53    1973  66      6       62
  AVERAGE         85                        76      9       75

PRECIPITATION (IN)
  YESTERDAY        0.01          3.27 1959   0.13  -0.12     0.11
  MONTH TO DATE    0.01                      0.26  -0.25     0.12
  SINCE JUN 1      7.02                      8.27  -1.25    12.36
  SINCE JAN 1     17.71                     19.55  -1.84    19.18

SNOWFALL (IN)
  YESTERDAY        0.0                       0.0    0.0      0.0
  MONTH TO DATE    0.0                       0.0    0.0      0.0
  SINCE JUL 1      0.0                       0.0    0.0      0.0
  SNOW DEPTH       0

DEGREE DAYS
 HEATING
  YESTERDAY        0                         0      0        0
  MONTH TO DATE    0                         0      0        0
  SINCE JUN 1      1                        18    -17       10
  SINCE JUL 1      1                         1      0        4

 COOLING
  YESTERDAY       20                        11      9       10
  MONTH TO DATE   32                        22     10       21
  SINCE JUN 1    674                       617     57      569
  SINCE JAN 1    720                       699     21      712
..................................................................


WIND (MPH)
  HIGHEST WIND SPEED    18   HIGHEST WIND DIRECTION     S (170)
  HIGHEST GUST SPEED    23   HIGHEST GUST DIRECTION    SW (240)
  AVERAGE WIND SPEED     9.2


SKY COVER
  POSSIBLE SUNSHINE  MM
  AVERAGE SKY COVER 0.4


WEATHER CONDITIONS
 THE FOLLOWING WEATHER WAS RECORDED YESTERDAY.
  THUNDERSTORM
  LIGHT RAIN


RELATIVE HUMIDITY (PERCENT)
 HIGHEST    87          1200 AM
 LOWEST     45           100 PM
 AVERAGE    66

..........................................................


THE OMAHA EPPLEY, NEBRASKA CLIMATE NORMALS FOR TODAY
                         NORMAL    RECORD    YEAR
 MAXIMUM TEMPERATURE (F)   87       111      1930
 MINIMUM TEMPERATURE (F)   66        50      1974


SUNRISE AND SUNSET
AUGUST  3 2015........SUNRISE   621 AM CDT   SUNSET   838 PM CDT
AUGUST  4 2015........SUNRISE   622 AM CDT   SUNSET   837 PM CDT


-  INDICATES NEGATIVE NUMBERS.
R  INDICATES RECORD WAS SET OR TIED.
MM INDICATES DATA IS MISSING.
T  INDICATES TRACE AMOUNT.




$$
