000
CDUS43 KOAX 200625
CLIOMA


CLIMATE REPORT
NATIONAL WEATHER SERVICE OMAHA NEBRASKA
123 AM CDT MON OCT 20 2014


...................................

...THE OMAHA EPPLEY, NEBRASKA CLIMATE SUMMARY FOR OCTOBER 19 2014...

CLIMATE NORMAL PERIOD 1981 TO 2010
CLIMATE RECORD PERIOD 1871 TO 2014


WEATHER ITEM   OBSERVED TIME   RECORD YEAR NORMAL DEPARTURE LAST
                VALUE   (LST)  VALUE       VALUE  FROM      YEAR
                                                  NORMAL
..................................................................
TEMPERATURE (F)
 YESTERDAY
  MAXIMUM         73    345 PM  87    2003  64      9       63
  MINIMUM         42    545 AM  13    1972  41      1       32
  AVERAGE         58                        52      6       48

PRECIPITATION (IN)
  YESTERDAY        0.00          2.14 1877   0.07  -0.07     0.00
  MONTH TO DATE    1.46                      1.38   0.08     3.47
  SINCE SEP 1      7.57                      4.06   3.51     6.19
  SINCE JAN 1     36.22                     27.17   9.05    27.43

SNOWFALL (IN)
  YESTERDAY        0.0                       0.0    0.0      0.0
  MONTH TO DATE    0.0                       0.1   -0.1      0.0
  SINCE JUL 1      0.0                       0.1   -0.1      0.0
  SNOW DEPTH       0

DEGREE DAYS
 HEATING
  YESTERDAY        7                        13     -6       17
  MONTH TO DATE  195                       193      2      156
  SINCE SEP 1    269                       288    -19      173
  SINCE JUL 1    273                       296    -23      178

 COOLING
  YESTERDAY        0                         0      0        0
  MONTH TO DATE    4                        12     -8       21
  SINCE SEP 1    124                       129     -5      228
  SINCE JAN 1   1147                      1109     38     1294
..................................................................


WIND (MPH)
  HIGHEST WIND SPEED    17   HIGHEST WIND DIRECTION    SW (230)
  HIGHEST GUST SPEED    23   HIGHEST GUST DIRECTION    SW (210)
  AVERAGE WIND SPEED     9.0


SKY COVER
  POSSIBLE SUNSHINE  MM
  AVERAGE SKY COVER 0.3


WEATHER CONDITIONS
 THE FOLLOWING WEATHER WAS RECORDED YESTERDAY.
  NO SIGNIFICANT WEATHER WAS OBSERVED.


RELATIVE HUMIDITY (PERCENT)
 HIGHEST    89           300 AM
 LOWEST     38           200 PM
 AVERAGE    64

..........................................................


THE OMAHA EPPLEY, NEBRASKA CLIMATE NORMALS FOR TODAY
                         NORMAL    RECORD    YEAR
 MAXIMUM TEMPERATURE (F)   63        89      1947
 MINIMUM TEMPERATURE (F)   40        20      1916


SUNRISE AND SUNSET
OCTOBER 20 2014.......SUNRISE   741 AM CDT   SUNSET   635 PM CDT
OCTOBER 21 2014.......SUNRISE   742 AM CDT   SUNSET   634 PM CDT


-  INDICATES NEGATIVE NUMBERS.
R  INDICATES RECORD WAS SET OR TIED.
MM INDICATES DATA IS MISSING.
T  INDICATES TRACE AMOUNT.




$$
