000
CDAK49 PAFG 180944
CLIOME

CLIMATE REPORT
NATIONAL WEATHER SERVICE FAIRBANKS AK
1244 AM AKST MON DEC 18 2017


...................................

...THE NOME AK CLIMATE SUMMARY FOR DECEMBER 17 2017...

CLIMATE NORMAL PERIOD 1981 TO 2010
CLIMATE RECORD PERIOD 1906 TO 2017


WEATHER ITEM   OBSERVED TIME   RECORD YEAR NORMAL DEPARTURE LAST
                VALUE   (LST)  VALUE       VALUE  FROM      YEAR
                                                  NORMAL
..................................................................
TEMPERATURE (F)
 YESTERDAY
  MAXIMUM         27    140 AM  34    1971  17     10       31
                                      1945
  MINIMUM         20   1159 PM -32    1966   2     18       29
  AVERAGE         24                         9     15       30

PRECIPITATION (IN)
  YESTERDAY        0.02          0.32 2008   0.03  -0.01     0.06
  MONTH TO DATE    0.69                      0.58   0.11     0.30
  SINCE DEC 1      0.69                      0.58   0.11     0.30
  SINCE JAN 1     18.14                     16.31   1.83    15.26

SNOWFALL (IN)
  YESTERDAY        0.3           6.0  2012   0.5   -0.2      0.6
                                      1929
  MONTH TO DATE    9.2                       7.6    1.6      5.0
  SINCE DEC 1      9.2                       7.6    1.6      5.0
  SINCE JUL 1     40.8                      24.9   15.9     13.6
  SNOW DEPTH      15

DEGREE DAYS
 HEATING
  YESTERDAY       41                        56    -15       35
  MONTH TO DATE  713                       921   -208      932
  SINCE DEC 1    713                       921   -208      932
  SINCE JUL 1   4501                      5014   -513     4547

 COOLING
  YESTERDAY        0                         0      0        0
  MONTH TO DATE    0                         0      0        0
  SINCE DEC 1      0                         0      0        0
  SINCE JAN 1      4                         3      1        0
..................................................................


WIND (MPH)
  HIGHEST GUST SPEED    28   HIGHEST GUST DIRECTION    NW (300)


SKY COVER
  AVERAGE SKY COVER 1.0


WEATHER CONDITIONS
 THE FOLLOWING WEATHER WAS RECORDED YESTERDAY.
  LIGHT SNOW
  FOG


RELATIVE HUMIDITY (PERCENT)
 HIGHEST   100
 LOWEST     84
 AVERAGE    92

..........................................................


THE NOME AK CLIMATE NORMALS FOR TODAY
                         NORMAL    RECORD    YEAR
 MAXIMUM TEMPERATURE (F)   17        36      1932
 MINIMUM TEMPERATURE (F)    2       -36      1946


SUNRISE AND SUNSET
DECEMBER 18 2017......SUNRISE  1202 PM AKST  SUNSET   357 PM AKST
DECEMBER 19 2017......SUNRISE  1203 PM AKST  SUNSET   357 PM AKST

-  INDICATES NEGATIVE NUMBERS.
R  INDICATES RECORD WAS SET OR TIED.
MM INDICATES DATA IS MISSING.
T  INDICATES TRACE AMOUNT.

&&

SNOW DEPTH IS MEASURED AT 3AM AKST/4AM AKDT.

----------------------------
AVAILABLE DAYLIGHT

AMOUNT OF DAYLIGHT TODAY  (HOUR:MIN)........3:55
GAIN/LOSS SINCE YESTERDAY (HOUR:MIN:SEC)....-0:01:01

NOME TIDAL INFORMATION FOR 18 DECEMBER 2017
0354  +1.4
1114  +0.5
1845  +1.4
2237  +1.2

$$
LTH DEC 17
