094
CDAK49 PAFG 261045
CLIOME

CLIMATE REPORT
NATIONAL WEATHER SERVICE FAIRBANKS AK
145 AM AKST SUN FEB 26 2017


...................................

...THE NOME AK CLIMATE SUMMARY FOR FEBRUARY 25 2017...

CLIMATE NORMAL PERIOD 1981 TO 2010
CLIMATE RECORD PERIOD 1906 TO 2017


WEATHER ITEM   OBSERVED TIME   RECORD YEAR NORMAL DEPARTURE LAST
                VALUE   (LST)  VALUE       VALUE  FROM      YEAR
                                                  NORMAL
..................................................................
TEMPERATURE (F)
 YESTERDAY
  MAXIMUM         33    457 PM  39    1947  17     16       30
  MINIMUM         28    223 AM -42    1971   1     27       20
  AVERAGE         31                         9     22       25

PRECIPITATION (IN)
  YESTERDAY        0.20          0.40 1951   0.03   0.17     0.01
  MONTH TO DATE    1.02                      0.84   0.18     0.47
  SINCE DEC 1      2.81                      2.86  -0.05     1.00
  SINCE JAN 1      1.74                      1.78  -0.04     1.00

SNOWFALL (IN)
  YESTERDAY        2.1           4.7  1951   0.4    1.7      0.1
  MONTH TO DATE   16.9                      10.9    6.0      7.0
  SINCE DEC 1     43.3                      38.1    5.2     15.2
  SINCE JUL 1     51.9                      55.4   -3.5     15.2
  SNOW DEPTH      36

DEGREE DAYS
 HEATING
  YESTERDAY       34                        56    -22       40
  MONTH TO DATE 1581                      1443    138     1265
  SINCE DEC 1   5010                      5018     -8     2645
  SINCE JUL 1   8625                      9111   -486     2645

 COOLING
  YESTERDAY        0                         0      0        0
  MONTH TO DATE    0                         0      0        0
  SINCE DEC 1      0                         0      0        0
  SINCE JAN 1      0                         0      0        0
..................................................................


WIND (MPH)
  HIGHEST GUST SPEED    37   HIGHEST GUST DIRECTION     S (170)


SKY COVER
  AVERAGE SKY COVER 1.0


WEATHER CONDITIONS
 THE FOLLOWING WEATHER WAS RECORDED YESTERDAY.
  LIGHT SNOW
  FOG
  BLOWING SNOW


RELATIVE HUMIDITY (PERCENT)
 HIGHEST   100
 LOWEST     85
 AVERAGE    93

..........................................................


THE NOME AK CLIMATE NORMALS FOR TODAY
                         NORMAL    RECORD    YEAR
 MAXIMUM TEMPERATURE (F)   17        43      1991
 MINIMUM TEMPERATURE (F)    1       -34      1954
                                             1938


SUNRISE AND SUNSET
FEBRUARY 26 2017......SUNRISE   919 AM AKST  SUNSET   712 PM AKST
FEBRUARY 27 2017......SUNRISE   916 AM AKST  SUNSET   715 PM AKST

-  INDICATES NEGATIVE NUMBERS.
R  INDICATES RECORD WAS SET OR TIED.
MM INDICATES DATA IS MISSING.
T  INDICATES TRACE AMOUNT.

&&

SNOW DEPTH IS MEASURED AT 3AM AKST/4AM AKDT.

----------------------------
AVAILABLE DAYLIGHT

AMOUNT OF DAYLIGHT TODAY  (HOUR:MIN)........9:53
GAIN/LOSS SINCE YESTERDAY (HOUR:MIN:SEC)....+0:06:41

NOME TIDAL INFORMATION FOR 26 FEBRUARY 2017
0405  +1.1
1048  +0.1
1754  +1.1
2245  +0.7

$$
CCC FEB 17
