000
CDAK49 PAFG 280941
CLIOME

CLIMATE REPORT
NATIONAL WEATHER SERVICE FAIRBANKS AK
141 AM AKDT WED SEP 28 2016


...................................

...THE NOME AK CLIMATE SUMMARY FOR SEPTEMBER 27 2016...

CLIMATE NORMAL PERIOD 1981 TO 2010
CLIMATE RECORD PERIOD 1906 TO 2016


WEATHER ITEM   OBSERVED TIME   RECORD YEAR NORMAL DEPARTURE LAST
                VALUE   (LST)  VALUE       VALUE  FROM      YEAR
                                                  NORMAL
..................................................................
TEMPERATURE (F)
 YESTERDAY
  MAXIMUM         46   1159 PM  55    1997  44      2       MM
                                      1984
                                      1947
  MINIMUM         35    217 AM  18    1992  32      3       MM
  AVERAGE         41                        38      3       MM

PRECIPITATION (IN)
  YESTERDAY        0.26          1.13 1925   0.07   0.19    MM
  MONTH TO DATE    2.02                      2.25  -0.23    MM
  SINCE SEP 1      2.02                      2.25  -0.23    MM
  SINCE JAN 1     12.28                     12.70  -0.42    MM

SNOWFALL (IN)
  YESTERDAY        0.0           0.8  2004   0.0    0.0     MM
  MONTH TO DATE    0.0                       0.4   -0.4     MM
  SINCE SEP 1      0.0                       0.4   -0.4     MM
  SINCE JUL 1      0.0                       0.4   -0.4     MM
  SNOW DEPTH       0

DEGREE DAYS
 HEATING
  YESTERDAY       24                        27     -3       MM
  MONTH TO DATE  575                       581     -6       MM
  SINCE SEP 1    575                       581     -6       MM
  SINCE JUL 1   1260                      1441   -181       MM

 COOLING
  YESTERDAY        0                         0      0       MM
  MONTH TO DATE    0                         0      0       MM
  SINCE SEP 1      0                         0      0       MM
  SINCE JAN 1      0                         3     -3       MM
..................................................................


WIND (MPH)
  HIGHEST GUST SPEED    38   HIGHEST GUST DIRECTION     S (170)


SKY COVER
  AVERAGE SKY COVER 1.0


WEATHER CONDITIONS
 THE FOLLOWING WEATHER WAS RECORDED YESTERDAY.
  LIGHT RAIN
  FOG


RELATIVE HUMIDITY (PERCENT)
 HIGHEST   100
 LOWEST     70
 AVERAGE    85

..........................................................


THE NOME AK CLIMATE NORMALS FOR TODAY
                         NORMAL    RECORD    YEAR
 MAXIMUM TEMPERATURE (F)   43        57      1984
 MINIMUM TEMPERATURE (F)   32         9      1992


SUNRISE AND SUNSET
SEPTEMBER 28 2016.....SUNRISE   905 AM AKDT  SUNSET   839 PM AKDT
SEPTEMBER 29 2016.....SUNRISE   908 AM AKDT  SUNSET   835 PM AKDT

-  INDICATES NEGATIVE NUMBERS.
R  INDICATES RECORD WAS SET OR TIED.
MM INDICATES DATA IS MISSING.
T  INDICATES TRACE AMOUNT.

&&

SNOW DEPTH IS MEASURED AT 3AM AKST/4AM AKDT.

----------------------------
AVAILABLE DAYLIGHT

AMOUNT OF DAYLIGHT TODAY  (HOUR:MIN)........11:34
GAIN/LOSS SINCE YESTERDAY (HOUR:MIN:SEC)....-0:06:32

NOME TIDAL INFORMATION FOR 28 SEPTEMBER 2016
0445  +0.8
1544  +0.1

$$
SDB SEP 16
