662
CDAK49 PAOM 060901
CLIOME

CLIMATE REPORT
NATIONAL WEATHER SERVICE NOME, AK
1202 AM AKST SAT FEB 6 2016

...................................
...THE NOME WSO AP CLIMATE SUMMARY FOR FEBRUARY 5 2016...

CLIMATE NORMAL PERIOD  1981 TO  2010
CLIMATE RECORD PERIOD  1906 TO  2016

WEATHER ITEM   OBSERVED TIME    RECORD YEAR NORMAL DEPARTURE LAST
               VALUE    (LST)   VALUE       VALUE  FROM      YEAR
                                                   NORMAL
...................................................................
TEMPERATURE
YESTERDAY
 MAXIMUM            24  0601 AM    42  1995     14      10      5
 MINIMUM             8  1058 AM   -42  1947     -2      10    -10
 AVERAGE            16                           6      10     -3

PRECIPITATION
(INCHES)
 YESTERDAY        0.00           0.23  2012   0.03   -0.03   0.00
 MONTH TO DATE       T                        0.16   -0.16      T
 SINCE DEC 1      1.31                        2.18   -0.87   1.25
 SINCE JAN 1      0.53                        1.10   -0.57   0.71

SNOWFALL
(INCHES)
 YESTERDAY         0.0            3.3  2003    0.4    -0.4    0.0
 MONTH TO DATE       T                         2.1    -2.1    0.1
 SINCE DEC 1      16.5                        29.3   -12.8   15.6
 SINCE JUL 1      34.7                        46.6   -11.9   33.2
 SNOW DEPTH (IN)    11                                         12

DEGREE DAYS
 HEATING
  YESTERDAY         49                          59     -10     68
  MONTH TO DATE    230                         296     -66    307
  SINCE DEC 1     3259                        3869    -610   3551
  SINCE JUL 1     7055                        7967    -912   7104

 COOLING
  YESTERDAY          0                           0       0      0
  MONTH TO DATE      0                           0       0      0
  SINCE DEC 1        0                           0       0      0
  SINCE JAN 1        0                           0       0      0
...................................................................

WIND (MPH)
 HIGHEST WIND SPEED    22     HIGHEST WIND DIRECTION     30
 HIGHEST GUST SPEED    27     HIGHEST GUST DIRECTION     40
 AVERAGE WIND SPEED   6.9

SKY COVER
  POSSIBLE SUNSHINE    MM          AVERAGE SKY COVER     MM

WEATHER CONDITIONS
 THE FOLLOWING WEATHER WAS RECORDED YESTERDAY.
  NO SIGNIFICANT WEATHER WAS OBSERVED.

RELATIVE HUMIDITY
 HIGHEST RH     MM PERCENT       MM
 LOWEST  RH     MM PERCENT       MM
 AVERAGE RH     MM PERCENT       MM
...................................................................

THE NOME CLIMATE NORMALS FOR TODAY
                           NORMAL    RECORD   YEAR
 MAXIMUM TEMPERATURE (F)     14        38     1929
 MINIMUM TEMPERATURE (F)     -2       -37     1990

SUNRISE AND SUNSET
 FEB 6 2016..........SUNRISE 10:30 AM      SUNSET  6:04 PM
 FEB 7 2016..........SUNRISE 10:27 AM      SUNSET  6:07 PM

-  INDICATES NEGATIVE NUMBERS.
R  INDICATES RECORD HAS BEEN SET OR TIED.
MM INDICATES DATA IS MISSING.
T  INDICATES TRACE OF PRECIPITATION.

&&
-------------------------------------------------------------------

AMOUNT OF DAYLIGHT TODAY  (HOUR:MIN)........7 HOURS 34 MINUTES
GAIN/LOSS SINCE YESTERDAY (HOUR:MIN:SEC)....+0:06:38

TIDES FOR SATURDAY FEB 6 2016

1:11 AM HIGH 1.1 FT
9:03 AM LOW  0.2 FT
4:21 PM HIGH 1.1 FT
8:37 PM LOW  0.8 FT

$$
RCT FEB 16
