367
CDAK49 PAFG 110048
CLIOME

CLIMATE REPORT
NATIONAL WEATHER SERVICE FAIRBANKS AK
348 PM AKST SAT DEC 10 2016


...................................

...THE NOME AK CLIMATE SUMMARY FOR DECEMBER 10 2016...
VALID TODAY AS OF 0300 PM LOCAL TIME.

CLIMATE NORMAL PERIOD 1981 TO 2010
CLIMATE RECORD PERIOD 1906 TO 2016


WEATHER ITEM   OBSERVED TIME   RECORD YEAR NORMAL DEPARTURE LAST
                VALUE   (LST)  VALUE       VALUE  FROM      YEAR
                                                  NORMAL
..................................................................
TEMPERATURE (F)
 TODAY
  MAXIMUM         -2    156 PM  39    1985  18    -20       MM
  MINIMUM        -12    523 AM -40    1975   4    -16       MM
  AVERAGE         -7                        11    -18       MM

PRECIPITATION (IN)
  TODAY            0.00          0.94 1932   0.04  -0.04    MM
  MONTH TO DATE    0.01                      0.34  -0.33    MM
  SINCE DEC 1      0.01                      0.34  -0.33    MM
  SINCE JAN 1     14.97                     16.07  -1.10    MM

SNOWFALL (IN)
  TODAY            0.0           4.5  2011   0.4   -0.4     MM
  MONTH TO DATE    0.4                       4.2   -3.8     MM
  SINCE DEC 1      0.4                       4.2   -3.8     MM
  SINCE JUL 1      9.0                      21.5  -12.5     MM
  SNOW DEPTH       5

DEGREE DAYS
 HEATING
  TODAY           72                        54     18       MM
  MONTH TO DATE  652                       534    118       MM
  SINCE DEC 1    652                       534    118       MM
  SINCE JUL 1   4267                      4627   -360       MM

 COOLING
  TODAY            0                         0      0       MM
  MONTH TO DATE    0                         0      0       MM
  SINCE DEC 1      0                         0      0       MM
  SINCE JAN 1      0                         3     -3       MM
..................................................................


WIND (MPH)
  HIGHEST GUST SPEED     7   HIGHEST GUST DIRECTION     W (280)


SKY COVER
  AVERAGE SKY COVER 0.0


WEATHER CONDITIONS
 THE FOLLOWING WEATHER WAS RECORDED TODAY.
  FOG
  HAZE


RELATIVE HUMIDITY (PERCENT)
 HIGHEST    79
 LOWEST     68
 AVERAGE    74

..........................................................


THE NOME AK CLIMATE NORMALS FOR TOMORROW
                         NORMAL    RECORD    YEAR
 MAXIMUM TEMPERATURE (F)   18        39      1932
 MINIMUM TEMPERATURE (F)    3       -31      1964


SUNRISE AND SUNSET
DECEMBER 10 2016......SUNRISE  1150 AM AKST  SUNSET   401 PM AKST
DECEMBER 11 2016......SUNRISE  1152 AM AKST  SUNSET   400 PM AKST

-  INDICATES NEGATIVE NUMBERS.
R  INDICATES RECORD WAS SET OR TIED.
MM INDICATES DATA IS MISSING.
T  INDICATES TRACE AMOUNT.

&&

SNOW DEPTH IS MEASURED AT 3AM AKST/4AM AKDT.

----------------------------
AVAILABLE DAYLIGHT

AMOUNT OF DAYLIGHT TODAY  (HOUR:MIN)........4:10
GAIN/LOSS SINCE YESTERDAY (HOUR:MIN:SEC)....-0:03:12

NOME TIDAL INFORMATION FOR 11 DECEMBER 2016
0039  +1.4
1857  +1.5

$$
HFL DEC 16
