000
CDAK49 PAOM 241304 CCA
CLIOME

CLIMATE REPORT...CORRECTED
NATIONAL WEATHER SERVICE NOME, AK
504 AM AKDT THU JUL 24 2014

...CORRECTED TIDAL INFORMATION...
...................................
...THE NOME WSO AP CLIMATE SUMMARY FOR JULY 23 2014...

CLIMATE NORMAL PERIOD  1981 TO  2010
CLIMATE RECORD PERIOD  1906 TO  2014

WEATHER ITEM   OBSERVED TIME    RECORD YEAR NORMAL DEPARTURE LAST
               VALUE    (LST)   VALUE       VALUE  FROM      YEAR
                                                   NORMAL
...................................................................
TEMPERATURE
YESTERDAY
 MAXIMUM            56  0806 PM    75  1991     58      -2     51
 MINIMUM            41  0225 AM    34  1992     46      -5     46
 AVERAGE            49                          52      -3     49

PRECIPITATION
(INCHES)
 YESTERDAY        0.08           0.98  1979   0.08    0.00   0.00
 MONTH TO DATE    2.37                        1.40    0.97   2.06
 SINCE JUN 1      2.59                        2.38    0.21   4.59
 SINCE JAN 1      7.06                        6.52    0.54   8.84

SNOWFALL
(INCHES)
 YESTERDAY         0.0            0.0  2014    0.0     0.0    0.0
 MONTH TO DATE     0.0                         0.0     0.0    0.0
 SINCE JUN 1       0.0                         0.3    -0.3    0.1
 SINCE JUL 1       0.0                         0.0     0.0    0.0
 SNOW DEPTH (IN)     0                                          0

DEGREE DAYS
 HEATING
  YESTERDAY         16                          13       3     16
  MONTH TO DATE    306                         296      10    332
  SINCE JUN 1      874                         812      62    808
  SINCE JUL 1      306                         296      10    332

 COOLING
  YESTERDAY          0                           0       0      0
  MONTH TO DATE      2                           0       2      0
  SINCE JUN 1        2                           0       2      7
  SINCE JAN 1        2                           0       2      7
...................................................................

WIND (MPH)
 HIGHEST WIND SPEED    20     HIGHEST WIND DIRECTION    210
 HIGHEST GUST SPEED    22     HIGHEST GUST DIRECTION    200
 AVERAGE WIND SPEED  10.9

SKY COVER
  POSSIBLE SUNSHINE    MM          AVERAGE SKY COVER     MM

WEATHER CONDITIONS
 THE FOLLOWING WEATHER WAS RECORDED YESTERDAY.
  FOG
RAIN


RELATIVE HUMIDITY
 HIGHEST RH     MM PERCENT       MM
 LOWEST  RH     MM PERCENT       MM
 AVERAGE RH     MM PERCENT       MM
...................................................................

THE NOME CLIMATE NORMALS FOR TODAY
                           NORMAL    RECORD   YEAR
 MAXIMUM TEMPERATURE (F)     58        76     2006
 MINIMUM TEMPERATURE (F)     46        30     1914

SUNRISE AND SUNSET
 JUL 24 2014..........SUNRISE  5:39 AM      SUNSET 12:35 AM
 JUL 25 2014..........SUNRISE  5:43 AM      SUNSET 12:32 AM

-  INDICATES NEGATIVE NUMBERS.
R  INDICATES RECORD HAS BEEN SET OR TIED.
MM INDICATES DATA IS MISSING.
T  INDICATES TRACE OF PRECIPITATION.

&&
-------------------------------------------------------------------

AMOUNT OF DAYLIGHT TODAY  (HOUR:MIN)........18 HOURS 56 MINUTES
GAIN/LOSS SINCE YESTERDAY (HOUR:MIN:SEC)....-0:06:34


NOME TIDAL INFORMATION FOR 24 JULY 2014
05:21 AM +1.1
09:08 AM +0.9
03:20 PM +1.3
10:54 PM +0.0
$$
FONTENOT
