000
CDUS46 KOTX 270834
CLIOMK


CLIMATE REPORT
NATIONAL WEATHER SERVICE SPOKANE, WA
1234 AM PST THU NOV 27 2014


...................................

...THE OMAK WA AIRPORT CLIMATE SUMMARY FOR NOVEMBER 26 2014...

CLIMATE NORMAL PERIOD 1981 TO 2010
CLIMATE RECORD PERIOD 9999 TO 9999


WEATHER ITEM   OBSERVED TIME   RECORD YEAR NORMAL DEPARTURE LAST
                VALUE   (LST)  VALUE       VALUE  FROM      YEAR
                                                  NORMAL
..................................................................
TEMPERATURE (F)
 YESTERDAY
  MAXIMUM         35    931 PM  56    1949  38     -3       35
  MINIMUM         32    826 AM   8    1967  25      7       17
  AVERAGE         34                        32      2       26

PRECIPITATION (IN)
  YESTERDAY        T             0.61 1944   0.05  -0.05     0.00
  MONTH TO DATE    1.92                      1.56   0.36     0.99
  SINCE OCT 1      3.96                      2.66   1.30     1.06
  SINCE JAN 1     10.97                     12.26  -1.29     9.89

SNOWFALL (IN)
  YESTERDAY       MM

DEGREE DAYS
 HEATING
  YESTERDAY       31                        33     -2       39
  MONTH TO DATE  784                       735     49      789
  SINCE SEP 1   1239                      1364   -125     1449
  SINCE JUL 1   1244                      1395   -151     1449

 COOLING
  YESTERDAY        0                         0      0        0
  MONTH TO DATE    0                         0      0        0
  SINCE SEP 1     49                        59    -10      128
  SINCE JAN 1    873                       665    208      814
..................................................................


WIND (MPH)
  HIGHEST WIND SPEED    12   HIGHEST WIND DIRECTION     S (170)
  HIGHEST GUST SPEED    14   HIGHEST GUST DIRECTION     S (170)
  AVERAGE WIND SPEED     4.5


SKY COVER
  POSSIBLE SUNSHINE  MM
  AVERAGE SKY COVER 1.0


WEATHER CONDITIONS
 THE FOLLOWING WEATHER WAS RECORDED YESTERDAY.
  LIGHT SNOW
  FOG
  FOG W/VISIBILITY <= 1/4 MILE


RELATIVE HUMIDITY (PERCENT)
 HIGHEST   100          1100 AM
 LOWEST     89           900 AM
 AVERAGE    95

..........................................................


THE OMAK WA AIRPORT CLIMATE NORMALS FOR TODAY
                         NORMAL    RECORD    YEAR
 MAXIMUM TEMPERATURE (F)   38        57      1949
 MINIMUM TEMPERATURE (F)   25         1      1958


SUNRISE AND SUNSET
NOVEMBER 27 2014......SUNRISE   723 AM PST   SUNSET   408 PM PST
NOVEMBER 28 2014......SUNRISE   725 AM PST   SUNSET   407 PM PST


-  INDICATES NEGATIVE NUMBERS.
R  INDICATES RECORD WAS SET OR TIED.
MM INDICATES DATA IS MISSING.
T  INDICATES TRACE AMOUNT.




$$
