000
CDUS46 KOTX 090835
CLIOMK


CLIMATE REPORT
NATIONAL WEATHER SERVICE SPOKANE, WA
1234 AM PST TUE FEB 9 2016


...................................

...THE OMAK WA AIRPORT CLIMATE SUMMARY FOR FEBRUARY 8 2016...

CLIMATE NORMAL PERIOD 1981 TO 2010
CLIMATE RECORD PERIOD 9999 TO 9999


WEATHER ITEM   OBSERVED TIME   RECORD YEAR NORMAL DEPARTURE LAST
                VALUE   (LST)  VALUE       VALUE  FROM      YEAR
                                                  NORMAL
..................................................................
TEMPERATURE (F)
 YESTERDAY
  MAXIMUM         MM        MM  53    1995  38     MM       51
  MINIMUM         MM        MM -13    1949  23     MM       33
  AVERAGE         MM                        30     MM       42

PRECIPITATION (IN)
  YESTERDAY       MM             0.71 1969   0.04  MM        0.02
  MONTH TO DATE    0.18                      0.39  -0.21     0.84
  SINCE OCT 1      7.82                      7.17   0.65     8.14
  SINCE JAN 1      2.46                      2.28   0.18     1.57

SNOWFALL (IN)
  YESTERDAY       MM

DEGREE DAYS
 HEATING
  YESTERDAY       MM                        35     MM       23
  MONTH TO DATE  265                       281    -16      214
  SINCE DEC 1   2543                      2681   -138     2316
  SINCE JUL 1   3844                      4214   -370     3713

 COOLING
  YESTERDAY       MM                         0     MM        0
  MONTH TO DATE    0                         0      0        0
  SINCE DEC 1      0                         0      0        0
  SINCE JAN 1      0                         0      0        0
..................................................................


WIND (MPH)
  HIGHEST WIND SPEED    MM   HIGHEST WIND DIRECTION    MM
  HIGHEST GUST SPEED    MM   HIGHEST GUST DIRECTION    MM
  AVERAGE WIND SPEED    MM


SKY COVER
  POSSIBLE SUNSHINE  MM
  AVERAGE SKY COVER 0.0


WEATHER CONDITIONS
 THE FOLLOWING WEATHER WAS RECORDED YESTERDAY.
  FOG


RELATIVE HUMIDITY (PERCENT)
 HIGHEST    MM          1000 PM
 LOWEST     MM           100 PM
 AVERAGE    MM

..........................................................


THE OMAK WA AIRPORT CLIMATE NORMALS FOR TODAY
                         NORMAL    RECORD    YEAR
 MAXIMUM TEMPERATURE (F)   38        51      1945
 MINIMUM TEMPERATURE (F)   23       -23      1933


SUNRISE AND SUNSET
FEBRUARY  9 2016......SUNRISE   716 AM PST   SUNSET   509 PM PST
FEBRUARY 10 2016......SUNRISE   714 AM PST   SUNSET   511 PM PST


-  INDICATES NEGATIVE NUMBERS.
R  INDICATES RECORD WAS SET OR TIED.
MM INDICATES DATA IS MISSING.
T  INDICATES TRACE AMOUNT.




$$
