000
CDUS46 KOTX 240835
CLIOMK


CLIMATE REPORT
NATIONAL WEATHER SERVICE SPOKANE, WA
135 AM PDT SAT JUN 24 2017


...................................

...THE OMAK WA AIRPORT CLIMATE SUMMARY FOR JUNE 23 2017...

CLIMATE NORMAL PERIOD 1981 TO 2010
CLIMATE RECORD PERIOD 9999 TO 9999


WEATHER ITEM   OBSERVED TIME   RECORD YEAR NORMAL DEPARTURE LAST
                VALUE   (LST)  VALUE       VALUE  FROM      YEAR
                                                  NORMAL
..................................................................
TEMPERATURE (F)
 YESTERDAY
  MAXIMUM         85    345 PM 102    2004  81      4       80
  MINIMUM         50    154 AM  38    1935  53     -3       59
  AVERAGE         68                        67      1       70

PRECIPITATION (IN)
  YESTERDAY        0.00                      0.05  -0.05      T
  MONTH TO DATE    0.26                      0.96  -0.70     1.57
  SINCE OCT 1     16.87                     12.60   4.27    14.00
  SINCE JAN 1     10.39                      7.71   2.68     8.64

SNOWFALL (IN)
  YESTERDAY       MM

DEGREE DAYS
 HEATING
  YESTERDAY        0                         2     -2        0
  MONTH TO DATE   58                        61     -3       74
  SINCE JUN 1     58                        61     -3       74
  SINCE JUL 1   6461                      6334    127     5465

 COOLING
  YESTERDAY        3                         4     -1        5
  MONTH TO DATE   23                        54    -31       80
  SINCE JUN 1     23                        54    -31       80
  SINCE JAN 1     54                        77    -23      105
..................................................................


WIND (MPH)
  HIGHEST WIND SPEED    17   HIGHEST WIND DIRECTION     N (10)
  HIGHEST GUST SPEED    22   HIGHEST GUST DIRECTION     N (350)
  AVERAGE WIND SPEED     8.9


SKY COVER
  POSSIBLE SUNSHINE  MM
  AVERAGE SKY COVER 0.0


WEATHER CONDITIONS
 THE FOLLOWING WEATHER WAS RECORDED YESTERDAY.
  NO SIGNIFICANT WEATHER WAS OBSERVED.


RELATIVE HUMIDITY (PERCENT)
 HIGHEST    61           200 AM
 LOWEST     15           100 PM
 AVERAGE    38

..........................................................


THE OMAK WA AIRPORT CLIMATE NORMALS FOR TODAY
                         NORMAL    RECORD    YEAR
 MAXIMUM TEMPERATURE (F)   82       102      1992
 MINIMUM TEMPERATURE (F)   53        36      1953


SUNRISE AND SUNSET
JUNE 24 2017..........SUNRISE   457 AM PDT   SUNSET   904 PM PDT
JUNE 25 2017..........SUNRISE   458 AM PDT   SUNSET   904 PM PDT


-  INDICATES NEGATIVE NUMBERS.
R  INDICATES RECORD WAS SET OR TIED.
MM INDICATES DATA IS MISSING.
T  INDICATES TRACE AMOUNT.




$$
