087
CDUS46 KOTX 190838
CLIOMK


CLIMATE REPORT
NATIONAL WEATHER SERVICE SPOKANE, WA
1237 AM PST FRI JAN 19 2018


...................................

...THE OMAK WA AIRPORT CLIMATE SUMMARY FOR JANUARY 18 2018...

CLIMATE NORMAL PERIOD 1981 TO 2010
CLIMATE RECORD PERIOD 9999 TO 9999


WEATHER ITEM   OBSERVED TIME   RECORD YEAR NORMAL DEPARTURE LAST
                VALUE   (LST)  VALUE       VALUE  FROM      YEAR
                                                  NORMAL
..................................................................
TEMPERATURE (F)
 YESTERDAY
  MAXIMUM         42    300 PM  47    2015  33      9       32
  MINIMUM         34    302 AM -15    1943  21     13       22
  AVERAGE         38                        27     11       27

PRECIPITATION (IN)
  YESTERDAY        0.07                      0.06   0.01     0.84
  MONTH TO DATE    1.29                      1.26   0.03     1.40
  SINCE OCT 1      4.67                      6.15  -1.48     7.88
  SINCE JAN 1      1.29                      1.26   0.03     1.40

SNOWFALL (IN)
  YESTERDAY       MM

DEGREE DAYS
 HEATING
  YESTERDAY       27                        38    -11       38
  MONTH TO DATE  639                       707    -68      904
  SINCE DEC 1   1852                      1923    -71     2197
  SINCE JUL 1   3312                      3456   -144     3435

 COOLING
  YESTERDAY        0                         0      0        0
  MONTH TO DATE    0                         0      0        0
  SINCE DEC 1      0                         0      0        0
  SINCE JAN 1      0                         0      0        0
..................................................................


WIND (MPH)
  HIGHEST WIND SPEED    16   HIGHEST WIND DIRECTION    SW (210)
  HIGHEST GUST SPEED    20   HIGHEST GUST DIRECTION    SW (210)
  AVERAGE WIND SPEED     7.0


SKY COVER
  POSSIBLE SUNSHINE  MM
  AVERAGE SKY COVER 0.7


WEATHER CONDITIONS
 THE FOLLOWING WEATHER WAS RECORDED YESTERDAY.
  LIGHT RAIN
  FOG


RELATIVE HUMIDITY (PERCENT)
 HIGHEST   100          1200 AM
 LOWEST     76           300 PM
 AVERAGE    88

..........................................................


THE OMAK WA AIRPORT CLIMATE NORMALS FOR TODAY
                         NORMAL    RECORD    YEAR
 MAXIMUM TEMPERATURE (F)   34        52      1944
 MINIMUM TEMPERATURE (F)   21        -8      1957


SUNRISE AND SUNSET
JANUARY 19 2018.......SUNRISE   741 AM PST   SUNSET   437 PM PST
JANUARY 20 2018.......SUNRISE   741 AM PST   SUNSET   438 PM PST


-  INDICATES NEGATIVE NUMBERS.
R  INDICATES RECORD WAS SET OR TIED.
MM INDICATES DATA IS MISSING.
T  INDICATES TRACE AMOUNT.




$$
