000
CDUS45 KBOI 260931
CLIONO


CLIMATE REPORT
NATIONAL WEATHER SERVICE BOISE ID
331 AM MDT MON JUN 26 2017


...................................

...THE ONTARIO OR CLIMATE SUMMARY FOR JUNE 25 2017...

CLIMATE NORMAL PERIOD 1981 TO 2010
CLIMATE RECORD PERIOD 1948 TO 2017


WEATHER ITEM   OBSERVED TIME   RECORD YEAR NORMAL DEPARTURE LAST
                VALUE   (LST)  VALUE       VALUE  FROM      YEAR
                                                  NORMAL
..................................................................
TEMPERATURE (F)
 YESTERDAY
  MAXIMUM         97    626 PM 107    1970  87     10       82
  MINIMUM         54    553 AM  33    1966  55     -1       46
  AVERAGE         76                        71      5       64

PRECIPITATION (IN)
  YESTERDAY        0.00          0.40 1978   0.02  -0.02     0.00
  MONTH TO DATE    0.60                      0.62  -0.02     0.12
  SINCE OCT 1     12.78                      9.10   3.68     7.10
  SINCE JAN 1      9.46                      5.69   3.77     2.35

DEGREE DAYS
 HEATING
  YESTERDAY        0                         1     -1        1
  MONTH TO DATE   28                        48    -20       26
  SINCE JUN 1     28                        48    -20       26
  SINCE JUL 1   6046                      5998     48     4934

 COOLING
  YESTERDAY       11                         7      4        0
  MONTH TO DATE  116                       103     13      145
  SINCE JUN 1    116                       103     13      145
  SINCE JAN 1    156                       139     17      184
..................................................................


WIND (MPH)
  HIGHEST WIND SPEED     8   HIGHEST WIND DIRECTION     W (250)
  HIGHEST GUST SPEED    10   HIGHEST GUST DIRECTION    SW (240)
  AVERAGE WIND SPEED     2.7


SKY COVER
  AVERAGE SKY COVER 0.0


WEATHER CONDITIONS
 THE FOLLOWING WEATHER WAS RECORDED YESTERDAY.
  NO SIGNIFICANT WEATHER WAS OBSERVED.


RELATIVE HUMIDITY (PERCENT)
 HIGHEST    66           600 AM
 LOWEST     13           600 PM
 AVERAGE    40

..........................................................


THE ONTARIO OR CLIMATE NORMALS FOR TODAY
                         NORMAL    RECORD    YEAR
 MAXIMUM TEMPERATURE (F)   87       106      1970
 MINIMUM TEMPERATURE (F)   55        31      1976


SUNRISE AND SUNSET
JUNE 26 2017..........SUNRISE   607 AM MDT   SUNSET   935 PM MDT
JUNE 27 2017..........SUNRISE   607 AM MDT   SUNSET   935 PM MDT


-  INDICATES NEGATIVE NUMBERS.
R  INDICATES RECORD WAS SET OR TIED.
MM INDICATES DATA IS MISSING.
T  INDICATES TRACE AMOUNT.




$$
