000
CDUS45 KBOI 220931
CLIONO


CLIMATE REPORT
NATIONAL WEATHER SERVICE BOISE ID
231 AM MST MON JAN 22 2018


...................................

...THE ONTARIO OR CLIMATE SUMMARY FOR JANUARY 21 2018...

CLIMATE NORMAL PERIOD 1981 TO 2010
CLIMATE RECORD PERIOD 1948 TO 2018


WEATHER ITEM   OBSERVED TIME   RECORD YEAR NORMAL DEPARTURE LAST
                VALUE   (LST)  VALUE       VALUE  FROM      YEAR
                                                  NORMAL
..................................................................
TEMPERATURE (F)
 YESTERDAY
  MAXIMUM         43    527 PM  54    1972  36      7       38
  MINIMUM         22    750 AM -15    1962  20      2       31
  AVERAGE         33                        28      5       35

PRECIPITATION (IN)
  YESTERDAY        0.08          0.67 1964   0.03   0.05     0.04
  MONTH TO DATE    1.03                      0.88   0.15     3.25
  SINCE OCT 1      3.74                      4.29  -0.55     6.57
  SINCE JAN 1      1.03                      0.88   0.15     3.25

DEGREE DAYS
 HEATING
  YESTERDAY       32                        37     -5       30
  MONTH TO DATE  637                       798   -161     1026
  SINCE DEC 1   1761                      1951   -190     2433
  SINCE JUL 1   3106                      3379   -273     3524

 COOLING
  YESTERDAY        0                         0      0        0
  MONTH TO DATE    0                         0      0        0
  SINCE DEC 1      0                         0      0        0
  SINCE JAN 1      0                         0      0        0
..................................................................


WIND (MPH)
  HIGHEST WIND SPEED    13   HIGHEST WIND DIRECTION    SE (120)
  HIGHEST GUST SPEED    18   HIGHEST GUST DIRECTION     E (110)
  AVERAGE WIND SPEED     2.4


SKY COVER
  AVERAGE SKY COVER 0.3


WEATHER CONDITIONS
 THE FOLLOWING WEATHER WAS RECORDED YESTERDAY.
  LIGHT RAIN


RELATIVE HUMIDITY (PERCENT)
 HIGHEST    92           100 AM
 LOWEST     62           500 PM
 AVERAGE    77

..........................................................


THE ONTARIO OR CLIMATE NORMALS FOR TODAY
                         NORMAL    RECORD    YEAR
 MAXIMUM TEMPERATURE (F)   36        53      1948
 MINIMUM TEMPERATURE (F)   20       -25      1962


SUNRISE AND SUNSET
JANUARY 22 2018.......SUNRISE   815 AM MST   SUNSET   545 PM MST
JANUARY 23 2018.......SUNRISE   814 AM MST   SUNSET   546 PM MST


-  INDICATES NEGATIVE NUMBERS.
R  INDICATES RECORD WAS SET OR TIED.
MM INDICATES DATA IS MISSING.
T  INDICATES TRACE AMOUNT.




$$
