000
CDUS45 KBOI 220931
CLIONO


CLIMATE REPORT
NATIONAL WEATHER SERVICE BOISE ID
331 AM MDT SUN OCT 22 2017


...................................

...THE ONTARIO OR CLIMATE SUMMARY FOR OCTOBER 21 2017...

CLIMATE NORMAL PERIOD 1981 TO 2010
CLIMATE RECORD PERIOD 1948 TO 2017


WEATHER ITEM   OBSERVED TIME   RECORD YEAR NORMAL DEPARTURE LAST
                VALUE   (LST)  VALUE       VALUE  FROM      YEAR
                                                  NORMAL
..................................................................
TEMPERATURE (F)
 YESTERDAY
  MAXIMUM         48   1125 AM  78    2003  63    -15       62
  MINIMUM         30    425 AM  15    1996  33     -3       36
  AVERAGE         39                        48     -9       49

PRECIPITATION (IN)
  YESTERDAY        0.26R         0.23 1990   0.03   0.23     0.00
  MONTH TO DATE    0.49                      0.36   0.13     0.46
  SINCE OCT 1      0.49                      0.36   0.13     0.46
  SINCE JAN 1     10.38                      7.01   3.37     3.08

DEGREE DAYS
 HEATING
  YESTERDAY       26                        17      9       16
  MONTH TO DATE  334                       265     69      247
  SINCE SEP 1    467                       383     84      320
  SINCE JUL 1    467                       399     68      329

 COOLING
  YESTERDAY        0                         0      0        0
  MONTH TO DATE    0                         0      0        0
  SINCE SEP 1    141                        58     83       31
  SINCE JAN 1   1254                       851    403      976
..................................................................


WIND (MPH)
  HIGHEST WIND SPEED    12   HIGHEST WIND DIRECTION     E (100)
  HIGHEST GUST SPEED    16   HIGHEST GUST DIRECTION    SE (150)
  AVERAGE WIND SPEED     4.4


SKY COVER
  AVERAGE SKY COVER 0.7


WEATHER CONDITIONS
 THE FOLLOWING WEATHER WAS RECORDED YESTERDAY.
  LIGHT RAIN
  FOG


RELATIVE HUMIDITY (PERCENT)
 HIGHEST    92           600 AM
 LOWEST     60          1100 AM
 AVERAGE    76

..........................................................


THE ONTARIO OR CLIMATE NORMALS FOR TODAY
                         NORMAL    RECORD    YEAR
 MAXIMUM TEMPERATURE (F)   63        78      1960
 MINIMUM TEMPERATURE (F)   32        17      1996


SUNRISE AND SUNSET
OCTOBER 22 2017.......SUNRISE   812 AM MDT   SUNSET   652 PM MDT
OCTOBER 23 2017.......SUNRISE   813 AM MDT   SUNSET   651 PM MDT


-  INDICATES NEGATIVE NUMBERS.
R  INDICATES RECORD WAS SET OR TIED.
MM INDICATES DATA IS MISSING.
T  INDICATES TRACE AMOUNT.




$$
