000
CDUS45 KBOI 270931
CLIONO


CLIMATE REPORT
NATIONAL WEATHER SERVICE BOISE ID
231 AM MST MON FEB 27 2017


...................................

...THE ONTARIO OR CLIMATE SUMMARY FOR FEBRUARY 26 2017...

CLIMATE NORMAL PERIOD 1981 TO 2010
CLIMATE RECORD PERIOD 1948 TO 2017


WEATHER ITEM   OBSERVED TIME   RECORD YEAR NORMAL DEPARTURE LAST
                VALUE   (LST)  VALUE       VALUE  FROM      YEAR
                                                  NORMAL
..................................................................
TEMPERATURE (F)
 YESTERDAY
  MAXIMUM         38    158 PM  64    1976  49    -11       55
  MINIMUM         20    706 AM  -3    1993  26     -6       26
  AVERAGE         29                        37     -8       41

PRECIPITATION (IN)
  YESTERDAY        0.01          0.39 1957   0.03  -0.02     0.00
  MONTH TO DATE    1.49                      0.74   0.75     0.27
  SINCE OCT 1      8.12                      5.33   2.79     5.77
  SINCE JAN 1      4.80                      1.92   2.88     1.02

DEGREE DAYS
 HEATING
  YESTERDAY       36                        28      8       24
  MONTH TO DATE  852                       832     20      678
  SINCE DEC 1   3716                      3147    569     2803
  SINCE JUL 1   4807                      4575    232     3928

 COOLING
  YESTERDAY        0                         0      0        0
  MONTH TO DATE    0                         0      0        0
  SINCE DEC 1      0                         0      0        0
  SINCE JAN 1      0                         0      0        0
..................................................................


WIND (MPH)
  HIGHEST WIND SPEED    15   HIGHEST WIND DIRECTION     W (270)
  HIGHEST GUST SPEED    18   HIGHEST GUST DIRECTION     W (270)
  AVERAGE WIND SPEED     2.8


SKY COVER
  AVERAGE SKY COVER 0.8


WEATHER CONDITIONS
 THE FOLLOWING WEATHER WAS RECORDED YESTERDAY.
  LIGHT SNOW
  FOG
  HAZE


RELATIVE HUMIDITY (PERCENT)
 HIGHEST    92          1000 PM
 LOWEST     54           200 PM
 AVERAGE    73

..........................................................


THE ONTARIO OR CLIMATE NORMALS FOR TODAY
                         NORMAL    RECORD    YEAR
 MAXIMUM TEMPERATURE (F)   49        65      1968
 MINIMUM TEMPERATURE (F)   26         0      1993


SUNRISE AND SUNSET
FEBRUARY 27 2017......SUNRISE   728 AM MST   SUNSET   634 PM MST
FEBRUARY 28 2017......SUNRISE   726 AM MST   SUNSET   636 PM MST


-  INDICATES NEGATIVE NUMBERS.
R  INDICATES RECORD WAS SET OR TIED.
MM INDICATES DATA IS MISSING.
T  INDICATES TRACE AMOUNT.




$$
