000
CDUS45 KBOI 100932
CLIONO


CLIMATE REPORT
NATIONAL WEATHER SERVICE BOISE ID
332 AM MDT THU JUL 10 2014


...................................

...THE ONTARIO OR CLIMATE SUMMARY FOR JULY 9 2014...

CLIMATE NORMAL PERIOD 1981 TO 2010
CLIMATE RECORD PERIOD 1948 TO 2014


WEATHER ITEM   OBSERVED TIME   RECORD YEAR NORMAL DEPARTURE LAST
                VALUE   (LST)  VALUE       VALUE  FROM      YEAR
                                                  NORMAL
..................................................................
TEMPERATURE (F)
 YESTERDAY
  MAXIMUM         89    636 PM 106    1968  92     -3       98
  MINIMUM         67   1159 PM  42    1959  58      9       61
  AVERAGE         78                        75      3       80

PRECIPITATION (IN)
  YESTERDAY        T             0.12 2005   0.02  -0.02     0.00
  MONTH TO DATE    T                         0.13  -0.13     0.00
  SINCE OCT 1      6.51                      9.30  -2.79     5.55
  SINCE JAN 1      5.00                      5.89  -0.89     2.61

DEGREE DAYS
 HEATING
  YESTERDAY        0                         0      0        0
  MONTH TO DATE    0                         0      0        0
  SINCE JUN 1     28                        52    -24       39
  SINCE JUL 1      0                         0      0        0

 COOLING
  YESTERDAY       13                        10      3       15
  MONTH TO DATE  151                        83     68      161
  SINCE JUN 1    308                       222     86      365
  SINCE JAN 1    356                       258     98      412
..................................................................


WIND (MPH)
  HIGHEST WIND SPEED    18   HIGHEST WIND DIRECTION    NW (320)
  HIGHEST GUST SPEED    24   HIGHEST GUST DIRECTION    NW (320)
  AVERAGE WIND SPEED     4.4


SKY COVER
  AVERAGE SKY COVER 0.3


WEATHER CONDITIONS
 THE FOLLOWING WEATHER WAS RECORDED YESTERDAY.
  LIGHT RAIN


RELATIVE HUMIDITY (PERCENT)
 HIGHEST    66          1100 PM
 LOWEST     28           100 AM
 AVERAGE    47

..........................................................


THE ONTARIO OR CLIMATE NORMALS FOR TODAY
                         NORMAL    RECORD    YEAR
 MAXIMUM TEMPERATURE (F)   93       110      1973
 MINIMUM TEMPERATURE (F)   58        48      1987


SUNRISE AND SUNSET
JULY 10 2014..........SUNRISE   615 AM MDT   SUNSET   931 PM MDT
JULY 11 2014..........SUNRISE   616 AM MDT   SUNSET   931 PM MDT


-  INDICATES NEGATIVE NUMBERS.
R  INDICATES RECORD WAS SET OR TIED.
MM INDICATES DATA IS MISSING.
T  INDICATES TRACE AMOUNT.




$$
