000
CDUS45 KBOI 240931
CLIONO


CLIMATE REPORT
NATIONAL WEATHER SERVICE BOISE ID
331 AM MDT WED MAY 24 2017


...................................

...THE ONTARIO OR CLIMATE SUMMARY FOR MAY 23 2017...

CLIMATE NORMAL PERIOD 1981 TO 2010
CLIMATE RECORD PERIOD 1948 TO 2017


WEATHER ITEM   OBSERVED TIME   RECORD YEAR NORMAL DEPARTURE LAST
                VALUE   (LST)  VALUE       VALUE  FROM      YEAR
                                                  NORMAL
..................................................................
TEMPERATURE (F)
 YESTERDAY
  MAXIMUM         89    538 PM  95    2001  77     12       72
  MINIMUM         51    525 AM  27    1966  47      4       42
  AVERAGE         70                        62      8       57

PRECIPITATION (IN)
  YESTERDAY        0.00          0.43 1965   0.05  -0.05     0.00
  MONTH TO DATE    1.13                      0.94   0.19     0.30
  SINCE OCT 1     12.03                      8.14   3.89     6.98
  SINCE JAN 1      8.71                      4.73   3.98     2.23

DEGREE DAYS
 HEATING
  YESTERDAY        0                         5     -5        8
  MONTH TO DATE  156                       175    -19       96
  SINCE MAR 1   1136                      1286   -150      902
  SINCE JUL 1   6010                      5916     94     4892

 COOLING
  YESTERDAY        5                         2      3        0
  MONTH TO DATE   14                        19     -5       30
  SINCE MAR 1     14                        20     -6       30
  SINCE JAN 1     14                        20     -6       30
..................................................................


WIND (MPH)
  HIGHEST WIND SPEED    13   HIGHEST WIND DIRECTION     E (100)
  HIGHEST GUST SPEED    18   HIGHEST GUST DIRECTION     E (100)
  AVERAGE WIND SPEED     3.7


SKY COVER
  AVERAGE SKY COVER 0.0


WEATHER CONDITIONS
 THE FOLLOWING WEATHER WAS RECORDED YESTERDAY.
  NO SIGNIFICANT WEATHER WAS OBSERVED.


RELATIVE HUMIDITY (PERCENT)
 HIGHEST    77           200 AM
 LOWEST     21           600 PM
 AVERAGE    49

..........................................................


THE ONTARIO OR CLIMATE NORMALS FOR TODAY
                         NORMAL    RECORD    YEAR
 MAXIMUM TEMPERATURE (F)   77        98      2001
 MINIMUM TEMPERATURE (F)   47        32      1989


SUNRISE AND SUNSET
MAY 24 2017...........SUNRISE   613 AM MDT   SUNSET   917 PM MDT
MAY 25 2017...........SUNRISE   612 AM MDT   SUNSET   918 PM MDT


-  INDICATES NEGATIVE NUMBERS.
R  INDICATES RECORD WAS SET OR TIED.
MM INDICATES DATA IS MISSING.
T  INDICATES TRACE AMOUNT.




$$
