000
CDUS45 KBOI 270936
CLIONO


CLIMATE REPORT
NATIONAL WEATHER SERVICE BOISE ID
334 AM MDT WED JUL 27 2016


...................................

...THE ONTARIO OR CLIMATE SUMMARY FOR JULY 26 2016...

CLIMATE NORMAL PERIOD 1981 TO 2010
CLIMATE RECORD PERIOD 1948 TO 2016


WEATHER ITEM   OBSERVED TIME   RECORD YEAR NORMAL DEPARTURE LAST
                VALUE   (LST)  VALUE       VALUE  FROM      YEAR
                                                  NORMAL
..................................................................
TEMPERATURE (F)
 YESTERDAY
  MAXIMUM        103    347 PM 107    2006  96      7       86
  MINIMUM         69    543 AM  46    1993  59     10       62
  AVERAGE         86                        78      8       74

PRECIPITATION (IN)
  YESTERDAY        0.00          0.26 1977   0.00   0.00      T
  MONTH TO DATE    0.21                      0.27  -0.06     0.49
  SINCE OCT 1      7.31                      9.44  -2.13     9.23
  SINCE JAN 1      2.56                      6.03  -3.47     4.77

DEGREE DAYS
 HEATING
  YESTERDAY        0                         0      0        0
  MONTH TO DATE    9                         0      9        0
  SINCE JUN 1     35                        52    -17        1
  SINCE JUL 1      9                         0      9        0

 COOLING
  YESTERDAY       21                        13      8        9
  MONTH TO DATE  258                       286    -28      336
  SINCE JUN 1    489                       425     64      701
  SINCE JAN 1    528                       461     67      734
..................................................................


WIND (MPH)
  HIGHEST WIND SPEED    23   HIGHEST WIND DIRECTION    NW (320)
  HIGHEST GUST SPEED    27   HIGHEST GUST DIRECTION    NW (320)
  AVERAGE WIND SPEED     7.1


SKY COVER
  AVERAGE SKY COVER 0.0


WEATHER CONDITIONS
 THE FOLLOWING WEATHER WAS RECORDED YESTERDAY.
  NO SIGNIFICANT WEATHER WAS OBSERVED.


RELATIVE HUMIDITY (PERCENT)
 HIGHEST    41           600 AM
 LOWEST     14           400 PM
 AVERAGE    28

..........................................................


THE ONTARIO OR CLIMATE NORMALS FOR TODAY
                         NORMAL    RECORD    YEAR
 MAXIMUM TEMPERATURE (F)   96       107      1996
 MINIMUM TEMPERATURE (F)   59        47      1948


SUNRISE AND SUNSET
JULY 27 2016..........SUNRISE   631 AM MDT   SUNSET   917 PM MDT
JULY 28 2016..........SUNRISE   633 AM MDT   SUNSET   916 PM MDT


-  INDICATES NEGATIVE NUMBERS.
R  INDICATES RECORD WAS SET OR TIED.
MM INDICATES DATA IS MISSING.
T  INDICATES TRACE AMOUNT.




$$
