000
CDUS45 KBOI 300932
CLIONO


CLIMATE REPORT
NATIONAL WEATHER SERVICE BOISE ID
332 AM MDT SAT MAY 30 2015


...................................

...THE ONTARIO OR CLIMATE SUMMARY FOR MAY 29 2015...

CLIMATE NORMAL PERIOD 1981 TO 2010
CLIMATE RECORD PERIOD 1948 TO 2015


WEATHER ITEM   OBSERVED TIME   RECORD YEAR NORMAL DEPARTURE LAST
                VALUE   (LST)  VALUE       VALUE  FROM      YEAR
                                                  NORMAL
..................................................................
TEMPERATURE (F)
 YESTERDAY
  MAXIMUM         87    425 PM 103    1986  78      9       73
  MINIMUM         50    323 AM  35    1959  48      2       41
  AVERAGE         69                        63      6       57

PRECIPITATION (IN)
  YESTERDAY        0.00          0.53 1953   0.04  -0.04     0.00
  MONTH TO DATE    1.66                      1.20   0.46     0.42
  SINCE OCT 1      8.52                      8.40   0.12     6.24
  SINCE JAN 1      4.06                      4.99  -0.93     4.73

DEGREE DAYS
 HEATING
  YESTERDAY        0                         4     -4        8
  MONTH TO DATE   88                       201   -113      128
  SINCE MAR 1    998                      1312   -314     1119
  SINCE JUL 1   4792                      5942  -1150     5875

 COOLING
  YESTERDAY        4                         2      2        0
  MONTH TO DATE   16                        31    -15       47
  SINCE MAR 1     16                        32    -16       47
  SINCE JAN 1     16                        32    -16       47
..................................................................


WIND (MPH)
  HIGHEST WIND SPEED    14   HIGHEST WIND DIRECTION    SE (140)
  HIGHEST GUST SPEED    20   HIGHEST GUST DIRECTION    SE (140)
  AVERAGE WIND SPEED     4.2


SKY COVER
  AVERAGE SKY COVER 0.0


WEATHER CONDITIONS
 THE FOLLOWING WEATHER WAS RECORDED YESTERDAY.
  NO SIGNIFICANT WEATHER WAS OBSERVED.


RELATIVE HUMIDITY (PERCENT)
 HIGHEST    77           200 AM
 LOWEST     19           500 PM
 AVERAGE    48

..........................................................


THE ONTARIO OR CLIMATE NORMALS FOR TODAY
                         NORMAL    RECORD    YEAR
 MAXIMUM TEMPERATURE (F)   79       102      1972
 MINIMUM TEMPERATURE (F)   48        37      1988


SUNRISE AND SUNSET
MAY 30 2015...........SUNRISE   609 AM MDT   SUNSET   922 PM MDT
MAY 31 2015...........SUNRISE   609 AM MDT   SUNSET   923 PM MDT


-  INDICATES NEGATIVE NUMBERS.
R  INDICATES RECORD WAS SET OR TIED.
MM INDICATES DATA IS MISSING.
T  INDICATES TRACE AMOUNT.




$$
