000
CDUS45 KBOI 270931
CLIONO


CLIMATE REPORT
NATIONAL WEATHER SERVICE BOISE ID
231 AM MST FRI FEB 27 2015


...................................

...THE ONTARIO OR CLIMATE SUMMARY FOR FEBRUARY 26 2015...

CLIMATE NORMAL PERIOD 1981 TO 2010
CLIMATE RECORD PERIOD 1948 TO 2015


WEATHER ITEM   OBSERVED TIME   RECORD YEAR NORMAL DEPARTURE LAST
                VALUE   (LST)  VALUE       VALUE  FROM      YEAR
                                                  NORMAL
..................................................................
TEMPERATURE (F)
 YESTERDAY
  MAXIMUM         55    149 PM  64    1976  49      6       57
  MINIMUM         35   1145 PM  -3    1993  26      9       31
  AVERAGE         45                        37      8       44

PRECIPITATION (IN)
  YESTERDAY        T             0.39 1957   0.03  -0.03     0.00
  MONTH TO DATE    0.69                      0.74  -0.05     1.23
  SINCE OCT 1      5.71                      5.33   0.38     3.38
  SINCE JAN 1      1.25                      1.92  -0.67     1.87

DEGREE DAYS
 HEATING
  YESTERDAY       20                        28     -8       21
  MONTH TO DATE  555                       832   -277      769
  SINCE DEC 1   2469                      3147   -678     3321
  SINCE JUL 1   3750                      4575   -825     4716

 COOLING
  YESTERDAY        0                         0      0        0
  MONTH TO DATE    0                         0      0        0
  SINCE DEC 1      0                         0      0        0
  SINCE JAN 1      0                         0      0        0
..................................................................


WIND (MPH)
  HIGHEST WIND SPEED    23   HIGHEST WIND DIRECTION    NW (320)
  HIGHEST GUST SPEED    28   HIGHEST GUST DIRECTION    NW (320)
  AVERAGE WIND SPEED     9.8


SKY COVER
  AVERAGE SKY COVER 1.0


WEATHER CONDITIONS
 THE FOLLOWING WEATHER WAS RECORDED YESTERDAY.
  NO SIGNIFICANT WEATHER WAS OBSERVED.


RELATIVE HUMIDITY (PERCENT)
 HIGHEST    76          1100 PM
 LOWEST     44           300 PM
 AVERAGE    60

..........................................................


THE ONTARIO OR CLIMATE NORMALS FOR TODAY
                         NORMAL    RECORD    YEAR
 MAXIMUM TEMPERATURE (F)   49        65      1968
 MINIMUM TEMPERATURE (F)   26         0      1993


SUNRISE AND SUNSET
FEBRUARY 27 2015......SUNRISE   729 AM MST   SUNSET   634 PM MST
FEBRUARY 28 2015......SUNRISE   727 AM MST   SUNSET   635 PM MST


-  INDICATES NEGATIVE NUMBERS.
R  INDICATES RECORD WAS SET OR TIED.
MM INDICATES DATA IS MISSING.
T  INDICATES TRACE AMOUNT.




$$
