000
CDUS46 KSGX 170018
CLIONT


CLIMATE REPORT
NATIONAL WEATHER SERVICE SAN DIEGO, CA
418 PM PST MON JAN 16 2017


...................................

...THE ONTARIO INTL AIRPORT CA CLIMATE SUMMARY FOR JANUARY 16 2017...
VALID TODAY AS OF 0400 PM LOCAL TIME.

CLIMATE NORMAL PERIOD 1981 TO 2010
CLIMATE RECORD PERIOD 1998 TO 2017


WEATHER ITEM   OBSERVED TIME   RECORD YEAR NORMAL DEPARTURE LAST
                VALUE   (LST)  VALUE       VALUE  FROM      YEAR
                                                  NORMAL
..................................................................
TEMPERATURE (F)
 TODAY
  MAXIMUM         64    239 PM  86    2014  65     -1       62
  MINIMUM         49    716 AM  34    2007  44      5       44
                                      2006
  AVERAGE         57                        55      2       53

PRECIPITATION (IN)
  TODAY            0.00          0.00   MM   0.11  -0.11     0.00
  MONTH TO DATE    2.49                      2.00   0.49     1.72
  SINCE OCT 1      7.37                      6.17   1.20     3.84
  SINCE JAN 1      2.49                      2.00   0.49     1.72

DEGREE DAYS
 HEATING
  TODAY            8                        11     -3       12
  MONTH TO DATE  180                       176      4      215
  SINCE DEC 1    513                       514     -1      578
  SINCE JUL 1    643                       736    -93      775

 COOLING
  TODAY            0                         0      0        0
  MONTH TO DATE    0                         0      0        0
  SINCE DEC 1      0                         2     -2        2
  SINCE JAN 1      0                         0      0        0
..................................................................


WIND (MPH)
  RESULTANT WIND SPEED   3   RESULTANT WIND DIRECTION   W (260)
  HIGHEST WIND SPEED    12   HIGHEST WIND DIRECTION     W (280)
  HIGHEST GUST SPEED    14   HIGHEST GUST DIRECTION     W (280)
  AVERAGE WIND SPEED     3.5


SKY COVER
  POSSIBLE SUNSHINE  MM
  AVERAGE SKY COVER 0.6


WEATHER CONDITIONS
 THE FOLLOWING WEATHER WAS RECORDED TODAY.
  FOG
  HAZE


RELATIVE HUMIDITY (PERCENT)
 HIGHEST   100          1200 AM
 LOWEST     52           100 PM
 AVERAGE    76

..........................................................


THE ONTARIO INTL AIRPORT CA CLIMATE NORMALS FOR TOMORROW
                         NORMAL    RECORD    YEAR
 MAXIMUM TEMPERATURE (F)   65        86      2014
 MINIMUM TEMPERATURE (F)   44        32      2007


SUNRISE AND SUNSET
JANUARY 16 2017.......SUNRISE   655 AM PST   SUNSET   506 PM PST
JANUARY 17 2017.......SUNRISE   655 AM PST   SUNSET   507 PM PST


-  INDICATES NEGATIVE NUMBERS.
R  INDICATES RECORD WAS SET OR TIED.
MM INDICATES DATA IS MISSING.
T  INDICATES TRACE AMOUNT.




$$
