000
CDUS46 KSGX 120017
CLIONT


CLIMATE REPORT
NATIONAL WEATHER SERVICE SAN DIEGO, CA
417 PM PST THU FEB 11 2016


...................................

...THE ONTARIO INTL AIRPORT CA CLIMATE SUMMARY FOR FEBRUARY 11 2016...
VALID TODAY AS OF 0400 PM LOCAL TIME.

CLIMATE NORMAL PERIOD 1981 TO 2010
CLIMATE RECORD PERIOD 1998 TO 2016


WEATHER ITEM   OBSERVED TIME   RECORD YEAR NORMAL DEPARTURE LAST
                VALUE   (LST)  VALUE       VALUE  FROM      YEAR
                                                  NORMAL
..................................................................
TEMPERATURE (F)
 TODAY
  MAXIMUM         86R   317 PM  85    2015  65     21       85
  MINIMUM         50    557 AM  36    2011  45      5       49
                                      2009
  AVERAGE         68                        55     13       67

PRECIPITATION (IN)
  TODAY            0.00          1.37 2005   0.13  -0.13     0.00
  MONTH TO DATE    0.00                      1.10  -1.10      T
  SINCE OCT 1      4.31                      8.58  -4.27     6.58
  SINCE JAN 1      2.19                      4.41  -2.22     0.94

DEGREE DAYS
 HEATING
  TODAY            0                        10    -10        0
  MONTH TO DATE   82                       111    -29       17
  SINCE DEC 1    791                       778     13      457
  SINCE JUL 1    988                      1000    -12      527

 COOLING
  TODAY            3                         0      3        2
  MONTH TO DATE   15                         0     15        7
  SINCE DEC 1     17                         5     12       22
  SINCE JAN 1     15                         3     12       20
..................................................................


WIND (MPH)
  RESULTANT WIND SPEED   1   RESULTANT WIND DIRECTION  NE (40)
  HIGHEST WIND SPEED    10   HIGHEST WIND DIRECTION     S (200)
  HIGHEST GUST SPEED    13   HIGHEST GUST DIRECTION    SW (210)
  AVERAGE WIND SPEED     2.9


SKY COVER
  POSSIBLE SUNSHINE  MM
  AVERAGE SKY COVER 0.1


WEATHER CONDITIONS
 THE FOLLOWING WEATHER WAS RECORDED TODAY.
  NO SIGNIFICANT WEATHER WAS OBSERVED.


RELATIVE HUMIDITY (PERCENT)
 HIGHEST    52           600 AM
 LOWEST     10           300 PM
 AVERAGE    31

..........................................................


THE ONTARIO INTL AIRPORT CA CLIMATE NORMALS FOR TOMORROW
                         NORMAL    RECORD    YEAR
 MAXIMUM TEMPERATURE (F)   65        86      2015
 MINIMUM TEMPERATURE (F)   45        32      1999


SUNRISE AND SUNSET
FEBRUARY 11 2016......SUNRISE   640 AM PST   SUNSET   530 PM PST
FEBRUARY 12 2016......SUNRISE   639 AM PST   SUNSET   531 PM PST


-  INDICATES NEGATIVE NUMBERS.
R  INDICATES RECORD WAS SET OR TIED.
MM INDICATES DATA IS MISSING.
T  INDICATES TRACE AMOUNT.




$$
