000
CDUS41 KAKQ 220827
CLIORF


CLIMATE REPORT
NATIONAL WEATHER SERVICE WAKEFIELD, VA
426 AM EDT WED OCT 22 2014


...................................

...THE NORFOLK VA CLIMATE SUMMARY FOR OCTOBER 21 2014...

CLIMATE NORMAL PERIOD 1981 TO 2010
CLIMATE RECORD PERIOD 1871 TO 2014


WEATHER ITEM   OBSERVED TIME   RECORD YEAR NORMAL DEPARTURE LAST
                VALUE   (LST)  VALUE       VALUE  FROM      YEAR
                                                  NORMAL
..................................................................
TEMPERATURE (F)
 YESTERDAY
  MAXIMUM         74    309 PM  85    1993  69      5       68
                                      1984
  MINIMUM         57    629 AM  37    1974  52      5       44
                                      1952
  AVERAGE         66                        60      6       56

PRECIPITATION (IN)
  YESTERDAY        T             2.81 1958   0.11  -0.11     0.00
  MONTH TO DATE    0.90                      2.33  -1.43     4.13
  SINCE SEP 1     10.07                      7.09   2.98     5.06
  SINCE JAN 1     42.48                     39.03   3.45    38.33

SNOWFALL (IN)
  YESTERDAY        0.0           0.0  2002   0.0    0.0
                                      2001
  MONTH TO DATE    0.0                       0.0    0.0
  SINCE NOV 1     15.5                       5.8    9.7
  SINCE JUL 1      0.0                       0.0    0.0
  SNOW DEPTH       0

DEGREE DAYS
 HEATING
  YESTERDAY        0                         6     -6        9
  MONTH TO DATE   34                        75    -41       27
  SINCE SEP 1     34                        86    -52       35
  SINCE JUL 1     34                        86    -52       35

 COOLING
  YESTERDAY        1                         1      0        0
  MONTH TO DATE   70                        46     24       81
  SINCE SEP 1    341                       276     65      294
  SINCE JAN 1   1714                      1611    103     1743
..................................................................


WIND (MPH)
  HIGHEST WIND SPEED    13   HIGHEST WIND DIRECTION    SW (230)
  HIGHEST GUST SPEED    17   HIGHEST GUST DIRECTION     W (280)
  AVERAGE WIND SPEED     5.5


SKY COVER
  POSSIBLE SUNSHINE  MM
  AVERAGE SKY COVER 0.4


WEATHER CONDITIONS
 THE FOLLOWING WEATHER WAS RECORDED YESTERDAY.
  NO SIGNIFICANT WEATHER WAS OBSERVED.


RELATIVE HUMIDITY (PERCENT)
 HIGHEST    93           700 AM
 LOWEST     38           200 PM
 AVERAGE    66

..........................................................


THE NORFOLK VA CLIMATE NORMALS FOR TODAY
                         NORMAL    RECORD    YEAR
 MAXIMUM TEMPERATURE (F)   68        84      1984
 MINIMUM TEMPERATURE (F)   52        34      1974
                                             1952


SUNRISE AND SUNSET
OCTOBER 22 2014.......SUNRISE   719 AM EDT   SUNSET   619 PM EDT
OCTOBER 23 2014.......SUNRISE   720 AM EDT   SUNSET   618 PM EDT


-  INDICATES NEGATIVE NUMBERS.
R  INDICATES RECORD WAS SET OR TIED.
MM INDICATES DATA IS MISSING.
T  INDICATES TRACE AMOUNT.




$$
