585
CDUS41 KAKQ 260545
CLIORF


CLIMATE REPORT
NATIONAL WEATHER SERVICE WAKEFIELD, VA
145 AM EDT SUN MAR 26 2017


...................................

...THE NORFOLK VA CLIMATE SUMMARY FOR MARCH 25 2017...

CLIMATE NORMAL PERIOD 1981 TO 2010
CLIMATE RECORD PERIOD 1871 TO 2017


WEATHER ITEM   OBSERVED TIME   RECORD YEAR NORMAL DEPARTURE LAST
                VALUE   (LST)  VALUE       VALUE  FROM      YEAR
                                                  NORMAL
..................................................................
TEMPERATURE (F)
 YESTERDAY
  MAXIMUM         78    251 PM  84    1954  61     17       82
                                      1939
  MINIMUM         57    640 AM  27    1940  43     14       57
                                      1880
  AVERAGE         68                        52     16       70

PRECIPITATION (IN)
  YESTERDAY        0.00          1.03 1994   0.12  -0.12     0.07
  MONTH TO DATE    2.80                      2.96  -0.16     2.16
  SINCE MAR 1      2.80                      2.96  -0.16     2.16
  SINCE JAN 1      7.87                      9.48  -1.61    13.03

SNOWFALL (IN)
  YESTERDAY        0.0           7.5  1974   0.0    0.0
  MONTH TO DATE    0.1                       0.2   -0.1
  SINCE NOV 1      5.4                       5.8   -0.4
  SINCE JUL 1      5.4                       5.8   -0.4
  SNOW DEPTH       0

DEGREE DAYS
 HEATING
  YESTERDAY        0                        13    -13        0
  MONTH TO DATE  439                       419     20      247
  SINCE MAR 1    439                       419     20      247
  SINCE JUL 1   2491                      2988   -497     2163

 COOLING
  YESTERDAY        3                         0      3        5
  MONTH TO DATE   11                         0     11       18
  SINCE MAR 1     11                         0     11       18
  SINCE JAN 1     14                         1     13       18
..................................................................


WIND (MPH)
  HIGHEST WIND SPEED    23   HIGHEST WIND DIRECTION    SW (210)
  HIGHEST GUST SPEED    29   HIGHEST GUST DIRECTION    SW (210)
  AVERAGE WIND SPEED    12.5


SKY COVER
  POSSIBLE SUNSHINE  MM
  AVERAGE SKY COVER 0.0


WEATHER CONDITIONS
 THE FOLLOWING WEATHER WAS RECORDED YESTERDAY.
  NO SIGNIFICANT WEATHER WAS OBSERVED.


RELATIVE HUMIDITY (PERCENT)
 HIGHEST    72           300 AM
 LOWEST     39           300 PM
 AVERAGE    56

..........................................................


THE NORFOLK VA CLIMATE NORMALS FOR TODAY
                         NORMAL    RECORD    YEAR
 MAXIMUM TEMPERATURE (F)   61        84      1939
                                             1921
 MINIMUM TEMPERATURE (F)   43        27      1940


SUNRISE AND SUNSET
MARCH 26 2017.........SUNRISE   659 AM EDT   SUNSET   722 PM EDT
MARCH 27 2017.........SUNRISE   658 AM EDT   SUNSET   723 PM EDT


-  INDICATES NEGATIVE NUMBERS.
R  INDICATES RECORD WAS SET OR TIED.
MM INDICATES DATA IS MISSING.
T  INDICATES TRACE AMOUNT.




$$
