489
CDUS41 KAKQ 040630
CLIORF


CLIMATE REPORT
NATIONAL WEATHER SERVICE WAKEFIELD, VA
130 AM EST SUN DEC 4 2016


...................................

...THE NORFOLK VA CLIMATE SUMMARY FOR DECEMBER 3 2016...

CLIMATE NORMAL PERIOD 1981 TO 2010
CLIMATE RECORD PERIOD 1871 TO 2016


WEATHER ITEM   OBSERVED TIME   RECORD YEAR NORMAL DEPARTURE LAST
                VALUE   (LST)  VALUE       VALUE  FROM      YEAR
                                                  NORMAL
..................................................................
TEMPERATURE (F)
 YESTERDAY
  MAXIMUM         53    104 PM  80    1991  56     -3       64
  MINIMUM         42    711 AM  21    1886  39      3       45
  AVERAGE         48                        48      0       55

PRECIPITATION (IN)
  YESTERDAY        0.00          1.43 1984   0.10  -0.10     0.00
                                      1948
  MONTH TO DATE    0.00                      0.32  -0.32     0.10
  SINCE DEC 1      0.00                      0.32  -0.32     0.10
  SINCE JAN 1     66.32                     43.59  22.73    46.92

SNOWFALL (IN)
  YESTERDAY        0.0           3.0  1896   0.0    0.0
  MONTH TO DATE    0.0                       0.0    0.0
  SINCE NOV 1      0.0                       T      0.0
  SINCE JUL 1      0.0                       T      0.0
  SNOW DEPTH       0

DEGREE DAYS
 HEATING
  YESTERDAY       17                        18     -1       10
  MONTH TO DATE   37                        52    -15       26
  SINCE DEC 1     37                        52    -15       26
  SINCE JUL 1    500                       582    -82      365

 COOLING
  YESTERDAY        0                         0      0        0
  MONTH TO DATE    0                         0      0        0
  SINCE DEC 1      0                         0      0        0
  SINCE JAN 1   1998                      1628    370     1945
..................................................................


WIND (MPH)
  HIGHEST WIND SPEED    20   HIGHEST WIND DIRECTION     N (360)
  HIGHEST GUST SPEED    28   HIGHEST GUST DIRECTION     N (360)
  AVERAGE WIND SPEED     6.8


SKY COVER
  POSSIBLE SUNSHINE  MM
  AVERAGE SKY COVER 0.0


WEATHER CONDITIONS
 THE FOLLOWING WEATHER WAS RECORDED YESTERDAY.
  NO SIGNIFICANT WEATHER WAS OBSERVED.


RELATIVE HUMIDITY (PERCENT)
 HIGHEST    62           600 AM
 LOWEST     41           100 PM
 AVERAGE    52

..........................................................


THE NORFOLK VA CLIMATE NORMALS FOR TODAY
                         NORMAL    RECORD    YEAR
 MAXIMUM TEMPERATURE (F)   55        80      1978
 MINIMUM TEMPERATURE (F)   39        22      1966


SUNRISE AND SUNSET
DECEMBER  4 2016......SUNRISE   702 AM EST   SUNSET   448 PM EST
DECEMBER  5 2016......SUNRISE   703 AM EST   SUNSET   448 PM EST


-  INDICATES NEGATIVE NUMBERS.
R  INDICATES RECORD WAS SET OR TIED.
MM INDICATES DATA IS MISSING.
T  INDICATES TRACE AMOUNT.




$$
