000
CDUS41 KAKQ 302126
CLIORF


CLIMATE REPORT
NATIONAL WEATHER SERVICE WAKEFIELD, VA
526 PM EDT TUE JUN 30 2015


...................................

...THE NORFOLK VA CLIMATE SUMMARY FOR JUNE 30 2015...
VALID TODAY AS OF 0500 PM LOCAL TIME.

CLIMATE NORMAL PERIOD 1981 TO 2010
CLIMATE RECORD PERIOD 1871 TO 2015


WEATHER ITEM   OBSERVED TIME   RECORD YEAR NORMAL DEPARTURE LAST
                VALUE   (LST)  VALUE       VALUE  FROM      YEAR
                                                  NORMAL
..................................................................
TEMPERATURE (F)
 TODAY
  MAXIMUM         92    211 PM 101    1936  87      5       90
  MINIMUM         73    254 AM  58    1919  71      2       66
  AVERAGE         83

PRECIPITATION (IN)
  TODAY            0.00          1.92 1884   0.15  -0.15     0.00
  MONTH TO DATE    8.34                      4.26   4.08     1.91
  SINCE JUN 1      8.34                      4.26   4.08     1.91
  SINCE JAN 1     23.34                     21.28   2.06    21.53

SNOWFALL (IN)
  TODAY            0.0
  MONTH TO DATE    0.0
  SINCE NOV 1     12.7
  SINCE JUL 1     12.7
  SNOW DEPTH       0

DEGREE DAYS
 HEATING
  TODAY            0                         0      0        0
  MONTH TO DATE    0                         4     -4        3
  SINCE JUN 1      0                         6     -6        3
  SINCE JUL 1   3599                      3377    222     3446

 COOLING
  TODAY           18                        14      4       13
  MONTH TO DATE  418                       315    103      358
  SINCE JUN 1    418                       315    103      358
  SINCE JAN 1    654                       481    173      560
..................................................................


WIND (MPH)
  RESULTANT WIND SPEED   9   RESULTANT WIND DIRECTION   S (180)
  HIGHEST WIND SPEED    18   HIGHEST WIND DIRECTION    SW (210)
  HIGHEST GUST SPEED    25   HIGHEST GUST DIRECTION    SW (210)


SKY COVER
  POSSIBLE SUNSHINE  MM
  AVERAGE SKY COVER 0.1


WEATHER CONDITIONS
 THE FOLLOWING WEATHER WAS RECORDED TODAY.
  NO SIGNIFICANT WEATHER WAS OBSERVED.


RELATIVE HUMIDITY (PERCENT)
 HIGHEST    93
 LOWEST     41
 AVERAGE    67

..........................................................


THE NORFOLK VA CLIMATE NORMALS FOR TOMORROW
                         NORMAL    RECORD    YEAR
 MAXIMUM TEMPERATURE (F)   87       100      1901
 MINIMUM TEMPERATURE (F)   71        58      1927
                                             1919


SUNRISE AND SUNSET
JUNE 30 2015..........SUNRISE   549 AM EDT   SUNSET   828 PM EDT
JULY  1 2015..........SUNRISE   549 AM EDT   SUNSET   828 PM EDT


-  INDICATES NEGATIVE NUMBERS.
R  INDICATES RECORD WAS SET OR TIED.
MM INDICATES DATA IS MISSING.
T  INDICATES TRACE AMOUNT.




$$
