000
CDUS41 KAKQ 170533
CLIORF


CLIMATE REPORT
NATIONAL WEATHER SERVICE WAKEFIELD, VA
133 AM EDT TUE OCT 17 2017


...................................

...THE NORFOLK VA CLIMATE SUMMARY FOR OCTOBER 16 2017...

CLIMATE NORMAL PERIOD 1981 TO 2010
CLIMATE RECORD PERIOD 1871 TO 2017


WEATHER ITEM   OBSERVED TIME   RECORD YEAR NORMAL DEPARTURE LAST
                VALUE   (LST)  VALUE       VALUE  FROM      YEAR
                                                  NORMAL
..................................................................
TEMPERATURE (F)
 YESTERDAY
  MAXIMUM         71    659 AM  87    2008  70      1       78
  MINIMUM         60   1159 PM  33    1876  54      6       54
  AVERAGE         66                        62      4       66

PRECIPITATION (IN)
  YESTERDAY        T             2.10 1936   0.11  -0.11     0.00
  MONTH TO DATE    2.89                      1.80   1.09     9.34
  SINCE SEP 1      4.88                      6.56  -1.68    22.88
  SINCE JAN 1     43.42                     38.50   4.92    65.25

SNOWFALL (IN)
  YESTERDAY        0.0           0.0  2002   0.0    0.0
                                      2001
  MONTH TO DATE    0.0                       0.0    0.0
  SINCE NOV 1      5.4                       5.8   -0.4
  SINCE JUL 1      0.0                       0.0    0.0
  SNOW DEPTH       0

DEGREE DAYS
 HEATING
  YESTERDAY        0                         5     -5        0
  MONTH TO DATE    0                        48    -48       26
  SINCE SEP 1      0                        59    -59       26
  SINCE JUL 1      0                        59    -59       26

 COOLING
  YESTERDAY        1                         1      0        1
  MONTH TO DATE  122                        41     81       58
  SINCE SEP 1    389                       271    118      389
  SINCE JAN 1   2081                      1606    475     1941
..................................................................


WIND (MPH)
  HIGHEST WIND SPEED    22   HIGHEST WIND DIRECTION    NE (30)
  HIGHEST GUST SPEED    31   HIGHEST GUST DIRECTION     N (360)
  AVERAGE WIND SPEED    14.2


SKY COVER
  POSSIBLE SUNSHINE  MM
  AVERAGE SKY COVER 0.7


WEATHER CONDITIONS
 THE FOLLOWING WEATHER WAS RECORDED YESTERDAY.
  LIGHT RAIN


RELATIVE HUMIDITY (PERCENT)
 HIGHEST    90           100 AM
 LOWEST     56           500 PM
 AVERAGE    73

..........................................................


THE NORFOLK VA CLIMATE NORMALS FOR TODAY
                         NORMAL    RECORD    YEAR
 MAXIMUM TEMPERATURE (F)   70        87      1925
 MINIMUM TEMPERATURE (F)   53        38      1875


SUNRISE AND SUNSET
OCTOBER 17 2017.......SUNRISE   714 AM EDT   SUNSET   625 PM EDT
OCTOBER 18 2017.......SUNRISE   715 AM EDT   SUNSET   624 PM EDT


-  INDICATES NEGATIVE NUMBERS.
R  INDICATES RECORD WAS SET OR TIED.
MM INDICATES DATA IS MISSING.
T  INDICATES TRACE AMOUNT.




$$
