285
CDUS41 KAKQ 160534
CLIORF


CLIMATE REPORT
NATIONAL WEATHER SERVICE WAKEFIELD, VA
130 AM EDT WED AUG 16 2017


...................................

...THE NORFOLK VA CLIMATE SUMMARY FOR AUGUST 15 2017...

CLIMATE NORMAL PERIOD 1981 TO 2010
CLIMATE RECORD PERIOD 1871 TO 2017


WEATHER ITEM   OBSERVED TIME   RECORD YEAR NORMAL DEPARTURE LAST
                VALUE   (LST)  VALUE       VALUE  FROM      YEAR
                                                  NORMAL
..................................................................
TEMPERATURE (F)
 YESTERDAY
  MAXIMUM         91   1228 PM  98    1980  85      6       91
  MINIMUM         76   1057 PM  55    1964  71      5       79
  AVERAGE         84                        78      6       85

PRECIPITATION (IN)
  YESTERDAY        0.27          4.13 1980   0.18   0.09     0.06
  MONTH TO DATE    4.43                      2.81   1.62     3.18
  SINCE JUN 1     12.11                     12.21  -0.10    18.57
  SINCE JAN 1     33.93                     29.23   4.70    40.80

SNOWFALL (IN)
  YESTERDAY        0.0           0.0  2002   0.0    0.0
                                      2001
  MONTH TO DATE    0.0                       0.0    0.0
  SINCE NOV 1      5.4                       5.8   -0.4
  SINCE JUL 1      0.0                       0.0    0.0
  SNOW DEPTH       0

DEGREE DAYS
 HEATING
  YESTERDAY        0                         0      0        0
  MONTH TO DATE    0                         0      0        0
  SINCE JUN 1      2                         6     -4        0
  SINCE JUL 1      0                         0      0        0

 COOLING
  YESTERDAY       19                        13      6       20
  MONTH TO DATE  209                       205      4      263
  SINCE JUN 1   1139                       974    165     1141
  SINCE JAN 1   1460                      1140    320     1298
..................................................................


WIND (MPH)
  HIGHEST WIND SPEED    22   HIGHEST WIND DIRECTION     N (20)
  HIGHEST GUST SPEED    27   HIGHEST GUST DIRECTION     N (20)
  AVERAGE WIND SPEED     5.9


SKY COVER
  POSSIBLE SUNSHINE  MM
  AVERAGE SKY COVER 0.7


WEATHER CONDITIONS
 THE FOLLOWING WEATHER WAS RECORDED YESTERDAY.
  HEAVY RAIN
  RAIN
  LIGHT RAIN
  FOG


RELATIVE HUMIDITY (PERCENT)
 HIGHEST   100           200 AM
 LOWEST     64           300 PM
 AVERAGE    82

..........................................................


THE NORFOLK VA CLIMATE NORMALS FOR TODAY
                         NORMAL    RECORD    YEAR
 MAXIMUM TEMPERATURE (F)   85        96      2007
                                             1997
                                             1900
 MINIMUM TEMPERATURE (F)   71        58      1961


SUNRISE AND SUNSET
AUGUST 16 2017........SUNRISE   623 AM EDT   SUNSET   755 PM EDT
AUGUST 17 2017........SUNRISE   624 AM EDT   SUNSET   753 PM EDT


-  INDICATES NEGATIVE NUMBERS.
R  INDICATES RECORD WAS SET OR TIED.
MM INDICATES DATA IS MISSING.
T  INDICATES TRACE AMOUNT.




$$
