000
CDUS41 KAKQ 300529
CLIORF


CLIMATE REPORT
NATIONAL WEATHER SERVICE WAKEFIELD, VA
129 AM EDT SUN APR 30 2017


...................................

...THE NORFOLK VA CLIMATE SUMMARY FOR APRIL 29 2017...

CLIMATE NORMAL PERIOD 1981 TO 2010
CLIMATE RECORD PERIOD 1871 TO 2017


WEATHER ITEM   OBSERVED TIME   RECORD YEAR NORMAL DEPARTURE LAST
                VALUE   (LST)  VALUE       VALUE  FROM      YEAR
                                                  NORMAL
..................................................................
TEMPERATURE (F)
 YESTERDAY
  MAXIMUM         91    310 PM  92    1974  71     20       58
  MINIMUM         76    643 AM  38    1874  53     23       54
  AVERAGE         84                        62     22       56

PRECIPITATION (IN)
  YESTERDAY        0.00          1.44 1986   0.11  -0.11     0.13
  MONTH TO DATE    3.58                      3.30   0.28     2.78
  SINCE MAR 1      8.19                      6.98   1.21     6.24
  SINCE JAN 1     13.26                     13.50  -0.24    17.11

SNOWFALL (IN)
  YESTERDAY        0.0           0.0  2002   0.0    0.0
  MONTH TO DATE    0.0                       0.0    0.0
  SINCE NOV 1      5.4                       5.8   -0.4
  SINCE JUL 1      5.4                       5.8   -0.4
  SNOW DEPTH       0

DEGREE DAYS
 HEATING
  YESTERDAY        0                         5     -5        9
  MONTH TO DATE   94                       234   -140      233
  SINCE MAR 1    566                       726   -160      528
  SINCE JUL 1   2618                      3295   -677     2444

 COOLING
  YESTERDAY       19                         2     17        0
  MONTH TO DATE  129                        38     91       30
  SINCE MAR 1    145                        44    101       48
  SINCE JAN 1    148                        45    103       48
..................................................................


WIND (MPH)
  HIGHEST WIND SPEED    24   HIGHEST WIND DIRECTION    SW (230)
  HIGHEST GUST SPEED    29   HIGHEST GUST DIRECTION    SW (230)
  AVERAGE WIND SPEED    14.1


SKY COVER
  POSSIBLE SUNSHINE  MM
  AVERAGE SKY COVER 0.3


WEATHER CONDITIONS
 THE FOLLOWING WEATHER WAS RECORDED YESTERDAY.
  THUNDERSTORM


RELATIVE HUMIDITY (PERCENT)
 HIGHEST    87           100 AM
 LOWEST     56           200 PM
 AVERAGE    72

..........................................................


THE NORFOLK VA CLIMATE NORMALS FOR TODAY
                         NORMAL    RECORD    YEAR
 MAXIMUM TEMPERATURE (F)   72        93      1888
 MINIMUM TEMPERATURE (F)   53        36      1874


SUNRISE AND SUNSET
APRIL 30 2017.........SUNRISE   612 AM EDT   SUNSET   753 PM EDT
MAY  1 2017...........SUNRISE   610 AM EDT   SUNSET   754 PM EDT


-  INDICATES NEGATIVE NUMBERS.
R  INDICATES RECORD WAS SET OR TIED.
MM INDICATES DATA IS MISSING.
T  INDICATES TRACE AMOUNT.




$$
