000
CDUS41 KAKQ 180630
CLIORF


CLIMATE REPORT
NATIONAL WEATHER SERVICE WAKEFIELD, VA
130 AM EST MON DEC 18 2017


...................................

...THE NORFOLK VA CLIMATE SUMMARY FOR DECEMBER 17 2017...

CLIMATE NORMAL PERIOD 1981 TO 2010
CLIMATE RECORD PERIOD 1871 TO 2017


WEATHER ITEM   OBSERVED TIME   RECORD YEAR NORMAL DEPARTURE LAST
                VALUE   (LST)  VALUE       VALUE  FROM      YEAR
                                                  NORMAL
..................................................................
TEMPERATURE (F)
 YESTERDAY
  MAXIMUM         53   1158 AM  73    1924  52      1       52
  MINIMUM         28    653 AM  17    1951  36     -8       34
  AVERAGE         41                        44     -3       43

PRECIPITATION (IN)
  YESTERDAY        0.00          1.42 1932   0.11  -0.11     0.11
  MONTH TO DATE    2.40                      1.80   0.60     2.04
  SINCE DEC 1      2.40                      1.80   0.60     2.04
  SINCE JAN 1     49.16                     45.07   4.09    68.36

SNOWFALL (IN)
  YESTERDAY        0.0           3.9  1932   0.1   -0.1
  MONTH TO DATE    T                         0.4   -0.4
  SINCE NOV 1      T                         0.4   -0.4
  SINCE JUL 1      T                         0.4   -0.4
  SNOW DEPTH       0

DEGREE DAYS
 HEATING
  YESTERDAY       24                        21      3       22
  MONTH TO DATE  355                       328     27      345
  SINCE DEC 1    355                       328     27      345
  SINCE JUL 1    781                       858    -77      808

 COOLING
  YESTERDAY        0                         0      0        0
  MONTH TO DATE    0                         0      0        0
  SINCE DEC 1      0                         0      0        0
  SINCE JAN 1   2107                      1628    479     1998
..................................................................


WIND (MPH)
  HIGHEST WIND SPEED    12   HIGHEST WIND DIRECTION    SW (230)
  HIGHEST GUST SPEED    14   HIGHEST GUST DIRECTION    SW (220)
  AVERAGE WIND SPEED     5.9


SKY COVER
  POSSIBLE SUNSHINE  MM
  AVERAGE SKY COVER 0.3


WEATHER CONDITIONS
 THE FOLLOWING WEATHER WAS RECORDED YESTERDAY.
  NO SIGNIFICANT WEATHER WAS OBSERVED.


RELATIVE HUMIDITY (PERCENT)
 HIGHEST    85           700 AM
 LOWEST     38          1200 PM
 AVERAGE    62

..........................................................


THE NORFOLK VA CLIMATE NORMALS FOR TODAY
                         NORMAL    RECORD    YEAR
 MAXIMUM TEMPERATURE (F)   51        79      2016
 MINIMUM TEMPERATURE (F)   35        17      1875


SUNRISE AND SUNSET
DECEMBER 18 2017......SUNRISE   712 AM EST   SUNSET   451 PM EST
DECEMBER 19 2017......SUNRISE   713 AM EST   SUNSET   451 PM EST


-  INDICATES NEGATIVE NUMBERS.
R  INDICATES RECORD WAS SET OR TIED.
MM INDICATES DATA IS MISSING.
T  INDICATES TRACE AMOUNT.




$$
