001
CDUS41 KBOX 310545
CLIORH


CLIMATE REPORT
NATIONAL WEATHER SERVICE TAUNTON MA
135 AM EDT WED AUG 31 2016


...................................

...THE WORCESTER MA CLIMATE SUMMARY FOR AUGUST 30 2016...

CLIMATE NORMAL PERIOD 1981 TO 2010
CLIMATE RECORD PERIOD 1892 TO 2016


WEATHER ITEM   OBSERVED TIME   RECORD YEAR NORMAL DEPARTURE LAST
                VALUE   (LST)  VALUE       VALUE  FROM      YEAR
                                                  NORMAL
..................................................................
TEMPERATURE (F)
 YESTERDAY
  MAXIMUM         77    456 PM  93    1953  75      2       81
  MINIMUM         57    542 AM  38    1965  58     -1       61
  AVERAGE         67                        67      0       71

PRECIPITATION (IN)
  YESTERDAY        0.00          1.60 1975   0.10  -0.10     0.00
  MONTH TO DATE    3.96                      3.60   0.36     3.21
  SINCE JUN 1      7.68                     12.02  -4.34    12.42
  SINCE JAN 1     23.40                     31.25  -7.85    26.72

SNOWFALL (IN)
  YESTERDAY        0.0           0.0  2002   0.0    0.0      0.0
                                      2001
                                      2000
  MONTH TO DATE    0.0                       0.0    0.0      0.0
  SINCE JUN 1      0.0                       0.0    0.0      0.0
  SINCE JUL 1      0.0                       0.0    0.0      0.0
  SNOW DEPTH      MM

DEGREE DAYS
 HEATING
  YESTERDAY        0                         2     -2        0
  MONTH TO DATE    0                        23    -23        0
  SINCE JUN 1     60                       120    -60       95
  SINCE JUL 1      9                        37    -28        1

 COOLING
  YESTERDAY        2                         3     -1        6
  MONTH TO DATE  226                       142     84      174
  SINCE JUN 1    542                       401    141      481
  SINCE JAN 1    584                       423    161      547
..................................................................


WIND (MPH)
  RESULTANT WIND SPEED   3   RESULTANT WIND DIRECTION   W (260)
  HIGHEST WIND SPEED    14   HIGHEST WIND DIRECTION    SW (240)
  HIGHEST GUST SPEED    17   HIGHEST GUST DIRECTION    SW (220)
  AVERAGE WIND SPEED     5.7


SKY COVER
  POSSIBLE SUNSHINE  MM
  AVERAGE SKY COVER 0.0


WEATHER CONDITIONS
 THE FOLLOWING WEATHER WAS RECORDED YESTERDAY.
  HAZE


RELATIVE HUMIDITY (PERCENT)
 HIGHEST    84          1100 PM
 LOWEST     40           400 PM
 AVERAGE    62

..........................................................


THE WORCESTER MA CLIMATE NORMALS FOR TODAY
                         NORMAL    RECORD    YEAR
 MAXIMUM TEMPERATURE (F)   75        93      1953
 MINIMUM TEMPERATURE (F)   58        39      1976


SUNRISE AND SUNSET
AUGUST 31 2016........SUNRISE   612 AM EDT   SUNSET   722 PM EDT
SEPTEMBER  1 2016.....SUNRISE   613 AM EDT   SUNSET   721 PM EDT


-  INDICATES NEGATIVE NUMBERS.
R  INDICATES RECORD WAS SET OR TIED.
MM INDICATES DATA IS MISSING.
T  INDICATES TRACE AMOUNT.




$$
