258
CDUS41 KBOX 240556
CLIORH


CLIMATE REPORT
NATIONAL WEATHER SERVICE TAUNTON MA
155 AM EDT THU AUG 24 2017


...................................

...THE WORCESTER MA CLIMATE SUMMARY FOR AUGUST 23 2017...

CLIMATE NORMAL PERIOD 1981 TO 2010
CLIMATE RECORD PERIOD 1892 TO 2017


WEATHER ITEM   OBSERVED TIME   RECORD YEAR NORMAL DEPARTURE LAST
                VALUE   (LST)  VALUE       VALUE  FROM      YEAR
                                                  NORMAL
..................................................................
TEMPERATURE (F)
 YESTERDAY
  MAXIMUM         77    133 PM  94    1916  77      0       75
  MINIMUM         60   1159 PM  44    1925  60      0       54
  AVERAGE         69                        68      1       65

PRECIPITATION (IN)
  YESTERDAY        0.14          1.33 1970   0.12   0.02     0.00
  MONTH TO DATE    1.54                      2.85  -1.31     3.96
  SINCE JUN 1      8.16                     11.27  -3.11     7.68
  SINCE JAN 1     29.24                     30.50  -1.26    23.40

SNOWFALL (IN)
  YESTERDAY        0.0           T    1940   0.0    0.0      0.0
  MONTH TO DATE    0.0                       0.0    0.0      0.0
  SINCE JUN 1      0.0                       0.0    0.0      0.0
  SINCE JUL 1      0.0                       0.0    0.0      0.0
  SNOW DEPTH      MM

DEGREE DAYS
 HEATING
  YESTERDAY        0                         1     -1        0
  MONTH TO DATE    2                        14    -12        0
  SINCE JUN 1    117                       111      6       60
  SINCE JUL 1     31                        28      3        9

 COOLING
  YESTERDAY        4                         4      0        0
  MONTH TO DATE  124                       116      8      174
  SINCE JUN 1    397                       375     22      490
  SINCE JAN 1    431                       397     34      532
..................................................................


WIND (MPH)
  RESULTANT WIND SPEED  11   RESULTANT WIND DIRECTION   W (270)
  HIGHEST WIND SPEED    22   HIGHEST WIND DIRECTION    SW (240)
  HIGHEST GUST SPEED    29   HIGHEST GUST DIRECTION    SW (240)
  AVERAGE WIND SPEED    12.0


SKY COVER
  POSSIBLE SUNSHINE  MM
  AVERAGE SKY COVER 0.3


WEATHER CONDITIONS
 THE FOLLOWING WEATHER WAS RECORDED YESTERDAY.
  THUNDERSTORM
  HEAVY RAIN
  RAIN
  LIGHT RAIN
  FOG


RELATIVE HUMIDITY (PERCENT)
 HIGHEST    93           200 AM
 LOWEST     38           100 PM
 AVERAGE    66

..........................................................


THE WORCESTER MA CLIMATE NORMALS FOR TODAY
                         NORMAL    RECORD    YEAR
 MAXIMUM TEMPERATURE (F)   76        92      1947
 MINIMUM TEMPERATURE (F)   60        44      1971
                                             1941


SUNRISE AND SUNSET
AUGUST 24 2017........SUNRISE   605 AM EDT   SUNSET   734 PM EDT
AUGUST 25 2017........SUNRISE   606 AM EDT   SUNSET   733 PM EDT


-  INDICATES NEGATIVE NUMBERS.
R  INDICATES RECORD WAS SET OR TIED.
MM INDICATES DATA IS MISSING.
T  INDICATES TRACE AMOUNT.




$$
