000
CDUS41 KBOX 260540
CLIORH


CLIMATE REPORT
NATIONAL WEATHER SERVICE TAUNTON MA
138 AM EDT MON JUN 26 2017


...................................

...THE WORCESTER MA CLIMATE SUMMARY FOR JUNE 25 2017...

CLIMATE NORMAL PERIOD 1981 TO 2010
CLIMATE RECORD PERIOD 1892 TO 2017


WEATHER ITEM   OBSERVED TIME   RECORD YEAR NORMAL DEPARTURE LAST
                VALUE   (LST)  VALUE       VALUE  FROM      YEAR
                                                  NORMAL
..................................................................
TEMPERATURE (F)
 YESTERDAY
  MAXIMUM         78    105 PM  92    1943  77      1       81
                                      1907
  MINIMUM         59   1159 PM  44    1931  59      0       57
  AVERAGE         69                        68      1       69

PRECIPITATION (IN)
  YESTERDAY        0.34          1.14 2011   0.13   0.21     0.00
  MONTH TO DATE    3.25                      3.57  -0.32     1.38
  SINCE JUN 1      3.25                      3.57  -0.32     1.38
  SINCE JAN 1     24.33                     22.80   1.53    17.10

SNOWFALL (IN)
  YESTERDAY        0.0           0.1  1992   0.0    0.0      0.0
  MONTH TO DATE    0.0                       0.0    0.0      0.0
  SINCE JUN 1      0.0                       0.0    0.0      0.0
  SINCE JUL 1     78.3                      64.1   14.2     47.2
  SNOW DEPTH      MM

DEGREE DAYS
 HEATING
  YESTERDAY        0                         1     -1        0
  MONTH TO DATE   77                        77      0       51
  SINCE JUN 1     77                        77      0       51
  SINCE JUL 1   6262                      6711   -449     5762

 COOLING
  YESTERDAY        4                         4      0        4
  MONTH TO DATE   98                        63     35       43
  SINCE JUN 1     98                        63     35       43
  SINCE JAN 1    132                        85     47       85
..................................................................


WIND (MPH)
  RESULTANT WIND SPEED   9   RESULTANT WIND DIRECTION   W (250)
  HIGHEST WIND SPEED    28   HIGHEST WIND DIRECTION    NW (300)
  HIGHEST GUST SPEED    36   HIGHEST GUST DIRECTION    NW (310)
  AVERAGE WIND SPEED    10.1


SKY COVER
  POSSIBLE SUNSHINE  MM
  AVERAGE SKY COVER 0.3


WEATHER CONDITIONS
 THE FOLLOWING WEATHER WAS RECORDED YESTERDAY.
  HEAVY RAIN
  RAIN
  LIGHT RAIN
  FOG


RELATIVE HUMIDITY (PERCENT)
 HIGHEST    90           900 PM
 LOWEST     39          1200 PM
 AVERAGE    65

..........................................................


THE WORCESTER MA CLIMATE NORMALS FOR TODAY
                         NORMAL    RECORD    YEAR
 MAXIMUM TEMPERATURE (F)   77        98      1952
 MINIMUM TEMPERATURE (F)   59        45      1986


SUNRISE AND SUNSET
JUNE 26 2017..........SUNRISE   513 AM EDT   SUNSET   828 PM EDT
JUNE 27 2017..........SUNRISE   513 AM EDT   SUNSET   828 PM EDT


-  INDICATES NEGATIVE NUMBERS.
R  INDICATES RECORD WAS SET OR TIED.
MM INDICATES DATA IS MISSING.
T  INDICATES TRACE AMOUNT.




$$
