000
CDUS41 KBOX 040532
CLIORH


CLIMATE REPORT
NATIONAL WEATHER SERVICE TAUNTON MA
131 AM EDT WED MAY 4 2016


...................................

...THE WORCESTER MA CLIMATE SUMMARY FOR MAY 3 2016...

CLIMATE NORMAL PERIOD 1981 TO 2010
CLIMATE RECORD PERIOD 1892 TO 2016


WEATHER ITEM   OBSERVED TIME   RECORD YEAR NORMAL DEPARTURE LAST
                VALUE   (LST)  VALUE       VALUE  FROM      YEAR
                                                  NORMAL
..................................................................
TEMPERATURE (F)
 YESTERDAY
  MAXIMUM         49    532 PM  87    2001  62    -13       73
                                      1942
  MINIMUM         43   1159 PM  28    1946  43      0       46
  AVERAGE         46                        53     -7       60

PRECIPITATION (IN)
  YESTERDAY        0.25          2.24 1934   0.12   0.13     0.00
  MONTH TO DATE    0.70                      0.37   0.33     0.00
  SINCE MAR 1      6.82                      8.69  -1.87     5.39
  SINCE JAN 1     14.21                     15.41  -1.20    13.70

SNOWFALL (IN)
  YESTERDAY        0.0           T    1958   0.0    0.0      0.0
  MONTH TO DATE    0.0                       0.1   -0.1      0.0
  SINCE MAR 1     15.5                      14.3    1.2     11.1
  SINCE JUL 1     47.2                      64.2  -17.0    119.7
  SNOW DEPTH      MM

DEGREE DAYS
 HEATING
  YESTERDAY       19                        13      6        5
  MONTH TO DATE   62                        39     23       35
  SINCE MAR 1   1434                      1549   -115     1679
  SINCE JUL 1   5493                      6386   -893     6793

 COOLING
  YESTERDAY        0                         0      0        0
  MONTH TO DATE    0                         0      0        0
  SINCE MAR 1      4                         3      1        0
  SINCE JAN 1      4                         3      1        0
..................................................................


WIND (MPH)
  RESULTANT WIND SPEED   2   RESULTANT WIND DIRECTION   E (80)
  HIGHEST WIND SPEED     8   HIGHEST WIND DIRECTION    SE (120)
  HIGHEST GUST SPEED    11   HIGHEST GUST DIRECTION    NE (30)
  AVERAGE WIND SPEED     4.3


SKY COVER
  POSSIBLE SUNSHINE  MM
  AVERAGE SKY COVER 1.0


WEATHER CONDITIONS
 THE FOLLOWING WEATHER WAS RECORDED YESTERDAY.
  RAIN
  LIGHT RAIN
  FOG
  FOG W/VISIBILITY <= 1/4 MILE


RELATIVE HUMIDITY (PERCENT)
 HIGHEST   100          1200 AM
 LOWEST     80           500 PM
 AVERAGE    90

..........................................................


THE WORCESTER MA CLIMATE NORMALS FOR TODAY
                         NORMAL    RECORD    YEAR
 MAXIMUM TEMPERATURE (F)   62        89      1944
 MINIMUM TEMPERATURE (F)   43        29      1986
                                             1946


SUNRISE AND SUNSET
MAY  4 2016...........SUNRISE   538 AM EDT   SUNSET   751 PM EDT
MAY  5 2016...........SUNRISE   537 AM EDT   SUNSET   752 PM EDT


-  INDICATES NEGATIVE NUMBERS.
R  INDICATES RECORD WAS SET OR TIED.
MM INDICATES DATA IS MISSING.
T  INDICATES TRACE AMOUNT.




$$
