961
CDUS41 KBOX 212149
CLIORH


CLIMATE REPORT
NATIONAL WEATHER SERVICE TAUNTON MA
439 PM EST WED FEB 21 2018


...................................

...THE WORCESTER MA CLIMATE SUMMARY FOR FEBRUARY 21 2018...
VALID TODAY AS OF 0400 PM LOCAL TIME.

CLIMATE NORMAL PERIOD 1981 TO 2010
CLIMATE RECORD PERIOD 1892 TO 2018


WEATHER ITEM   OBSERVED TIME   RECORD YEAR NORMAL DEPARTURE LAST
                VALUE   (LST)  VALUE       VALUE  FROM      YEAR
                                                  NORMAL
..................................................................
TEMPERATURE (F)
 TODAY
  MAXIMUM         71R   356 PM  59    1930  36     35       42
  MINIMUM         49    409 AM -10    1950  21     28       28
  AVERAGE         60                        28     32       35

PRECIPITATION (IN)
  TODAY            0.00          1.67 1996   0.11  -0.11     0.00
  MONTH TO DATE    3.88                      2.38   1.50     2.12
  SINCE DEC 1     10.35                      9.69   0.66     9.83
  SINCE JAN 1      7.50                      5.87   1.63     6.03

SNOWFALL (IN)
  TODAY            0.0           7.0  1947   0.6   -0.6      0.0
  MONTH TO DATE   10.0                      12.1   -2.1     25.4
  SINCE DEC 1     45.5                      43.6    1.9     57.8
  SINCE JUL 1     45.5                      46.4   -0.9     57.8
  SNOW DEPTH      MM

DEGREE DAYS
 HEATING
  TODAY            5                        37    -32       30
  MONTH TO DATE  692                       812   -120      784
  SINCE DEC 1   3184                      3183      1     2958
  SINCE JUL 1   4320                      4585   -265     4145

 COOLING
  TODAY            0                         0      0        0
  MONTH TO DATE    0                         0      0        0
  SINCE DEC 1      0                         0      0        0
  SINCE JAN 1      0                         0      0        0
..................................................................


WIND (MPH)
  HIGHEST WIND SPEED    28   HIGHEST WIND DIRECTION    SW (230)
  HIGHEST GUST SPEED    34   HIGHEST GUST DIRECTION    SW (230)
  AVERAGE WIND SPEED    15.8


SKY COVER
  POSSIBLE SUNSHINE  MM
  AVERAGE SKY COVER 0.4


WEATHER CONDITIONS
 THE FOLLOWING WEATHER WAS RECORDED TODAY.
  FOG
  FOG W/VISIBILITY <= 1/4 MILE
  HAZE


RELATIVE HUMIDITY (PERCENT)
 HIGHEST   100           600 AM
 LOWEST     57           400 PM
 AVERAGE    79

..........................................................


THE WORCESTER MA CLIMATE NORMALS FOR TOMORROW
                         NORMAL    RECORD    YEAR
 MAXIMUM TEMPERATURE (F)   36        57      1991
 MINIMUM TEMPERATURE (F)   21        -2      1963
                                             1928


SUNRISE AND SUNSET
FEBRUARY 21 2018......SUNRISE   635 AM EST   SUNSET   528 PM EST
FEBRUARY 22 2018......SUNRISE   634 AM EST   SUNSET   529 PM EST


-  INDICATES NEGATIVE NUMBERS.
R  INDICATES RECORD WAS SET OR TIED.
MM INDICATES DATA IS MISSING.
T  INDICATES TRACE AMOUNT.




$$
