000
CDUS41 KBOX 050601
CLIORH


CLIMATE REPORT
NATIONAL WEATHER SERVICE TAUNTON MA
201 AM EDT WED AUG 5 2015


...................................

...THE WORCESTER MA CLIMATE SUMMARY FOR AUGUST 4 2015...

CLIMATE NORMAL PERIOD 1981 TO 2010
CLIMATE RECORD PERIOD 1892 TO 2015


WEATHER ITEM   OBSERVED TIME   RECORD YEAR NORMAL DEPARTURE LAST
                VALUE   (LST)  VALUE       VALUE  FROM      YEAR
                                                  NORMAL
..................................................................
TEMPERATURE (F)
 YESTERDAY
  MAXIMUM         83    157 PM  95    1944  79      4       80
  MINIMUM         64    236 PM  48    1927  62      2       63
  AVERAGE         74                        70      4       72

PRECIPITATION (IN)
  YESTERDAY        0.32          2.11 1915   0.13   0.19     0.00
  MONTH TO DATE    0.35                      0.53  -0.18     0.23
  SINCE JUN 1      9.56                      8.95   0.61     8.07
  SINCE JAN 1     23.86                     28.18  -4.32    29.26

SNOWFALL (IN)
  YESTERDAY        0.0           0.0  2002   0.0    0.0      0.0
                                      2001
                                      2000
  MONTH TO DATE    0.0                       0.0    0.0      0.0
  SINCE JUN 1      0.0                       0.0    0.0      0.0
  SINCE JUL 1      0.0                       0.0    0.0      0.0
  SNOW DEPTH      MM

DEGREE DAYS
 HEATING
  YESTERDAY        0                         0      0        0
  MONTH TO DATE    0                         0      0        0
  SINCE JUN 1     95                        97     -2       45
  SINCE JUL 1      1                        14    -13        0

 COOLING
  YESTERDAY        9                         6      3        7
  MONTH TO DATE   30                        24      6       15
  SINCE JUN 1    337                       283     54      273
  SINCE JAN 1    403                       305     98      281
..................................................................


WIND (MPH)
  RESULTANT WIND SPEED   8   RESULTANT WIND DIRECTION  SW (240)
  HIGHEST WIND SPEED    36   HIGHEST WIND DIRECTION    NW (300)
  HIGHEST GUST SPEED    49   HIGHEST GUST DIRECTION    NW (300)
  AVERAGE WIND SPEED     9.2


SKY COVER
  POSSIBLE SUNSHINE  MM
  AVERAGE SKY COVER 0.5


WEATHER CONDITIONS
 THE FOLLOWING WEATHER WAS RECORDED YESTERDAY.
  THUNDERSTORM
  HEAVY RAIN
  RAIN
  LIGHT RAIN
  FOG


RELATIVE HUMIDITY (PERCENT)
 HIGHEST    97           100 AM
 LOWEST     47          1200 PM
 AVERAGE    72

..........................................................


THE WORCESTER MA CLIMATE NORMALS FOR TODAY
                         NORMAL    RECORD    YEAR
 MAXIMUM TEMPERATURE (F)   79        96      1944
 MINIMUM TEMPERATURE (F)   62        48      1929


SUNRISE AND SUNSET
AUGUST  5 2015........SUNRISE   544 AM EDT   SUNSET   802 PM EDT
AUGUST  6 2015........SUNRISE   545 AM EDT   SUNSET   801 PM EDT


-  INDICATES NEGATIVE NUMBERS.
R  INDICATES RECORD WAS SET OR TIED.
MM INDICATES DATA IS MISSING.
T  INDICATES TRACE AMOUNT.




$$
