000
CDUS46 KMFR 230836
CLIOTH


CLIMATE REPORT
NATIONAL WEATHER SERVICE MEDFORD, OR
1236 AM PST THU NOV 23 2017


...................................

...THE NORTH BEND OR CLIMATE SUMMARY FOR NOVEMBER 22 2017...

CLIMATE NORMAL PERIOD 1981 TO 2010
CLIMATE RECORD PERIOD 1902 TO 2017


WEATHER ITEM   OBSERVED TIME   RECORD YEAR NORMAL DEPARTURE LAST
                VALUE   (LST)  VALUE       VALUE  FROM      YEAR
                                                  NORMAL
..................................................................
TEMPERATURE (F)
 YESTERDAY
  MAXIMUM         67        MM  68    1930  54     13       57
  MINIMUM         56        MM  28    1905  42     14       45
  AVERAGE         62                        48     14       51

PRECIPITATION (IN)
  YESTERDAY        0.37          3.51 1961   0.38  -0.01     0.66
  MONTH TO DATE    7.92                      7.16   0.76     6.58
  SINCE OCT 1     13.56                     11.89   1.67    20.56
  SINCE JAN 1     61.91                     50.71  11.20    53.14

SNOWFALL (IN)
  YESTERDAY       MM
  SNOW DEPTH      MM

DEGREE DAYS
 HEATING
  YESTERDAY        3                        17    -14       14
  MONTH TO DATE  271                       341    -70      206
  SINCE SEP 1    722                       928   -206      592
  SINCE JUL 1   1029                      1307   -278      880

 COOLING
  YESTERDAY        0                         0      0        0
  MONTH TO DATE    0                         0      0        0
  SINCE SEP 1      7                         1      6        0
  SINCE JAN 1     10                         2      8       15
..................................................................


WIND (MPH)
  HIGHEST WIND SPEED    16   HIGHEST WIND DIRECTION     S (170)
  HIGHEST GUST SPEED    24   HIGHEST GUST DIRECTION     S (190)
  AVERAGE WIND SPEED     8.2


SKY COVER
  POSSIBLE SUNSHINE  MM
  AVERAGE SKY COVER 1.0


WEATHER CONDITIONS
 THE FOLLOWING WEATHER WAS RECORDED YESTERDAY.
  RAIN
  LIGHT RAIN
  FOG


RELATIVE HUMIDITY (PERCENT)
 HIGHEST   100           300 AM
 LOWEST     73           100 PM

..........................................................


THE NORTH BEND OR CLIMATE NORMALS FOR TODAY
                         NORMAL    RECORD    YEAR
 MAXIMUM TEMPERATURE (F)   53        76      1933
 MINIMUM TEMPERATURE (F)   42        26      1929


SUNRISE AND SUNSET
NOVEMBER 23 2017......SUNRISE   721 AM PST   SUNSET   446 PM PST
NOVEMBER 24 2017......SUNRISE   722 AM PST   SUNSET   445 PM PST


-  INDICATES NEGATIVE NUMBERS.
R  INDICATES RECORD WAS SET OR TIED.
MM INDICATES DATA IS MISSING.
T  INDICATES TRACE AMOUNT.




$$
