000
CDUS46 KMFR 220845
CLIOTH


CLIMATE REPORT
NATIONAL WEATHER SERVICE MEDFORD, OR
145 AM PDT SAT JUL 22 2017


...................................

...THE NORTH BEND OR CLIMATE SUMMARY FOR JULY 21 2017...

CLIMATE NORMAL PERIOD 1981 TO 2010
CLIMATE RECORD PERIOD 1902 TO 2017


WEATHER ITEM   OBSERVED TIME   RECORD YEAR NORMAL DEPARTURE LAST
                VALUE   (LST)  VALUE       VALUE  FROM      YEAR
                                                  NORMAL
..................................................................
TEMPERATURE (F)
 YESTERDAY
  MAXIMUM         67        MM  88    1978  65      2       70
  MINIMUM         50        MM  42    1929  53     -3       61
  AVERAGE         59                        59      0       66

PRECIPITATION (IN)
  YESTERDAY        0.00          9.96 2003   0.01  -0.01     0.00
  MONTH TO DATE    0.04                      0.39  -0.35     0.90
  SINCE OCT 1     81.19                     62.60  18.59    57.85
  SINCE JAN 1     47.04                     36.51  10.53    32.22

SNOWFALL (IN)
  YESTERDAY       MM
  SNOW DEPTH      MM

DEGREE DAYS
 HEATING
  YESTERDAY        6                         6      0        0
  MONTH TO DATE  120                       137    -17       80
  SINCE JUN 1    316                       404    -88      270
  SINCE JUL 1    120                       137    -17       80

 COOLING
  YESTERDAY        0                         0      0        1
  MONTH TO DATE    0                         0      0        1
  SINCE JUN 1      0                         0      0        1
  SINCE JAN 1      0                         0      0        9
..................................................................


WIND (MPH)
  HIGHEST WIND SPEED    16   HIGHEST WIND DIRECTION    NW (330)
  HIGHEST GUST SPEED    MM   HIGHEST GUST DIRECTION    MM
  AVERAGE WIND SPEED     7.3


SKY COVER
  POSSIBLE SUNSHINE  MM
  AVERAGE SKY COVER 0.1


WEATHER CONDITIONS
 THE FOLLOWING WEATHER WAS RECORDED YESTERDAY.
  FOG


RELATIVE HUMIDITY (PERCENT)
 HIGHEST   100           100 AM
 LOWEST     63          1100 AM

..........................................................


THE NORTH BEND OR CLIMATE NORMALS FOR TODAY
                         NORMAL    RECORD    YEAR
 MAXIMUM TEMPERATURE (F)   65        77      1904
 MINIMUM TEMPERATURE (F)   53        39      1917


SUNRISE AND SUNSET
JULY 22 2017..........SUNRISE   557 AM PDT   SUNSET   849 PM PDT
JULY 23 2017..........SUNRISE   558 AM PDT   SUNSET   849 PM PDT


-  INDICATES NEGATIVE NUMBERS.
R  INDICATES RECORD WAS SET OR TIED.
MM INDICATES DATA IS MISSING.
T  INDICATES TRACE AMOUNT.




$$
