000
CDUS46 KMFR 300049
CLIOTH


CLIMATE REPORT
NATIONAL WEATHER SERVICE MEDFORD, OR
549 PM PDT FRI AUG 29 2014


...................................

...THE NORTH BEND OR CLIMATE SUMMARY FOR AUGUST 29 2014...
VALID TODAY AS OF 0500 PM LOCAL TIME.

CLIMATE NORMAL PERIOD 1981 TO 2010
CLIMATE RECORD PERIOD 1902 TO 2014


WEATHER ITEM   OBSERVED TIME   RECORD YEAR NORMAL DEPARTURE LAST
                VALUE   (LST)  VALUE       VALUE  FROM      YEAR
                                                  NORMAL
..................................................................
TEMPERATURE (F)
 TODAY
  MAXIMUM         72        MM  83    1944  66      6       77
  MINIMUM         57        MM  40    1902  52      5       61
  AVERAGE         65                        59      6       69

PRECIPITATION (IN)
  TODAY            0.00          1.51 1983   0.03  -0.03     0.18
  MONTH TO DATE    0.01                      0.56  -0.55     0.44
  SINCE SEP 1     34.01                     64.85 -30.84    44.03
  SINCE JAN 1     22.44                     37.18 -14.74    17.93

SNOWFALL (IN)
  TODAY           MM                         0.0   MM       MM
  MONTH TO DATE   MM                         0.0   MM       MM
  SINCE JUL 1     MM                         0.0   MM       MM
  SNOW DEPTH      MM

DEGREE DAYS
 HEATING
  TODAY            0                         6     -6        0
  MONTH TO DATE  116                       174    -58       68
  SINCE JUN 1    459                       638   -179      333
  SINCE JUL 1    262                       371   -109      163

 COOLING
  TODAY            0                         0      0        4
  MONTH TO DATE    0                         0      0        8
  SINCE JUN 1      0                         0      0        8
  SINCE JAN 1     12                         0     12       12
..................................................................


WIND (MPH)
  HIGHEST WIND SPEED    12   HIGHEST WIND DIRECTION     N (340)
  HIGHEST GUST SPEED    MM   HIGHEST GUST DIRECTION    MM
  AVERAGE WIND SPEED     5.3


SKY COVER
  POSSIBLE SUNSHINE   0 PERCENT
  AVERAGE SKY COVER 0.0


WEATHER CONDITIONS
 THE FOLLOWING WEATHER WAS RECORDED TODAY.
  NO SIGNIFICANT WEATHER WAS OBSERVED.


RELATIVE HUMIDITY (PERCENT)
 HIGHEST     0          1200 AM
 LOWEST      0          1200 AM

..........................................................


THE NORTH BEND OR CLIMATE NORMALS FOR TOMORROW
                         NORMAL    RECORD    YEAR
 MAXIMUM TEMPERATURE (F)   66        91      1968
 MINIMUM TEMPERATURE (F)   52        32      1906


SUNRISE AND SUNSET
AUGUST 29 2014........SUNRISE   638 AM PDT   SUNSET   757 PM PDT
AUGUST 30 2014........SUNRISE   639 AM PDT   SUNSET   755 PM PDT


-  INDICATES NEGATIVE NUMBERS.
R  INDICATES RECORD WAS SET OR TIED.
MM INDICATES DATA IS MISSING.
T  INDICATES TRACE AMOUNT.




$$
