000
CDUS46 KOTX 240824
CLIOTX


CLIMATE REPORT
NATIONAL WEATHER SERVICE SPOKANE, WA
1224 AM PST FRI NOV 24 2017


...................................

...THE SPOKANE  WA WFO CLIMATE SUMMARY FOR NOVEMBER 23 2017...

CLIMATE NORMAL PERIOD 1981 TO 2010
CLIMATE RECORD PERIOD 1881 TO 2017


WEATHER ITEM   OBSERVED TIME   RECORD YEAR NORMAL DEPARTURE LAST
                VALUE   (LST)  VALUE       VALUE  FROM      YEAR
                                                  NORMAL
..................................................................
TEMPERATURE (F)
 YESTERDAY
  MAXIMUM         57        MM  MM      MM  37     20       42
  MINIMUM         37        MM  MM      MM  25     12       33
  AVERAGE         47                        31     16       38

PRECIPITATION (IN)
  YESTERDAY        0.06         MM      MM   0.07  -0.01     0.26
  MONTH TO DATE    2.45                      1.63   0.82     1.48
  SINCE OCT 1      3.94                      2.92   1.02     8.40
  SINCE JAN 1     18.31                     13.97   4.34    18.81

SNOWFALL (IN)
  YESTERDAY        0.0          MM      MM   0.3   -0.3      0.0
  MONTH TO DATE    5.3                       4.7    0.6      0.6
  SINCE SEP 1      5.3                       4.8    0.5      0.6
  SINCE JUL 1      5.3                       4.8    0.5      0.6
  SNOW DEPTH       0

DEGREE DAYS
 HEATING
  YESTERDAY       18                        34    -16       27
  MONTH TO DATE  662                       680    -18      476
  SINCE SEP 1   1540                      1525     15     1275
  SINCE JUL 1   1563                      1636    -73     1360

 COOLING
  YESTERDAY        0                         0      0        0
  MONTH TO DATE    0                         0      0        0
  SINCE SEP 1     43                        16     27        0
  SINCE JAN 1    413                       249    164      229
..................................................................


WIND (MPH)
  HIGHEST WIND SPEED    31   HIGHEST WIND DIRECTION    MM
  HIGHEST GUST SPEED    46   HIGHEST GUST DIRECTION    MM
  AVERAGE WIND SPEED    17.0


SKY COVER
  POSSIBLE SUNSHINE  MM
  AVERAGE SKY COVER  MM


WEATHER CONDITIONS
 THE FOLLOWING WEATHER WAS RECORDED YESTERDAY.
  NO SIGNIFICANT WEATHER WAS OBSERVED.


RELATIVE HUMIDITY (PERCENT)
 HIGHEST    96
 LOWEST     68
 AVERAGE    82

..........................................................


THE SPOKANE  WA WFO CLIMATE NORMALS FOR TODAY
                         NORMAL    RECORD    YEAR
 MAXIMUM TEMPERATURE (F)   37        MM        MM
 MINIMUM TEMPERATURE (F)   25        MM        MM


SUNRISE AND SUNSET
NOVEMBER 24 2017......SUNRISE   709 AM PST   SUNSET   405 PM PST
NOVEMBER 25 2017......SUNRISE   711 AM PST   SUNSET   404 PM PST


-  INDICATES NEGATIVE NUMBERS.
R  INDICATES RECORD WAS SET OR TIED.
MM INDICATES DATA IS MISSING.
T  INDICATES TRACE AMOUNT.




$$
