000
CDUS46 KOTX 190823
CLIOTX


CLIMATE REPORT
NATIONAL WEATHER SERVICE SPOKANE, WA
1223 AM PST SUN FEB 19 2017


...................................

...THE SPOKANE  WA WFO CLIMATE SUMMARY FOR FEBRUARY 18 2017...

CLIMATE NORMAL PERIOD 1981 TO 2010
CLIMATE RECORD PERIOD 1881 TO 2017


WEATHER ITEM   OBSERVED TIME   RECORD YEAR NORMAL DEPARTURE LAST
                VALUE   (LST)  VALUE       VALUE  FROM      YEAR
                                                  NORMAL
..................................................................
TEMPERATURE (F)
 YESTERDAY
  MAXIMUM         37        MM  MM      MM  40     -3       48
  MINIMUM         32        MM  MM      MM  24      8       34
  AVERAGE         35                        32      3       41

PRECIPITATION (IN)
  YESTERDAY        0.17         MM      MM   0.05   0.12     0.18
  MONTH TO DATE    2.91                      0.95   1.96     0.64
  SINCE OCT 1     14.94                      8.85   6.09    10.01
  SINCE JAN 1      4.57                      2.82   1.75     3.26

SNOWFALL (IN)
  YESTERDAY        T            MM      MM   0.2   -0.2      0.0
  MONTH TO DATE   10.4                       4.4    6.0      1.1
  SINCE DEC 1     41.9                      36.9    5.0     31.1
  SINCE JUL 1     44.1                      44.8   -0.7     32.6
  SNOW DEPTH       9

DEGREE DAYS
 HEATING
  YESTERDAY       30                        33     -3       24
  MONTH TO DATE  664                       620     44      505
  SINCE DEC 1   3428                      2995    433     2706
  SINCE JUL 1   4984                      4877    107     4366

 COOLING
  YESTERDAY        0                         0      0        0
  MONTH TO DATE    0                         0      0        0
  SINCE DEC 1      0                         0      0        0
  SINCE JAN 1      0                         0      0        0
..................................................................


WIND (MPH)
  HIGHEST WIND SPEED    17   HIGHEST WIND DIRECTION    MM
  HIGHEST GUST SPEED     0   HIGHEST GUST DIRECTION    MM
  AVERAGE WIND SPEED     6.0


SKY COVER
  POSSIBLE SUNSHINE  MM
  AVERAGE SKY COVER  MM


WEATHER CONDITIONS
 THE FOLLOWING WEATHER WAS RECORDED YESTERDAY.
  NO SIGNIFICANT WEATHER WAS OBSERVED.


RELATIVE HUMIDITY (PERCENT)
 HIGHEST   100
 LOWEST     89
 AVERAGE    95

..........................................................


THE SPOKANE  WA WFO CLIMATE NORMALS FOR TODAY
                         NORMAL    RECORD    YEAR
 MAXIMUM TEMPERATURE (F)   40        MM        MM
 MINIMUM TEMPERATURE (F)   24        MM        MM


SUNRISE AND SUNSET
FEBRUARY 19 2017......SUNRISE   649 AM PST   SUNSET   520 PM PST
FEBRUARY 20 2017......SUNRISE   647 AM PST   SUNSET   522 PM PST


-  INDICATES NEGATIVE NUMBERS.
R  INDICATES RECORD WAS SET OR TIED.
MM INDICATES DATA IS MISSING.
T  INDICATES TRACE AMOUNT.




$$
