000
CDUS46 KOTX 300837
CLIOTX


CLIMATE REPORT
NATIONAL WEATHER SERVICE SPOKANE, WA
137 AM PDT SAT APR 30 2016


...................................

...THE SPOKANE  WA WFO CLIMATE SUMMARY FOR APRIL 29 2016...

CLIMATE NORMAL PERIOD 1981 TO 2010
CLIMATE RECORD PERIOD 1881 TO 2016


WEATHER ITEM   OBSERVED TIME   RECORD YEAR NORMAL DEPARTURE LAST
                VALUE   (LST)  VALUE       VALUE  FROM      YEAR
                                                  NORMAL
..................................................................
TEMPERATURE (F)
 YESTERDAY
  MAXIMUM         51        MM  MM      MM  61    -10       62
  MINIMUM         46        MM  MM      MM  37      9       41
  AVERAGE         49                        49      0       52

PRECIPITATION (IN)
  YESTERDAY        0.12         MM      MM   0.03   0.09     0.01
  MONTH TO DATE    0.43                      1.20  -0.77     0.82
  SINCE OCT 1     14.14                     12.27   1.87    11.13
  SINCE JAN 1      7.39                      6.24   1.15     6.42

SNOWFALL (IN)
  YESTERDAY        0.0          MM      MM   0.0    0.0      0.0
  MONTH TO DATE    0.0                       1.9   -1.9      1.3
  SINCE MAR 1      T                         7.2   -7.2      1.7
  SINCE JUL 1     32.6                      53.6  -21.0     16.8
  SNOW DEPTH       0

DEGREE DAYS
 HEATING
  YESTERDAY       16                        16      0       13
  MONTH TO DATE  354                       555   -201      555
  SINCE MAR 1   1086                      1364   -278     1206
  SINCE JUL 1   5742                      6563   -821     5640

 COOLING
  YESTERDAY        0                         0      0        0
  MONTH TO DATE    0                         0      0        0
  SINCE MAR 1      0                         0      0        0
  SINCE JAN 1      0                         0      0        0
..................................................................


WIND (MPH)
  HIGHEST WIND SPEED    MM   HIGHEST WIND DIRECTION    MM
  HIGHEST GUST SPEED    MM   HIGHEST GUST DIRECTION    MM
  AVERAGE WIND SPEED    MM


SKY COVER
  POSSIBLE SUNSHINE  MM
  AVERAGE SKY COVER  MM


WEATHER CONDITIONS
 THE FOLLOWING WEATHER WAS RECORDED YESTERDAY.
  LIGHT RAIN


RELATIVE HUMIDITY (PERCENT)
 HIGHEST    MM
 LOWEST     MM
 AVERAGE    MM

..........................................................


THE SPOKANE  WA WFO CLIMATE NORMALS FOR TODAY
                         NORMAL    RECORD    YEAR
 MAXIMUM TEMPERATURE (F)   61        MM        MM
 MINIMUM TEMPERATURE (F)   37        MM        MM


SUNRISE AND SUNSET
APRIL 30 2016.........SUNRISE   534 AM PDT   SUNSET   802 PM PDT
MAY  1 2016...........SUNRISE   532 AM PDT   SUNSET   804 PM PDT


-  INDICATES NEGATIVE NUMBERS.
R  INDICATES RECORD WAS SET OR TIED.
MM INDICATES DATA IS MISSING.
T  INDICATES TRACE AMOUNT.




$$
