000
CDUS46 KOTX 100836
CLIOTX


CLIMATE REPORT
NATIONAL WEATHER SERVICE SPOKANE, WA
1236 AM PST SAT DEC 10 2016


...................................

...THE SPOKANE  WA WFO CLIMATE SUMMARY FOR DECEMBER 9 2016...

CLIMATE NORMAL PERIOD 1981 TO 2010
CLIMATE RECORD PERIOD 1881 TO 2016


WEATHER ITEM   OBSERVED TIME   RECORD YEAR NORMAL DEPARTURE LAST
                VALUE   (LST)  VALUE       VALUE  FROM      YEAR
                                                  NORMAL
..................................................................
TEMPERATURE (F)
 YESTERDAY
  MAXIMUM         19        MM  MM      MM  32    -13       52
  MINIMUM         16        MM  MM      MM  21     -5       33
  AVERAGE         18                        26     -8       43

PRECIPITATION (IN)
  YESTERDAY        0.11         MM      MM   0.09   0.02     0.12
  MONTH TO DATE    0.24                      0.77  -0.53     2.32
  SINCE OCT 1      9.01                      4.27   4.74     4.68
  SINCE JAN 1     19.24                     15.32   3.92    12.76

SNOWFALL (IN)
  YESTERDAY        1.4          MM      MM   0.5    0.9      0.0
  MONTH TO DATE    1.9                       4.3   -2.4      1.0
  SINCE DEC 1      1.9                       4.3   -2.4      1.0
  SINCE JUL 1      4.1                      12.2   -8.1      2.5
  SNOW DEPTH       2

DEGREE DAYS
 HEATING
  YESTERDAY       47                        39      8       22
  MONTH TO DATE  346                       340      6      259
  SINCE DEC 1    346                       340      6      259
  SINCE JUL 1   1902                      2222   -320     1919

 COOLING
  YESTERDAY        0                         0      0        0
  MONTH TO DATE    0                         0      0        0
  SINCE DEC 1      0                         0      0        0
  SINCE JAN 1    229                       249    -20      518
..................................................................


WIND (MPH)
  HIGHEST WIND SPEED    14   HIGHEST WIND DIRECTION    MM
  HIGHEST GUST SPEED     0   HIGHEST GUST DIRECTION    MM
  AVERAGE WIND SPEED     8.0


SKY COVER
  POSSIBLE SUNSHINE  MM
  AVERAGE SKY COVER  MM


WEATHER CONDITIONS
 THE FOLLOWING WEATHER WAS RECORDED YESTERDAY.
  NO SIGNIFICANT WEATHER WAS OBSERVED.


RELATIVE HUMIDITY (PERCENT)
 HIGHEST    96
 LOWEST     60
 AVERAGE    78

..........................................................


THE SPOKANE  WA WFO CLIMATE NORMALS FOR TODAY
                         NORMAL    RECORD    YEAR
 MAXIMUM TEMPERATURE (F)   32        MM        MM
 MINIMUM TEMPERATURE (F)   21        MM        MM


SUNRISE AND SUNSET
DECEMBER 10 2016......SUNRISE   728 AM PST   SUNSET   359 PM PST
DECEMBER 11 2016......SUNRISE   729 AM PST   SUNSET   359 PM PST


-  INDICATES NEGATIVE NUMBERS.
R  INDICATES RECORD WAS SET OR TIED.
MM INDICATES DATA IS MISSING.
T  INDICATES TRACE AMOUNT.




$$
