000
CDUS46 KOTX 170827
CLIOTX


CLIMATE REPORT
NATIONAL WEATHER SERVICE SPOKANE, WA
1227 AM PST TUE JAN 17 2017


...................................

...THE SPOKANE  WA WFO CLIMATE SUMMARY FOR JANUARY 16 2017...

CLIMATE NORMAL PERIOD 1981 TO 2010
CLIMATE RECORD PERIOD 1881 TO 2017


WEATHER ITEM   OBSERVED TIME   RECORD YEAR NORMAL DEPARTURE LAST
                VALUE   (LST)  VALUE       VALUE  FROM      YEAR
                                                  NORMAL
..................................................................
TEMPERATURE (F)
 YESTERDAY
  MAXIMUM         15        MM  MM      MM  33    -18       33
  MINIMUM         -5        MM  MM      MM  23    -28       29
  AVERAGE          5                        28    -23       31

PRECIPITATION (IN)
  YESTERDAY        T            MM      MM   0.05  -0.05     0.28
  MONTH TO DATE    0.74                      1.08  -0.34     0.89
  SINCE OCT 1     11.11                      7.11   4.00     7.64
  SINCE JAN 1      0.74                      1.08  -0.34     0.89

SNOWFALL (IN)
  YESTERDAY        T            MM      MM   0.5   -0.5      2.7
  MONTH TO DATE   10.3                       9.2    1.1      4.7
  SINCE DEC 1     29.2                      26.2    3.0     28.9
  SINCE JUL 1     31.4                      34.1   -2.7     30.4
  SNOW DEPTH      11

DEGREE DAYS
 HEATING
  YESTERDAY       60                        37     23       34
  MONTH TO DATE  867                       615    252      637
  SINCE DEC 1   2211                      1831    380     1728
  SINCE JUL 1   3767                      3713     54     3388

 COOLING
  YESTERDAY        0                         0      0        0
  MONTH TO DATE    0                         0      0        0
  SINCE DEC 1      0                         0      0        0
  SINCE JAN 1      0                         0      0        0
..................................................................


WIND (MPH)
  HIGHEST WIND SPEED     7   HIGHEST WIND DIRECTION    MM
  HIGHEST GUST SPEED     0   HIGHEST GUST DIRECTION    MM
  AVERAGE WIND SPEED     2.0


SKY COVER
  POSSIBLE SUNSHINE  MM
  AVERAGE SKY COVER  MM


WEATHER CONDITIONS
 THE FOLLOWING WEATHER WAS RECORDED YESTERDAY.
  NO SIGNIFICANT WEATHER WAS OBSERVED.


RELATIVE HUMIDITY (PERCENT)
 HIGHEST    96
 LOWEST     83
 AVERAGE    90

..........................................................


THE SPOKANE  WA WFO CLIMATE NORMALS FOR TODAY
                         NORMAL    RECORD    YEAR
 MAXIMUM TEMPERATURE (F)   33        MM        MM
 MINIMUM TEMPERATURE (F)   23        MM        MM


SUNRISE AND SUNSET
JANUARY 17 2017.......SUNRISE   733 AM PST   SUNSET   429 PM PST
JANUARY 18 2017.......SUNRISE   732 AM PST   SUNSET   431 PM PST


-  INDICATES NEGATIVE NUMBERS.
R  INDICATES RECORD WAS SET OR TIED.
MM INDICATES DATA IS MISSING.
T  INDICATES TRACE AMOUNT.




$$
