000
CDUS46 KOTX 250833
CLIOTX


CLIMATE REPORT
NATIONAL WEATHER SERVICE SPOKANE, WA
1231 AM PST SUN JAN 25 2015


...................................

...THE SPOKANE  WA WFO CLIMATE SUMMARY FOR JANUARY 24 2015...

CLIMATE NORMAL PERIOD 1981 TO 2010
CLIMATE RECORD PERIOD 1881 TO 2015


WEATHER ITEM   OBSERVED TIME   RECORD YEAR NORMAL DEPARTURE LAST
                VALUE   (LST)  VALUE       VALUE  FROM      YEAR
                                                  NORMAL
..................................................................
TEMPERATURE (F)
 YESTERDAY
  MAXIMUM         38        MM  MM      MM  34      4       29
  MINIMUM         31        MM  MM      MM  23      8       26
  AVERAGE         35                        29      6       28

PRECIPITATION (IN)
  YESTERDAY        0.01         MM      MM   0.05  -0.04      T
  MONTH TO DATE    1.87                      1.53   0.34     0.56
  SINCE OCT 1      6.58                      7.56  -0.98     3.07
  SINCE JAN 1      1.87                      1.53   0.34     0.56

SNOWFALL (IN)
  YESTERDAY        0.0          MM      MM   0.4   -0.4      0.0
  MONTH TO DATE    9.9                      12.9   -3.0      2.1
  SINCE DEC 1     12.7                      29.9  -17.2      5.6
  SINCE JUL 1     13.2                      37.8  -24.6      8.6
  SNOW DEPTH       0

DEGREE DAYS
 HEATING
  YESTERDAY       30                        36     -6       37
  MONTH TO DATE  847                       908    -61      830
  SINCE DEC 1   1874                      2124   -250     2098
  SINCE JUL 1   3453                      4006   -553     3954

 COOLING
  YESTERDAY        0                         0      0        0
  MONTH TO DATE    0                         0      0        0
  SINCE DEC 1      0                         0      0        0
  SINCE JAN 1      0                         0      0        0
..................................................................


WIND (MPH)
  HIGHEST WIND SPEED    MM   HIGHEST WIND DIRECTION    MM
  HIGHEST GUST SPEED     0   HIGHEST GUST DIRECTION     N (0)
  AVERAGE WIND SPEED    MM


SKY COVER
  POSSIBLE SUNSHINE  MM
  AVERAGE SKY COVER  MM


WEATHER CONDITIONS
 THE FOLLOWING WEATHER WAS RECORDED YESTERDAY.
  LIGHT RAIN


RELATIVE HUMIDITY (PERCENT)
 HIGHEST     0          1200 AM
 LOWEST      0          1200 AM
 AVERAGE     0

..........................................................


THE SPOKANE  WA WFO CLIMATE NORMALS FOR TODAY
                         NORMAL    RECORD    YEAR
 MAXIMUM TEMPERATURE (F)   34        MM        MM
 MINIMUM TEMPERATURE (F)   23        MM        MM


SUNRISE AND SUNSET
JANUARY 25 2015.......SUNRISE   726 AM PST   SUNSET   440 PM PST
JANUARY 26 2015.......SUNRISE   725 AM PST   SUNSET   442 PM PST


-  INDICATES NEGATIVE NUMBERS.
R  INDICATES RECORD WAS SET OR TIED.
MM INDICATES DATA IS MISSING.
T  INDICATES TRACE AMOUNT.




$$
