000
CDUS46 KOTX 010837
CLIOTX


CLIMATE REPORT
NATIONAL WEATHER SERVICE SPOKANE, WA
137 AM PDT WED JUL 1 2015


...................................

...THE SPOKANE  WA WFO CLIMATE SUMMARY FOR JUNE 30 2015...

CLIMATE NORMAL PERIOD 1981 TO 2010
CLIMATE RECORD PERIOD 1881 TO 2015


WEATHER ITEM   OBSERVED TIME   RECORD YEAR NORMAL DEPARTURE LAST
                VALUE   (LST)  VALUE       VALUE  FROM      YEAR
                                                  NORMAL
..................................................................
TEMPERATURE (F)
 YESTERDAY
  MAXIMUM         93        MM  MM      MM  77     16       76
  MINIMUM         61        MM  MM      MM  48     13       42
  AVERAGE         77                        63     14       59

PRECIPITATION (IN)
  YESTERDAY        0.00         MM      MM   0.02  -0.02     0.00
  MONTH TO DATE    0.06                      1.35  -1.29     2.67
  SINCE OCT 1     11.93                     15.41  -3.48    12.26
  SINCE JAN 1      7.22                      9.38  -2.16     9.75

SNOWFALL (IN)
  YESTERDAY        0.0          MM      MM   0.0    0.0      0.0
  MONTH TO DATE    0.0                       0.0    0.0      0.0
  SINCE JUN 1      0.0                       0.0    0.0      0.0
  SINCE JUL 1     16.8                      54.1  -37.3     31.0
  SNOW DEPTH       0

DEGREE DAYS
 HEATING
  YESTERDAY        0                         4     -4        6
  MONTH TO DATE   58                       186   -128      191
  SINCE JUN 1     58                       187   -129      191
  SINCE JUL 1   5931                      7138  -1207     7238

 COOLING
  YESTERDAY       12                         2     10        0
  MONTH TO DATE  135                        19    116        0
  SINCE JUN 1    135                        19    116        0
  SINCE JAN 1    152                        24    128        0
..................................................................


WIND (MPH)
  HIGHEST WIND SPEED    MM   HIGHEST WIND DIRECTION    MM
  HIGHEST GUST SPEED    MM   HIGHEST GUST DIRECTION    MM
  AVERAGE WIND SPEED    MM


SKY COVER
  POSSIBLE SUNSHINE  MM
  AVERAGE SKY COVER  MM


WEATHER CONDITIONS
 THE FOLLOWING WEATHER WAS RECORDED YESTERDAY.
  NO SIGNIFICANT WEATHER WAS OBSERVED.


RELATIVE HUMIDITY (PERCENT)
 HIGHEST    MM
 LOWEST     MM
 AVERAGE    MM

..........................................................


THE SPOKANE  WA WFO CLIMATE NORMALS FOR TODAY
                         NORMAL    RECORD    YEAR
 MAXIMUM TEMPERATURE (F)   78        MM        MM
 MINIMUM TEMPERATURE (F)   49        MM        MM


SUNRISE AND SUNSET
JULY  1 2015..........SUNRISE   456 AM PDT   SUNSET   852 PM PDT
JULY  2 2015..........SUNRISE   457 AM PDT   SUNSET   852 PM PDT


-  INDICATES NEGATIVE NUMBERS.
R  INDICATES RECORD WAS SET OR TIED.
MM INDICATES DATA IS MISSING.
T  INDICATES TRACE AMOUNT.




$$
