000
CDUS46 KOTX 290822
CLIOTX


CLIMATE REPORT
NATIONAL WEATHER SERVICE SPOKANE, WA
121 AM PDT WED MAR 29 2017


...................................

...THE SPOKANE  WA WFO CLIMATE SUMMARY FOR MARCH 28 2017...

CLIMATE NORMAL PERIOD 1981 TO 2010
CLIMATE RECORD PERIOD 1881 TO 2017


WEATHER ITEM   OBSERVED TIME   RECORD YEAR NORMAL DEPARTURE LAST
                VALUE   (LST)  VALUE       VALUE  FROM      YEAR
                                                  NORMAL
..................................................................
TEMPERATURE (F)
 YESTERDAY
  MAXIMUM         46        MM  MM      MM  52     -6       46
  MINIMUM         35        MM  MM      MM  32      3       30
  AVERAGE         41                        42     -1       38

PRECIPITATION (IN)
  YESTERDAY        0.03         MM      MM   0.06  -0.03     0.06
  MONTH TO DATE    3.37                      1.54   1.83     3.62
  SINCE OCT 1     19.17                     10.90   8.27    13.71
  SINCE JAN 1      8.80                      4.87   3.93     6.96

SNOWFALL (IN)
  YESTERDAY        0.0          MM      MM   0.2   -0.2       T
  MONTH TO DATE    5.0                       4.8    0.2       T
  SINCE MAR 1      5.0                       4.8    0.2       T
  SINCE JUL 1     53.8                      51.2    2.6     32.6
  SNOW DEPTH       0

DEGREE DAYS
 HEATING
  YESTERDAY       24                        23      1       27
  MONTH TO DATE  697                       742    -45      675
  SINCE MAR 1    697                       742    -45      675
  SINCE JUL 1   6066                      5941    125     5331

 COOLING
  YESTERDAY        0                         0      0        0
  MONTH TO DATE    0                         0      0        0
  SINCE MAR 1      0                         0      0        0
  SINCE JAN 1      0                         0      0        0
..................................................................


WIND (MPH)
  HIGHEST WIND SPEED    MM   HIGHEST WIND DIRECTION    MM
  HIGHEST GUST SPEED    MM   HIGHEST GUST DIRECTION    MM
  AVERAGE WIND SPEED    MM


SKY COVER
  POSSIBLE SUNSHINE  MM
  AVERAGE SKY COVER  MM


WEATHER CONDITIONS
 THE FOLLOWING WEATHER WAS RECORDED YESTERDAY.
  NO SIGNIFICANT WEATHER WAS OBSERVED.


RELATIVE HUMIDITY (PERCENT)
 HIGHEST    MM
 LOWEST     MM
 AVERAGE    MM

..........................................................


THE SPOKANE  WA WFO CLIMATE NORMALS FOR TODAY
                         NORMAL    RECORD    YEAR
 MAXIMUM TEMPERATURE (F)   53        MM        MM
 MINIMUM TEMPERATURE (F)   33        MM        MM


SUNRISE AND SUNSET
MARCH 29 2017.........SUNRISE   634 AM PDT   SUNSET   717 PM PDT
MARCH 30 2017.........SUNRISE   632 AM PDT   SUNSET   718 PM PDT


-  INDICATES NEGATIVE NUMBERS.
R  INDICATES RECORD WAS SET OR TIED.
MM INDICATES DATA IS MISSING.
T  INDICATES TRACE AMOUNT.




$$
